{"id":15492,"date":"2021-08-15T23:53:26","date_gmt":"2021-08-15T20:53:26","guid":{"rendered":"https:\/\/dizilerfragmanlar.com\/wp-content\/uploads\/2021\/08\/baskan-erdogan-talimati-verdi-maaslara-400tl-zam-geliyor-15490.jpg"},"modified":"2021-08-15T23:53:26","modified_gmt":"2021-08-15T20:53:26","slug":"baskan-erdogan-talimati-verdi-maaslara-400tl-zam-geliyor-2","status":"inherit","type":"attachment","link":"https:\/\/kilosorunum.com\/habercim\/foto-galeri\/baskan-erdogan-talimati-verdi-maaslara-400tl-zam-geliyor\/attachment\/baskan-erdogan-talimati-verdi-maaslara-400tl-zam-geliyor-2\/","title":{"rendered":"Ba\u015fkan Erdo\u011fan Talimat\u0131 Verdi Maa\u015flara 400TL Zam Geliyor!"},"author":0,"comment_status":"open","ping_status":"closed","template":"","meta":[],"description":{"rendered":"<p class=\"attachment\"><a href='https:\/\/kilosorunum.com\/habercim\/wp-content\/uploads\/2021\/08\/baskan-erdogan-talimati-verdi-maaslara-400tl-zam-geliyor-15490.jpg'><img width=\"300\" height=\"63\" src=\"https:\/\/kilosorunum.com\/habercim\/wp-content\/uploads\/2021\/08\/baskan-erdogan-talimati-verdi-maaslara-400tl-zam-geliyor-15490-300x63.jpg\" class=\"attachment-medium size-medium\" alt=\"\" loading=\"lazy\" srcset=\"https:\/\/kilosorunum.com\/habercim\/wp-content\/uploads\/2021\/08\/baskan-erdogan-talimati-verdi-maaslara-400tl-zam-geliyor-15490-300x63.jpg 300w, https:\/\/kilosorunum.com\/habercim\/wp-content\/uploads\/2021\/08\/baskan-erdogan-talimati-verdi-maaslara-400tl-zam-geliyor-15490.jpg 768w\" sizes=\"(max-width: 300px) 100vw, 300px\" \/><\/a><\/p>\n<p>BA\u015eKAN ERDO\u011eAN TAL\u0130MATI VERD\u0130 400 TL MAA\u015eLARA ZAM! (GALER\u0130N\u0130N DEVAMI \u0130\u00c7\u0130N G\u00d6RSELE TIKLAYIN..)<\/p>\n"},"caption":{"rendered":"<p>BA\u015eKAN ERDO\u011eAN TAL\u0130MATI VERD\u0130 400 TL MAA\u015eLARA ZAM! (GALER\u0130N\u0130N DEVAMI \u0130\u00c7\u0130N G\u00d6RSELE TIKLAYIN..)<\/p>\n"},"alt_text":"","media_type":"image","mime_type":"image\/jpeg","media_details":{"width":768,"height":160,"file":"2021\/08\/baskan-erdogan-talimati-verdi-maaslara-400tl-zam-geliyor-15490.jpg","sizes":{"medium":{"file":"baskan-erdogan-talimati-verdi-maaslara-400tl-zam-geliyor-15490-300x63.jpg","width":300,"height":63,"mime_type":"image\/jpeg","source_url":"https:\/\/kilosorunum.com\/habercim\/wp-content\/uploads\/2021\/08\/baskan-erdogan-talimati-verdi-maaslara-400tl-zam-geliyor-15490-300x63.jpg"},"thumbnail":{"file":"baskan-erdogan-talimati-verdi-maaslara-400tl-zam-geliyor-15490-150x150.jpg","width":150,"height":150,"mime_type":"image\/jpeg","source_url":"https:\/\/kilosorunum.com\/habercim\/wp-content\/uploads\/2021\/08\/baskan-erdogan-talimati-verdi-maaslara-400tl-zam-geliyor-15490-150x150.jpg"},"kucukResim":{"file":"baskan-erdogan-talimati-verdi-maaslara-400tl-zam-geliyor-15490-80x50.jpg","width":80,"height":50,"mime_type":"image\/jpeg","source_url":"https:\/\/kilosorunum.com\/habercim\/wp-content\/uploads\/2021\/08\/baskan-erdogan-talimati-verdi-maaslara-400tl-zam-geliyor-15490-80x50.jpg"},"sliderResim":{"file":"baskan-erdogan-talimati-verdi-maaslara-400tl-zam-geliyor-15490-670x160.jpg","width":670,"height":160,"mime_type":"image\/jpeg","source_url":"https:\/\/kilosorunum.com\/habercim\/wp-content\/uploads\/2021\/08\/baskan-erdogan-talimati-verdi-maaslara-400tl-zam-geliyor-15490-670x160.jpg"},"resim1":{"file":"baskan-erdogan-talimati-verdi-maaslara-400tl-zam-geliyor-15490-184x140.jpg","width":184,"height":140,"mime_type":"image\/jpeg","source_url":"https:\/\/kilosorunum.com\/habercim\/wp-content\/uploads\/2021\/08\/baskan-erdogan-talimati-verdi-maaslara-400tl-zam-geliyor-15490-184x140.jpg"},"resim2":{"file":"baskan-erdogan-talimati-verdi-maaslara-400tl-zam-geliyor-15490-216x103.jpg","width":216,"height":103,"mime_type":"image\/jpeg","source_url":"https:\/\/kilosorunum.com\/habercim\/wp-content\/uploads\/2021\/08\/baskan-erdogan-talimati-verdi-maaslara-400tl-zam-geliyor-15490-216x103.jpg"},"resim3":{"file":"baskan-erdogan-talimati-verdi-maaslara-400tl-zam-geliyor-15490-145x70.jpg","width":145,"height":70,"mime_type":"image\/jpeg","source_url":"https:\/\/kilosorunum.com\/habercim\/wp-content\/uploads\/2021\/08\/baskan-erdogan-talimati-verdi-maaslara-400tl-zam-geliyor-15490-145x70.jpg"},"sagSlider":{"file":"baskan-erdogan-talimati-verdi-maaslara-400tl-zam-geliyor-15490-300x150.jpg","width":300,"height":150,"mime_type":"image\/jpeg","source_url":"https:\/\/kilosorunum.com\/habercim\/wp-content\/uploads\/2021\/08\/baskan-erdogan-talimati-verdi-maaslara-400tl-zam-geliyor-15490-300x150.jpg"},"yeniSlider":{"file":"baskan-erdogan-talimati-verdi-maaslara-400tl-zam-geliyor-15490-500x160.jpg","width":500,"height":160,"mime_type":"image\/jpeg","source_url":"https:\/\/kilosorunum.com\/habercim\/wp-content\/uploads\/2021\/08\/baskan-erdogan-talimati-verdi-maaslara-400tl-zam-geliyor-15490-500x160.jpg"},"full":{"file":"baskan-erdogan-talimati-verdi-maaslara-400tl-zam-geliyor-15490.jpg","width":768,"height":160,"mime_type":"image\/jpeg","source_url":"https:\/\/kilosorunum.com\/habercim\/wp-content\/uploads\/2021\/08\/baskan-erdogan-talimati-verdi-maaslara-400tl-zam-geliyor-15490.jpg"}},"image_meta":{"aperture":"0","credit":"","camera":"","caption":"","created_timestamp":"0","copyright":"","focal_length":"0","iso":"0","shutter_speed":"0","title":"","orientation":"0","keywords":[]}},"post":15490,"source_url":"https:\/\/kilosorunum.com\/habercim\/wp-content\/uploads\/2021\/08\/baskan-erdogan-talimati-verdi-maaslara-400tl-zam-geliyor-15490.jpg","_links":{"self":[{"href":"https:\/\/kilosorunum.com\/habercim\/wp-json\/wp\/v2\/media\/15492"}],"collection":[{"href":"https:\/\/kilosorunum.com\/habercim\/wp-json\/wp\/v2\/media"}],"about":[{"href":"https:\/\/kilosorunum.com\/habercim\/wp-json\/wp\/v2\/types\/attachment"}],"replies":[{"embeddable":true,"href":"https:\/\/kilosorunum.com\/habercim\/wp-json\/wp\/v2\/comments?post=15492"}]}}

Başkan Erdoğan Talimatı Verdi Maaşlara 400TL Zam Geliyor!

<p class="attachment"><a href='https://kilosorunum.com/habercim/wp-content/uploads/2021/08/baskan-erdogan-talimati-verdi-maaslara-400tl-zam-geliyor-15490.jpg'><img width="300" height="63" src="https://kilosorunum.com/habercim/wp-content/uploads/2021/08/baskan-erdogan-talimati-verdi-maaslara-400tl-zam-geliyor-15490-300x63.jpg" class="attachment-medium size-medium" alt="" loading="lazy" srcset="https://kilosorunum.com/habercim/wp-content/uploads/2021/08/baskan-erdogan-talimati-verdi-maaslara-400tl-zam-geliyor-15490-300x63.jpg 300w, https://kilosorunum.com/habercim/wp-content/uploads/2021/08/baskan-erdogan-talimati-verdi-maaslara-400tl-zam-geliyor-15490.jpg 768w" sizes="(max-width: 300px) 100vw, 300px" /></a></p>
<p>BAŞKAN ERDOĞAN TALİMATI VERDİ 400 TL MAAŞLARA ZAM! (GALERİNİN DEVAMI İÇİN GÖRSELE TIKLAYIN..)</p>

<p>BAŞKAN ERDOĞAN TALİMATI VERDİ 400 TL MAAŞLARA ZAM! (GALERİNİN DEVAMI İÇİN GÖRSELE TIKLAYIN..)</p>
