{"id":15525,"date":"2021-08-17T00:06:53","date_gmt":"2021-08-16T21:06:53","guid":{"rendered":"https:\/\/dizilerfragmanlar.com\/wp-content\/uploads\/2021\/08\/allah-rahmet-eylesin-unlu-turkucuden-aci-haber-15522-1.jpg"},"modified":"2021-08-17T00:06:53","modified_gmt":"2021-08-16T21:06:53","slug":"allah-rahmet-eylesin-unlu-turkucuden-aci-haber-3","status":"inherit","type":"attachment","link":"https:\/\/kilosorunum.com\/habercim\/foto-galeri\/allah-rahmet-eylesin-unlu-turkucuden-aci-haber\/attachment\/allah-rahmet-eylesin-unlu-turkucuden-aci-haber-3\/","title":{"rendered":"ALLAH RAHMET EYLESIN:( \u00dcnl\u00fc T\u00fcrk\u00fcc\u00fcden A&#8217;c\u0131 Haber"},"author":0,"comment_status":"open","ping_status":"closed","template":"","meta":[],"description":{"rendered":"<p class=\"attachment\"><a href='https:\/\/kilosorunum.com\/habercim\/wp-content\/uploads\/2021\/08\/allah-rahmet-eylesin-unlu-turkucuden-aci-haber-15522-1.jpg'><img width=\"240\" height=\"300\" src=\"https:\/\/kilosorunum.com\/habercim\/wp-content\/uploads\/2021\/08\/allah-rahmet-eylesin-unlu-turkucuden-aci-haber-15522-1-240x300.jpg\" class=\"attachment-medium size-medium\" alt=\"\" loading=\"lazy\" srcset=\"https:\/\/kilosorunum.com\/habercim\/wp-content\/uploads\/2021\/08\/allah-rahmet-eylesin-unlu-turkucuden-aci-haber-15522-1-240x300.jpg 240w, https:\/\/kilosorunum.com\/habercim\/wp-content\/uploads\/2021\/08\/allah-rahmet-eylesin-unlu-turkucuden-aci-haber-15522-1.jpg 511w\" sizes=\"(max-width: 240px) 100vw, 240px\" \/><\/a><\/p>\n<p>Karadenizin sevilen isimlerinden sanat\u00e7\u0131 Cimilli \u0130bo (\u0130brahim \u00d6zer), \u0130stanbul\u2019da tedavi g\u00f6rd\u00fc\u011f\u00fc hastanede ya\u015fam\u0131n\u0131 yitirdi.<br \/>\n49 ya\u015f\u0131nda hayat\u0131n\u0131 kaybeden sanat\u00e7\u0131 Cimilli \u0130bo\u2019nun cenazesi yar\u0131n Rize \u0130kizdere Cimil\u2019de defnedilecek.<br \/>\nGe\u00e7ti\u011fimiz y\u0131l koronavir\u00fcse yakalanan ve tedavi g\u00f6ren Cimilli \u0130bo, ge\u00e7ti\u011fimiz g\u00fcnlerde b\u00f6brek yetmezli\u011fi ve kandaki a\u015f\u0131r\u0131 enfeksiyondan dolay\u0131 yeniden yo\u011fun bak\u0131mda tedavi g\u00f6rm\u00fc\u015ft\u00fc.<\/p>\n<p>Ge\u00e7ti\u011fimiz y\u0131l koronavir\u00fcs sebebiyle bir s\u00fcre yo\u011fun bak\u0131mda kalan Cimilli \u0130bo sa\u011fl\u0131\u011f\u0131na kavu\u015fmu\u015f ve taburcu olmu\u015ftu. Birka\u00e7 ay sonra b\u00f6brek yetmezli\u011fi nedeniyle yeniden hastaneye kald\u0131r\u0131lan \u00fcnl\u00fc sanat\u00e7\u0131dan k\u00f6t\u00fc haber geldi.<br \/>\nRizeli sanat\u00e7\u0131 Cimilli \u0130bo (\u0130brahim \u00d6zer), \u0130stanbul\u2019da tedavi g\u00f6rd\u00fc\u011f\u00fc hastanede 49 ya\u015f\u0131nda hayat\u0131n\u0131 kaybetti.<\/p>\n"},"caption":{"rendered":"<p>Karadenizin sevilen isimlerinden sanat\u00e7\u0131 Cimilli \u0130bo (\u0130brahim \u00d6zer), \u0130stanbul\u2019da tedavi g\u00f6rd\u00fc\u011f\u00fc hastanede ya\u015fam\u0131n\u0131 yitirdi.<br \/>\n49 ya\u015f\u0131nda hayat\u0131n\u0131 kaybeden sanat\u00e7\u0131 Cimilli \u0130bo\u2019nun cenazesi yar\u0131n Rize \u0130kizdere Cimil\u2019de defnedilecek.<br \/>\nGe\u00e7ti\u011fimiz y\u0131l koronavir\u00fcse yakalanan ve tedavi g\u00f6ren Cimilli \u0130bo, ge\u00e7ti\u011fimiz g\u00fcnlerde b\u00f6brek yetmezli\u011fi ve kandaki a\u015f\u0131r\u0131 enfeksiyondan dolay\u0131 yeniden yo\u011fun bak\u0131mda tedavi g\u00f6rm\u00fc\u015ft\u00fc.<\/p>\n<p>Ge\u00e7ti\u011fimiz y\u0131l koronavir\u00fcs sebebiyle bir s\u00fcre yo\u011fun bak\u0131mda kalan Cimilli \u0130bo sa\u011fl\u0131\u011f\u0131na kavu\u015fmu\u015f ve taburcu olmu\u015ftu. Birka\u00e7 ay sonra b\u00f6brek yetmezli\u011fi nedeniyle yeniden hastaneye kald\u0131r\u0131lan \u00fcnl\u00fc sanat\u00e7\u0131dan k\u00f6t\u00fc haber geldi.<br \/>\nRizeli sanat\u00e7\u0131 Cimilli \u0130bo (\u0130brahim \u00d6zer), \u0130stanbul\u2019da tedavi g\u00f6rd\u00fc\u011f\u00fc hastanede 49 ya\u015f\u0131nda hayat\u0131n\u0131 kaybetti.<\/p>\n"},"alt_text":"","media_type":"image","mime_type":"image\/jpeg","media_details":{"width":511,"height":640,"file":"2021\/08\/allah-rahmet-eylesin-unlu-turkucuden-aci-haber-15522-1.jpg","sizes":{"medium":{"file":"allah-rahmet-eylesin-unlu-turkucuden-aci-haber-15522-1-240x300.jpg","width":240,"height":300,"mime_type":"image\/jpeg","source_url":"https:\/\/kilosorunum.com\/habercim\/wp-content\/uploads\/2021\/08\/allah-rahmet-eylesin-unlu-turkucuden-aci-haber-15522-1-240x300.jpg"},"thumbnail":{"file":"allah-rahmet-eylesin-unlu-turkucuden-aci-haber-15522-1-150x150.jpg","width":150,"height":150,"mime_type":"image\/jpeg","source_url":"https:\/\/kilosorunum.com\/habercim\/wp-content\/uploads\/2021\/08\/allah-rahmet-eylesin-unlu-turkucuden-aci-haber-15522-1-150x150.jpg"},"kucukResim":{"file":"allah-rahmet-eylesin-unlu-turkucuden-aci-haber-15522-1-80x50.jpg","width":80,"height":50,"mime_type":"image\/jpeg","source_url":"https:\/\/kilosorunum.com\/habercim\/wp-content\/uploads\/2021\/08\/allah-rahmet-eylesin-unlu-turkucuden-aci-haber-15522-1-80x50.jpg"},"sliderResim":{"file":"allah-rahmet-eylesin-unlu-turkucuden-aci-haber-15522-1-511x330.jpg","width":511,"height":330,"mime_type":"image\/jpeg","source_url":"https:\/\/kilosorunum.com\/habercim\/wp-content\/uploads\/2021\/08\/allah-rahmet-eylesin-unlu-turkucuden-aci-haber-15522-1-511x330.jpg"},"resim1":{"file":"allah-rahmet-eylesin-unlu-turkucuden-aci-haber-15522-1-184x140.jpg","width":184,"height":140,"mime_type":"image\/jpeg","source_url":"https:\/\/kilosorunum.com\/habercim\/wp-content\/uploads\/2021\/08\/allah-rahmet-eylesin-unlu-turkucuden-aci-haber-15522-1-184x140.jpg"},"resim2":{"file":"allah-rahmet-eylesin-unlu-turkucuden-aci-haber-15522-1-216x103.jpg","width":216,"height":103,"mime_type":"image\/jpeg","source_url":"https:\/\/kilosorunum.com\/habercim\/wp-content\/uploads\/2021\/08\/allah-rahmet-eylesin-unlu-turkucuden-aci-haber-15522-1-216x103.jpg"},"resim3":{"file":"allah-rahmet-eylesin-unlu-turkucuden-aci-haber-15522-1-145x70.jpg","width":145,"height":70,"mime_type":"image\/jpeg","source_url":"https:\/\/kilosorunum.com\/habercim\/wp-content\/uploads\/2021\/08\/allah-rahmet-eylesin-unlu-turkucuden-aci-haber-15522-1-145x70.jpg"},"sagSlider":{"file":"allah-rahmet-eylesin-unlu-turkucuden-aci-haber-15522-1-300x150.jpg","width":300,"height":150,"mime_type":"image\/jpeg","source_url":"https:\/\/kilosorunum.com\/habercim\/wp-content\/uploads\/2021\/08\/allah-rahmet-eylesin-unlu-turkucuden-aci-haber-15522-1-300x150.jpg"},"yeniSlider":{"file":"allah-rahmet-eylesin-unlu-turkucuden-aci-haber-15522-1-500x290.jpg","width":500,"height":290,"mime_type":"image\/jpeg","source_url":"https:\/\/kilosorunum.com\/habercim\/wp-content\/uploads\/2021\/08\/allah-rahmet-eylesin-unlu-turkucuden-aci-haber-15522-1-500x290.jpg"},"full":{"file":"allah-rahmet-eylesin-unlu-turkucuden-aci-haber-15522-1.jpg","width":511,"height":640,"mime_type":"image\/jpeg","source_url":"https:\/\/kilosorunum.com\/habercim\/wp-content\/uploads\/2021\/08\/allah-rahmet-eylesin-unlu-turkucuden-aci-haber-15522-1.jpg"}},"image_meta":{"aperture":"0","credit":"","camera":"","caption":"","created_timestamp":"0","copyright":"","focal_length":"0","iso":"0","shutter_speed":"0","title":"","orientation":"0","keywords":[]}},"post":15522,"source_url":"https:\/\/kilosorunum.com\/habercim\/wp-content\/uploads\/2021\/08\/allah-rahmet-eylesin-unlu-turkucuden-aci-haber-15522-1.jpg","_links":{"self":[{"href":"https:\/\/kilosorunum.com\/habercim\/wp-json\/wp\/v2\/media\/15525"}],"collection":[{"href":"https:\/\/kilosorunum.com\/habercim\/wp-json\/wp\/v2\/media"}],"about":[{"href":"https:\/\/kilosorunum.com\/habercim\/wp-json\/wp\/v2\/types\/attachment"}],"replies":[{"embeddable":true,"href":"https:\/\/kilosorunum.com\/habercim\/wp-json\/wp\/v2\/comments?post=15525"}]}}

ALLAH RAHMET EYLESIN:( Ünlü Türkücüden A&#8217;cı Haber

<p class="attachment"><a href='https://kilosorunum.com/habercim/wp-content/uploads/2021/08/allah-rahmet-eylesin-unlu-turkucuden-aci-haber-15522-1.jpg'><img width="240" height="300" src="https://kilosorunum.com/habercim/wp-content/uploads/2021/08/allah-rahmet-eylesin-unlu-turkucuden-aci-haber-15522-1-240x300.jpg" class="attachment-medium size-medium" alt="" loading="lazy" srcset="https://kilosorunum.com/habercim/wp-content/uploads/2021/08/allah-rahmet-eylesin-unlu-turkucuden-aci-haber-15522-1-240x300.jpg 240w, https://kilosorunum.com/habercim/wp-content/uploads/2021/08/allah-rahmet-eylesin-unlu-turkucuden-aci-haber-15522-1.jpg 511w" sizes="(max-width: 240px) 100vw, 240px" /></a></p>
<p>Karadenizin sevilen isimlerinden sanatçı Cimilli İbo (İbrahim Özer), İstanbul’da tedavi gördüğü hastanede yaşamını yitirdi.<br />
49 yaşında hayatını kaybeden sanatçı Cimilli İbo’nun cenazesi yarın Rize İkizdere Cimil’de defnedilecek.<br />
Geçtiğimiz yıl koronavirüse yakalanan ve tedavi gören Cimilli İbo, geçtiğimiz günlerde böbrek yetmezliği ve kandaki aşırı enfeksiyondan dolayı yeniden yoğun bakımda tedavi görmüştü.</p>
<p>Geçtiğimiz yıl koronavirüs sebebiyle bir süre yoğun bakımda kalan Cimilli İbo sağlığına kavuşmuş ve taburcu olmuştu. Birkaç ay sonra böbrek yetmezliği nedeniyle yeniden hastaneye kaldırılan ünlü sanatçıdan kötü haber geldi.<br />
Rizeli sanatçı Cimilli İbo (İbrahim Özer), İstanbul’da tedavi gördüğü hastanede 49 yaşında hayatını kaybetti.</p>

<p>Karadenizin sevilen isimlerinden sanatçı Cimilli İbo (İbrahim Özer), İstanbul’da tedavi gördüğü hastanede yaşamını yitirdi.<br />
49 yaşında hayatını kaybeden sanatçı Cimilli İbo’nun cenazesi yarın Rize İkizdere Cimil’de defnedilecek.<br />
Geçtiğimiz yıl koronavirüse yakalanan ve tedavi gören Cimilli İbo, geçtiğimiz günlerde böbrek yetmezliği ve kandaki aşırı enfeksiyondan dolayı yeniden yoğun bakımda tedavi görmüştü.</p>
<p>Geçtiğimiz yıl koronavirüs sebebiyle bir süre yoğun bakımda kalan Cimilli İbo sağlığına kavuşmuş ve taburcu olmuştu. Birkaç ay sonra böbrek yetmezliği nedeniyle yeniden hastaneye kaldırılan ünlü sanatçıdan kötü haber geldi.<br />
Rizeli sanatçı Cimilli İbo (İbrahim Özer), İstanbul’da tedavi gördüğü hastanede 49 yaşında hayatını kaybetti.</p>
