{"id":15544,"date":"2021-08-17T17:51:36","date_gmt":"2021-08-17T14:51:36","guid":{"rendered":"https:\/\/dizilerfragmanlar.com\/wp-content\/uploads\/2021\/08\/basimiza-tas-yagacak-boyle-bir-iliski-ne-goruldu-ne-duyuldu-15542.jpg"},"modified":"2021-08-17T17:51:36","modified_gmt":"2021-08-17T14:51:36","slug":"basimiza-tas-yagacak-boyle-bir-iliski-ne-goruldu-ne-duyuldu-2","status":"inherit","type":"attachment","link":"https:\/\/kilosorunum.com\/habercim\/foto-galeri\/basimiza-tas-yagacak-boyle-bir-iliski-ne-goruldu-ne-duyuldu\/attachment\/basimiza-tas-yagacak-boyle-bir-iliski-ne-goruldu-ne-duyuldu-2\/","title":{"rendered":"BA\u015eIMIZA TA\u015e YA\u011eACAK! B\u00d6YLE B\u0130R \u0130L\u0130\u015eK\u0130 NE G\u00d6R\u00dcLD\u00dc NE DUYULDU!"},"author":0,"comment_status":"open","ping_status":"closed","template":"","meta":[],"description":{"rendered":"<p class=\"attachment\"><a href='https:\/\/kilosorunum.com\/habercim\/wp-content\/uploads\/2021\/08\/basimiza-tas-yagacak-boyle-bir-iliski-ne-goruldu-ne-duyuldu-15542.jpg'><img width=\"300\" height=\"63\" src=\"https:\/\/kilosorunum.com\/habercim\/wp-content\/uploads\/2021\/08\/basimiza-tas-yagacak-boyle-bir-iliski-ne-goruldu-ne-duyuldu-15542-300x63.jpg\" class=\"attachment-medium size-medium\" alt=\"\" loading=\"lazy\" srcset=\"https:\/\/kilosorunum.com\/habercim\/wp-content\/uploads\/2021\/08\/basimiza-tas-yagacak-boyle-bir-iliski-ne-goruldu-ne-duyuldu-15542-300x63.jpg 300w, https:\/\/kilosorunum.com\/habercim\/wp-content\/uploads\/2021\/08\/basimiza-tas-yagacak-boyle-bir-iliski-ne-goruldu-ne-duyuldu-15542.jpg 768w\" sizes=\"(max-width: 300px) 100vw, 300px\" \/><\/a><\/p>\n<p>Kocaeli Gebze&#8217;de ailesiyle birlikte ya\u015fayan 37 ya\u015f\u0131ndaki Cesur B\u00f6l\u00fckba\u015f\u0131, 8 Haziran&#8217;da ortadan kayboldu. E-\u015fiyle \u015fi-dde-tli ge\u00e7imsizlik ya\u015fad\u0131\u011f\u0131 \u00f6\u011frenilen kay\u0131p adam\u0131n ailesi, g\u00fcnlerdir haber alamad\u0131\u011f\u0131 B\u00f6l\u00fckba\u015f\u0131&#8217;n\u0131 bulmak i\u00e7in ara\u015ft\u0131rmac\u0131 gazeteci M\u00fcge Anl\u0131&#8217;ya ba\u015fvurdu. Cesur B\u00f6l\u00fckba\u015f\u0131&#8217;n\u0131n vaat edip sat\u0131n alamad\u0131\u011f\u0131&#8230;(HABER\u0130N DEVAMINI OKUMAK \u0130\u00c7\u0130N L\u00dcTFEN FOTO\u011eRAFIN \u00dcZER\u0130NE T&#8217;IKLAYINIZ.<\/p>\n"},"caption":{"rendered":"<p>Kocaeli Gebze&#8217;de ailesiyle birlikte ya\u015fayan 37 ya\u015f\u0131ndaki Cesur B\u00f6l\u00fckba\u015f\u0131, 8 Haziran&#8217;da ortadan kayboldu. E-\u015fiyle \u015fi-dde-tli ge\u00e7imsizlik ya\u015fad\u0131\u011f\u0131 \u00f6\u011frenilen kay\u0131p adam\u0131n ailesi, g\u00fcnlerdir haber alamad\u0131\u011f\u0131 B\u00f6l\u00fckba\u015f\u0131&#8217;n\u0131 bulmak i\u00e7in ara\u015ft\u0131rmac\u0131 gazeteci M\u00fcge Anl\u0131&#8217;ya ba\u015fvurdu. Cesur B\u00f6l\u00fckba\u015f\u0131&#8217;n\u0131n vaat edip sat\u0131n alamad\u0131\u011f\u0131&#8230;(HABER\u0130N DEVAMINI OKUMAK \u0130\u00c7\u0130N L\u00dcTFEN FOTO\u011eRAFIN \u00dcZER\u0130NE T&#8217;IKLAYINIZ.<\/p>\n"},"alt_text":"","media_type":"image","mime_type":"image\/jpeg","media_details":{"width":768,"height":160,"file":"2021\/08\/basimiza-tas-yagacak-boyle-bir-iliski-ne-goruldu-ne-duyuldu-15542.jpg","sizes":{"medium":{"file":"basimiza-tas-yagacak-boyle-bir-iliski-ne-goruldu-ne-duyuldu-15542-300x63.jpg","width":300,"height":63,"mime_type":"image\/jpeg","source_url":"https:\/\/kilosorunum.com\/habercim\/wp-content\/uploads\/2021\/08\/basimiza-tas-yagacak-boyle-bir-iliski-ne-goruldu-ne-duyuldu-15542-300x63.jpg"},"thumbnail":{"file":"basimiza-tas-yagacak-boyle-bir-iliski-ne-goruldu-ne-duyuldu-15542-150x150.jpg","width":150,"height":150,"mime_type":"image\/jpeg","source_url":"https:\/\/kilosorunum.com\/habercim\/wp-content\/uploads\/2021\/08\/basimiza-tas-yagacak-boyle-bir-iliski-ne-goruldu-ne-duyuldu-15542-150x150.jpg"},"kucukResim":{"file":"basimiza-tas-yagacak-boyle-bir-iliski-ne-goruldu-ne-duyuldu-15542-80x50.jpg","width":80,"height":50,"mime_type":"image\/jpeg","source_url":"https:\/\/kilosorunum.com\/habercim\/wp-content\/uploads\/2021\/08\/basimiza-tas-yagacak-boyle-bir-iliski-ne-goruldu-ne-duyuldu-15542-80x50.jpg"},"sliderResim":{"file":"basimiza-tas-yagacak-boyle-bir-iliski-ne-goruldu-ne-duyuldu-15542-670x160.jpg","width":670,"height":160,"mime_type":"image\/jpeg","source_url":"https:\/\/kilosorunum.com\/habercim\/wp-content\/uploads\/2021\/08\/basimiza-tas-yagacak-boyle-bir-iliski-ne-goruldu-ne-duyuldu-15542-670x160.jpg"},"resim1":{"file":"basimiza-tas-yagacak-boyle-bir-iliski-ne-goruldu-ne-duyuldu-15542-184x140.jpg","width":184,"height":140,"mime_type":"image\/jpeg","source_url":"https:\/\/kilosorunum.com\/habercim\/wp-content\/uploads\/2021\/08\/basimiza-tas-yagacak-boyle-bir-iliski-ne-goruldu-ne-duyuldu-15542-184x140.jpg"},"resim2":{"file":"basimiza-tas-yagacak-boyle-bir-iliski-ne-goruldu-ne-duyuldu-15542-216x103.jpg","width":216,"height":103,"mime_type":"image\/jpeg","source_url":"https:\/\/kilosorunum.com\/habercim\/wp-content\/uploads\/2021\/08\/basimiza-tas-yagacak-boyle-bir-iliski-ne-goruldu-ne-duyuldu-15542-216x103.jpg"},"resim3":{"file":"basimiza-tas-yagacak-boyle-bir-iliski-ne-goruldu-ne-duyuldu-15542-145x70.jpg","width":145,"height":70,"mime_type":"image\/jpeg","source_url":"https:\/\/kilosorunum.com\/habercim\/wp-content\/uploads\/2021\/08\/basimiza-tas-yagacak-boyle-bir-iliski-ne-goruldu-ne-duyuldu-15542-145x70.jpg"},"sagSlider":{"file":"basimiza-tas-yagacak-boyle-bir-iliski-ne-goruldu-ne-duyuldu-15542-300x150.jpg","width":300,"height":150,"mime_type":"image\/jpeg","source_url":"https:\/\/kilosorunum.com\/habercim\/wp-content\/uploads\/2021\/08\/basimiza-tas-yagacak-boyle-bir-iliski-ne-goruldu-ne-duyuldu-15542-300x150.jpg"},"yeniSlider":{"file":"basimiza-tas-yagacak-boyle-bir-iliski-ne-goruldu-ne-duyuldu-15542-500x160.jpg","width":500,"height":160,"mime_type":"image\/jpeg","source_url":"https:\/\/kilosorunum.com\/habercim\/wp-content\/uploads\/2021\/08\/basimiza-tas-yagacak-boyle-bir-iliski-ne-goruldu-ne-duyuldu-15542-500x160.jpg"},"full":{"file":"basimiza-tas-yagacak-boyle-bir-iliski-ne-goruldu-ne-duyuldu-15542.jpg","width":768,"height":160,"mime_type":"image\/jpeg","source_url":"https:\/\/kilosorunum.com\/habercim\/wp-content\/uploads\/2021\/08\/basimiza-tas-yagacak-boyle-bir-iliski-ne-goruldu-ne-duyuldu-15542.jpg"}},"image_meta":{"aperture":"0","credit":"","camera":"","caption":"","created_timestamp":"0","copyright":"","focal_length":"0","iso":"0","shutter_speed":"0","title":"","orientation":"0","keywords":[]}},"post":15542,"source_url":"https:\/\/kilosorunum.com\/habercim\/wp-content\/uploads\/2021\/08\/basimiza-tas-yagacak-boyle-bir-iliski-ne-goruldu-ne-duyuldu-15542.jpg","_links":{"self":[{"href":"https:\/\/kilosorunum.com\/habercim\/wp-json\/wp\/v2\/media\/15544"}],"collection":[{"href":"https:\/\/kilosorunum.com\/habercim\/wp-json\/wp\/v2\/media"}],"about":[{"href":"https:\/\/kilosorunum.com\/habercim\/wp-json\/wp\/v2\/types\/attachment"}],"replies":[{"embeddable":true,"href":"https:\/\/kilosorunum.com\/habercim\/wp-json\/wp\/v2\/comments?post=15544"}]}}

BAŞIMIZA TAŞ YAĞACAK! BÖYLE BİR İLİŞKİ NE GÖRÜLDÜ NE DUYULDU!

<p class="attachment"><a href='https://kilosorunum.com/habercim/wp-content/uploads/2021/08/basimiza-tas-yagacak-boyle-bir-iliski-ne-goruldu-ne-duyuldu-15542.jpg'><img width="300" height="63" src="https://kilosorunum.com/habercim/wp-content/uploads/2021/08/basimiza-tas-yagacak-boyle-bir-iliski-ne-goruldu-ne-duyuldu-15542-300x63.jpg" class="attachment-medium size-medium" alt="" loading="lazy" srcset="https://kilosorunum.com/habercim/wp-content/uploads/2021/08/basimiza-tas-yagacak-boyle-bir-iliski-ne-goruldu-ne-duyuldu-15542-300x63.jpg 300w, https://kilosorunum.com/habercim/wp-content/uploads/2021/08/basimiza-tas-yagacak-boyle-bir-iliski-ne-goruldu-ne-duyuldu-15542.jpg 768w" sizes="(max-width: 300px) 100vw, 300px" /></a></p>
<p>Kocaeli Gebze&#8217;de ailesiyle birlikte yaşayan 37 yaşındaki Cesur Bölükbaşı, 8 Haziran&#8217;da ortadan kayboldu. E-şiyle şi-dde-tli geçimsizlik yaşadığı öğrenilen kayıp adamın ailesi, günlerdir haber alamadığı Bölükbaşı&#8217;nı bulmak için araştırmacı gazeteci Müge Anlı&#8217;ya başvurdu. Cesur Bölükbaşı&#8217;nın vaat edip satın alamadığı&#8230;(HABERİN DEVAMINI OKUMAK İÇİN LÜTFEN FOTOĞRAFIN ÜZERİNE T&#8217;IKLAYINIZ.</p>

<p>Kocaeli Gebze&#8217;de ailesiyle birlikte yaşayan 37 yaşındaki Cesur Bölükbaşı, 8 Haziran&#8217;da ortadan kayboldu. E-şiyle şi-dde-tli geçimsizlik yaşadığı öğrenilen kayıp adamın ailesi, günlerdir haber alamadığı Bölükbaşı&#8217;nı bulmak için araştırmacı gazeteci Müge Anlı&#8217;ya başvurdu. Cesur Bölükbaşı&#8217;nın vaat edip satın alamadığı&#8230;(HABERİN DEVAMINI OKUMAK İÇİN LÜTFEN FOTOĞRAFIN ÜZERİNE T&#8217;IKLAYINIZ.</p>
