{"id":15546,"date":"2021-08-17T17:51:42","date_gmt":"2021-08-17T14:51:42","guid":{"rendered":"https:\/\/dizilerfragmanlar.com\/wp-content\/uploads\/2021\/08\/basimiza-tas-yagacak-boyle-bir-iliski-ne-goruldu-ne-duyuldu-15542-2.jpg"},"modified":"2021-08-17T17:51:42","modified_gmt":"2021-08-17T14:51:42","slug":"basimiza-tas-yagacak-boyle-bir-iliski-ne-goruldu-ne-duyuldu-4","status":"inherit","type":"attachment","link":"https:\/\/kilosorunum.com\/habercim\/foto-galeri\/basimiza-tas-yagacak-boyle-bir-iliski-ne-goruldu-ne-duyuldu\/attachment\/basimiza-tas-yagacak-boyle-bir-iliski-ne-goruldu-ne-duyuldu-4\/","title":{"rendered":"BA\u015eIMIZA TA\u015e YA\u011eACAK! B\u00d6YLE B\u0130R \u0130L\u0130\u015eK\u0130 NE G\u00d6R\u00dcLD\u00dc NE DUYULDU!"},"author":0,"comment_status":"open","ping_status":"closed","template":"","meta":[],"description":{"rendered":"<p class=\"attachment\"><a href='https:\/\/kilosorunum.com\/habercim\/wp-content\/uploads\/2021\/08\/basimiza-tas-yagacak-boyle-bir-iliski-ne-goruldu-ne-duyuldu-15542-2.jpg'><img width=\"300\" height=\"136\" src=\"https:\/\/kilosorunum.com\/habercim\/wp-content\/uploads\/2021\/08\/basimiza-tas-yagacak-boyle-bir-iliski-ne-goruldu-ne-duyuldu-15542-2-300x136.jpg\" class=\"attachment-medium size-medium\" alt=\"\" loading=\"lazy\" srcset=\"https:\/\/kilosorunum.com\/habercim\/wp-content\/uploads\/2021\/08\/basimiza-tas-yagacak-boyle-bir-iliski-ne-goruldu-ne-duyuldu-15542-2-300x136.jpg 300w, https:\/\/kilosorunum.com\/habercim\/wp-content\/uploads\/2021\/08\/basimiza-tas-yagacak-boyle-bir-iliski-ne-goruldu-ne-duyuldu-15542-2-768x348.jpg 768w, https:\/\/kilosorunum.com\/habercim\/wp-content\/uploads\/2021\/08\/basimiza-tas-yagacak-boyle-bir-iliski-ne-goruldu-ne-duyuldu-15542-2.jpg 800w\" sizes=\"(max-width: 300px) 100vw, 300px\" \/><\/a><\/p>\n<p>&#8220;KOM\u015eUNUN \u0130NTERNET\u0130N\u0130 BA\u011eLARKEN TANI\u015eTIK&#8221;<br \/>\nCesur B\u00f6l\u00fckba\u015f\u0131 ile dini sohbetler yapt\u0131klar\u0131n\u0131 dile getiren gen\u00e7 kad\u0131n, kay\u0131p adamla ilgili \u015f\u00f6yle konu\u015ftu: &#8220;Cesur&#8217;la kom\u015funun internetini ba\u011flarken tan\u0131\u015ft\u0131k. Dini sohbetler ediyorduk. Telefonla konu\u015fmaya, dertle-\u015fmeye ba\u015flad\u0131k. Po\u011fa\u00e7a yemeye gitti\u011fimde de boynundaki t\u0131rnak izlerini g\u00f6rd\u00fcm. E-\u015fi yapm\u0131\u015f bu \u00e7izikleri\u2026 Cesur, e-\u015fine s\u00f6z verdi\u011fi ev ve arabay\u0131 almak i\u00e7in T\u00fcrkmenistan&#8217;a gitti. Nerede oldu\u011funu bilmiyorum.&#8221; Gen\u00e7 kad\u0131n\u0131n rahat tav\u0131rlar\u0131 ve s\u00f6zleri st\u00fcdyoda \u015fa\u015fk\u0131n yaratt\u0131. Duyduklar\u0131 kar\u015f\u0131s\u0131nda tepki g\u00f6steren ara\u015ft\u0131rmac\u0131 gazeteci M\u00fcge Anl\u0131, &#8220;Ya siz utanm\u0131yor musunuz? Ne konu\u015ftunuz kom\u015fuya internet ba\u011flamaya gelen adamla? Evli adam dertle-\u015femez seninle\u2026 Nesin sen G\u00fczin Abla m\u0131s\u0131n?&#8221; dedi.<\/p>\n"},"caption":{"rendered":"<p>&#8220;KOM\u015eUNUN \u0130NTERNET\u0130N\u0130 BA\u011eLARKEN TANI\u015eTIK&#8221;<br \/>\nCesur B\u00f6l\u00fckba\u015f\u0131 ile dini sohbetler yapt\u0131klar\u0131n\u0131 dile getiren gen\u00e7 kad\u0131n, kay\u0131p adamla ilgili \u015f\u00f6yle konu\u015ftu: &#8220;Cesur&#8217;la kom\u015funun internetini ba\u011flarken tan\u0131\u015ft\u0131k. Dini sohbetler ediyorduk. Telefonla konu\u015fmaya, dertle-\u015fmeye ba\u015flad\u0131k. Po\u011fa\u00e7a yemeye gitti\u011fimde de boynundaki t\u0131rnak izlerini g\u00f6rd\u00fcm. E-\u015fi yapm\u0131\u015f bu \u00e7izikleri\u2026 Cesur, e-\u015fine s\u00f6z verdi\u011fi ev ve arabay\u0131 almak i\u00e7in T\u00fcrkmenistan&#8217;a gitti. Nerede oldu\u011funu bilmiyorum.&#8221; Gen\u00e7 kad\u0131n\u0131n rahat tav\u0131rlar\u0131 ve s\u00f6zleri st\u00fcdyoda \u015fa\u015fk\u0131n yaratt\u0131. Duyduklar\u0131 kar\u015f\u0131s\u0131nda tepki g\u00f6steren ara\u015ft\u0131rmac\u0131 gazeteci M\u00fcge Anl\u0131, &#8220;Ya siz utanm\u0131yor musunuz? Ne konu\u015ftunuz kom\u015fuya internet ba\u011flamaya gelen adamla? Evli adam dertle-\u015femez seninle\u2026 Nesin sen G\u00fczin Abla m\u0131s\u0131n?&#8221; dedi.<\/p>\n"},"alt_text":"","media_type":"image","mime_type":"image\/jpeg","media_details":{"width":800,"height":363,"file":"2021\/08\/basimiza-tas-yagacak-boyle-bir-iliski-ne-goruldu-ne-duyuldu-15542-2.jpg","sizes":{"medium":{"file":"basimiza-tas-yagacak-boyle-bir-iliski-ne-goruldu-ne-duyuldu-15542-2-300x136.jpg","width":300,"height":136,"mime_type":"image\/png","source_url":"https:\/\/kilosorunum.com\/habercim\/wp-content\/uploads\/2021\/08\/basimiza-tas-yagacak-boyle-bir-iliski-ne-goruldu-ne-duyuldu-15542-2-300x136.jpg"},"thumbnail":{"file":"basimiza-tas-yagacak-boyle-bir-iliski-ne-goruldu-ne-duyuldu-15542-2-150x150.jpg","width":150,"height":150,"mime_type":"image\/png","source_url":"https:\/\/kilosorunum.com\/habercim\/wp-content\/uploads\/2021\/08\/basimiza-tas-yagacak-boyle-bir-iliski-ne-goruldu-ne-duyuldu-15542-2-150x150.jpg"},"medium_large":{"file":"basimiza-tas-yagacak-boyle-bir-iliski-ne-goruldu-ne-duyuldu-15542-2-768x348.jpg","width":768,"height":348,"mime_type":"image\/png","source_url":"https:\/\/kilosorunum.com\/habercim\/wp-content\/uploads\/2021\/08\/basimiza-tas-yagacak-boyle-bir-iliski-ne-goruldu-ne-duyuldu-15542-2-768x348.jpg"},"kucukResim":{"file":"basimiza-tas-yagacak-boyle-bir-iliski-ne-goruldu-ne-duyuldu-15542-2-80x50.jpg","width":80,"height":50,"mime_type":"image\/png","source_url":"https:\/\/kilosorunum.com\/habercim\/wp-content\/uploads\/2021\/08\/basimiza-tas-yagacak-boyle-bir-iliski-ne-goruldu-ne-duyuldu-15542-2-80x50.jpg"},"sliderResim":{"file":"basimiza-tas-yagacak-boyle-bir-iliski-ne-goruldu-ne-duyuldu-15542-2-670x330.jpg","width":670,"height":330,"mime_type":"image\/png","source_url":"https:\/\/kilosorunum.com\/habercim\/wp-content\/uploads\/2021\/08\/basimiza-tas-yagacak-boyle-bir-iliski-ne-goruldu-ne-duyuldu-15542-2-670x330.jpg"},"resim1":{"file":"basimiza-tas-yagacak-boyle-bir-iliski-ne-goruldu-ne-duyuldu-15542-2-184x140.jpg","width":184,"height":140,"mime_type":"image\/png","source_url":"https:\/\/kilosorunum.com\/habercim\/wp-content\/uploads\/2021\/08\/basimiza-tas-yagacak-boyle-bir-iliski-ne-goruldu-ne-duyuldu-15542-2-184x140.jpg"},"resim2":{"file":"basimiza-tas-yagacak-boyle-bir-iliski-ne-goruldu-ne-duyuldu-15542-2-216x103.jpg","width":216,"height":103,"mime_type":"image\/png","source_url":"https:\/\/kilosorunum.com\/habercim\/wp-content\/uploads\/2021\/08\/basimiza-tas-yagacak-boyle-bir-iliski-ne-goruldu-ne-duyuldu-15542-2-216x103.jpg"},"resim3":{"file":"basimiza-tas-yagacak-boyle-bir-iliski-ne-goruldu-ne-duyuldu-15542-2-145x70.jpg","width":145,"height":70,"mime_type":"image\/png","source_url":"https:\/\/kilosorunum.com\/habercim\/wp-content\/uploads\/2021\/08\/basimiza-tas-yagacak-boyle-bir-iliski-ne-goruldu-ne-duyuldu-15542-2-145x70.jpg"},"sagSlider":{"file":"basimiza-tas-yagacak-boyle-bir-iliski-ne-goruldu-ne-duyuldu-15542-2-300x150.jpg","width":300,"height":150,"mime_type":"image\/png","source_url":"https:\/\/kilosorunum.com\/habercim\/wp-content\/uploads\/2021\/08\/basimiza-tas-yagacak-boyle-bir-iliski-ne-goruldu-ne-duyuldu-15542-2-300x150.jpg"},"yeniSlider":{"file":"basimiza-tas-yagacak-boyle-bir-iliski-ne-goruldu-ne-duyuldu-15542-2-500x290.jpg","width":500,"height":290,"mime_type":"image\/png","source_url":"https:\/\/kilosorunum.com\/habercim\/wp-content\/uploads\/2021\/08\/basimiza-tas-yagacak-boyle-bir-iliski-ne-goruldu-ne-duyuldu-15542-2-500x290.jpg"},"full":{"file":"basimiza-tas-yagacak-boyle-bir-iliski-ne-goruldu-ne-duyuldu-15542-2.jpg","width":800,"height":363,"mime_type":"image\/jpeg","source_url":"https:\/\/kilosorunum.com\/habercim\/wp-content\/uploads\/2021\/08\/basimiza-tas-yagacak-boyle-bir-iliski-ne-goruldu-ne-duyuldu-15542-2.jpg"}},"image_meta":{"aperture":"0","credit":"","camera":"","caption":"","created_timestamp":"0","copyright":"","focal_length":"0","iso":"0","shutter_speed":"0","title":"","orientation":"0","keywords":[]}},"post":15542,"source_url":"https:\/\/kilosorunum.com\/habercim\/wp-content\/uploads\/2021\/08\/basimiza-tas-yagacak-boyle-bir-iliski-ne-goruldu-ne-duyuldu-15542-2.jpg","_links":{"self":[{"href":"https:\/\/kilosorunum.com\/habercim\/wp-json\/wp\/v2\/media\/15546"}],"collection":[{"href":"https:\/\/kilosorunum.com\/habercim\/wp-json\/wp\/v2\/media"}],"about":[{"href":"https:\/\/kilosorunum.com\/habercim\/wp-json\/wp\/v2\/types\/attachment"}],"replies":[{"embeddable":true,"href":"https:\/\/kilosorunum.com\/habercim\/wp-json\/wp\/v2\/comments?post=15546"}]}}

BAŞIMIZA TAŞ YAĞACAK! BÖYLE BİR İLİŞKİ NE GÖRÜLDÜ NE DUYULDU!

<p class="attachment"><a href='https://kilosorunum.com/habercim/wp-content/uploads/2021/08/basimiza-tas-yagacak-boyle-bir-iliski-ne-goruldu-ne-duyuldu-15542-2.jpg'><img width="300" height="136" src="https://kilosorunum.com/habercim/wp-content/uploads/2021/08/basimiza-tas-yagacak-boyle-bir-iliski-ne-goruldu-ne-duyuldu-15542-2-300x136.jpg" class="attachment-medium size-medium" alt="" loading="lazy" srcset="https://kilosorunum.com/habercim/wp-content/uploads/2021/08/basimiza-tas-yagacak-boyle-bir-iliski-ne-goruldu-ne-duyuldu-15542-2-300x136.jpg 300w, https://kilosorunum.com/habercim/wp-content/uploads/2021/08/basimiza-tas-yagacak-boyle-bir-iliski-ne-goruldu-ne-duyuldu-15542-2-768x348.jpg 768w, https://kilosorunum.com/habercim/wp-content/uploads/2021/08/basimiza-tas-yagacak-boyle-bir-iliski-ne-goruldu-ne-duyuldu-15542-2.jpg 800w" sizes="(max-width: 300px) 100vw, 300px" /></a></p>
<p>&#8220;KOMŞUNUN İNTERNETİNİ BAĞLARKEN TANIŞTIK&#8221;<br />
Cesur Bölükbaşı ile dini sohbetler yaptıklarını dile getiren genç kadın, kayıp adamla ilgili şöyle konuştu: &#8220;Cesur&#8217;la komşunun internetini bağlarken tanıştık. Dini sohbetler ediyorduk. Telefonla konuşmaya, dertle-şmeye başladık. Poğaça yemeye gittiğimde de boynundaki tırnak izlerini gördüm. E-şi yapmış bu çizikleri… Cesur, e-şine söz verdiği ev ve arabayı almak için Türkmenistan&#8217;a gitti. Nerede olduğunu bilmiyorum.&#8221; Genç kadının rahat tavırları ve sözleri stüdyoda şaşkın yarattı. Duydukları karşısında tepki gösteren araştırmacı gazeteci Müge Anlı, &#8220;Ya siz utanmıyor musunuz? Ne konuştunuz komşuya internet bağlamaya gelen adamla? Evli adam dertle-şemez seninle… Nesin sen Güzin Abla mısın?&#8221; dedi.</p>

<p>&#8220;KOMŞUNUN İNTERNETİNİ BAĞLARKEN TANIŞTIK&#8221;<br />
Cesur Bölükbaşı ile dini sohbetler yaptıklarını dile getiren genç kadın, kayıp adamla ilgili şöyle konuştu: &#8220;Cesur&#8217;la komşunun internetini bağlarken tanıştık. Dini sohbetler ediyorduk. Telefonla konuşmaya, dertle-şmeye başladık. Poğaça yemeye gittiğimde de boynundaki tırnak izlerini gördüm. E-şi yapmış bu çizikleri… Cesur, e-şine söz verdiği ev ve arabayı almak için Türkmenistan&#8217;a gitti. Nerede olduğunu bilmiyorum.&#8221; Genç kadının rahat tavırları ve sözleri stüdyoda şaşkın yarattı. Duydukları karşısında tepki gösteren araştırmacı gazeteci Müge Anlı, &#8220;Ya siz utanmıyor musunuz? Ne konuştunuz komşuya internet bağlamaya gelen adamla? Evli adam dertle-şemez seninle… Nesin sen Güzin Abla mısın?&#8221; dedi.</p>
