{"id":15556,"date":"2021-08-17T23:54:51","date_gmt":"2021-08-17T20:54:51","guid":{"rendered":"https:\/\/dizilerfragmanlar.com\/wp-content\/uploads\/2021\/08\/sibel-can-kizinin-yaptigi-ile-yikildi-kizi-simdi-hapishane-yolunda-15553-1.jpg"},"modified":"2021-08-17T23:54:51","modified_gmt":"2021-08-17T20:54:51","slug":"sibel-can-kizinin-yaptigi-ile-yikildi-kizi-simdi-hapishane-yolunda-3","status":"inherit","type":"attachment","link":"https:\/\/kilosorunum.com\/habercim\/foto-galeri\/sibel-can-kizinin-yaptigi-ile-yikildi-kizi-simdi-hapishane-yolunda\/attachment\/sibel-can-kizinin-yaptigi-ile-yikildi-kizi-simdi-hapishane-yolunda-3\/","title":{"rendered":"Sibel Can K\u0131z\u0131n\u0131n Yapt\u0131\u011f\u0131 ile Y\u0131k\u0131ld\u0131 K\u0131z\u0131 \u015eimdi Hapishane Yolunda"},"author":0,"comment_status":"open","ping_status":"closed","template":"","meta":[],"description":{"rendered":"<p class=\"attachment\"><a href='https:\/\/kilosorunum.com\/habercim\/wp-content\/uploads\/2021\/08\/sibel-can-kizinin-yaptigi-ile-yikildi-kizi-simdi-hapishane-yolunda-15553-1.jpg'><img width=\"300\" height=\"300\" src=\"https:\/\/kilosorunum.com\/habercim\/wp-content\/uploads\/2021\/08\/sibel-can-kizinin-yaptigi-ile-yikildi-kizi-simdi-hapishane-yolunda-15553-1-300x300.jpg\" class=\"attachment-medium size-medium\" alt=\"\" loading=\"lazy\" srcset=\"https:\/\/kilosorunum.com\/habercim\/wp-content\/uploads\/2021\/08\/sibel-can-kizinin-yaptigi-ile-yikildi-kizi-simdi-hapishane-yolunda-15553-1-300x300.jpg 300w, https:\/\/kilosorunum.com\/habercim\/wp-content\/uploads\/2021\/08\/sibel-can-kizinin-yaptigi-ile-yikildi-kizi-simdi-hapishane-yolunda-15553-1-150x150.jpg 150w, https:\/\/kilosorunum.com\/habercim\/wp-content\/uploads\/2021\/08\/sibel-can-kizinin-yaptigi-ile-yikildi-kizi-simdi-hapishane-yolunda-15553-1.jpg 526w\" sizes=\"(max-width: 300px) 100vw, 300px\" \/><\/a><\/p>\n<p>Sanat\u00e7\u0131 Sibel Can&#8217;\u0131n k\u0131z\u0131 Melisa Can Ural&#8217;\u0131n birlikte oldu\u011fu gen\u00e7 Silivri Cezaevinde mahkeme tarihini bekliyor.<\/p>\n<p>Ge\u00e7ti\u011fimiz haziran ay\u0131nda Sar\u0131yer&#8217;de iki arkada\u015f aras\u0131nda \u00e7\u0131kan kavga, silahl\u0131 \u00e7at\u0131\u015fmaya d\u00f6n\u00fc\u015fm\u00fc\u015f birisi bebek olmak \u00fczere 4 ki\u015fi yaralanm\u0131\u015ft\u0131. Olaya kar\u0131\u015fan \u015fah\u0131slardan Kamer Pirim, \u015fu s\u0131ralar tutuklu yarg\u0131lanmak \u00fczere Silivri Cezaevi&#8217;nde yat\u0131yor.(HABER\u0130N DEVAMINI OKUMAK \u0130\u00c7\u0130N L\u00dcTFEN FOTO\u011eRAFIN \u00dcZER\u0130NE T&#8217;IKLAYINIZ.<\/p>\n"},"caption":{"rendered":"<p>Sanat\u00e7\u0131 Sibel Can&#8217;\u0131n k\u0131z\u0131 Melisa Can Ural&#8217;\u0131n birlikte oldu\u011fu gen\u00e7 Silivri Cezaevinde mahkeme tarihini bekliyor.<\/p>\n<p>Ge\u00e7ti\u011fimiz haziran ay\u0131nda Sar\u0131yer&#8217;de iki arkada\u015f aras\u0131nda \u00e7\u0131kan kavga, silahl\u0131 \u00e7at\u0131\u015fmaya d\u00f6n\u00fc\u015fm\u00fc\u015f birisi bebek olmak \u00fczere 4 ki\u015fi yaralanm\u0131\u015ft\u0131. Olaya kar\u0131\u015fan \u015fah\u0131slardan Kamer Pirim, \u015fu s\u0131ralar tutuklu yarg\u0131lanmak \u00fczere Silivri Cezaevi&#8217;nde yat\u0131yor.(HABER\u0130N DEVAMINI OKUMAK \u0130\u00c7\u0130N L\u00dcTFEN FOTO\u011eRAFIN \u00dcZER\u0130NE T&#8217;IKLAYINIZ.<\/p>\n"},"alt_text":"","media_type":"image","mime_type":"image\/jpeg","media_details":{"width":526,"height":526,"file":"2021\/08\/sibel-can-kizinin-yaptigi-ile-yikildi-kizi-simdi-hapishane-yolunda-15553-1.jpg","sizes":{"medium":{"file":"sibel-can-kizinin-yaptigi-ile-yikildi-kizi-simdi-hapishane-yolunda-15553-1-300x300.jpg","width":300,"height":300,"mime_type":"image\/jpeg","source_url":"https:\/\/kilosorunum.com\/habercim\/wp-content\/uploads\/2021\/08\/sibel-can-kizinin-yaptigi-ile-yikildi-kizi-simdi-hapishane-yolunda-15553-1-300x300.jpg"},"thumbnail":{"file":"sibel-can-kizinin-yaptigi-ile-yikildi-kizi-simdi-hapishane-yolunda-15553-1-150x150.jpg","width":150,"height":150,"mime_type":"image\/jpeg","source_url":"https:\/\/kilosorunum.com\/habercim\/wp-content\/uploads\/2021\/08\/sibel-can-kizinin-yaptigi-ile-yikildi-kizi-simdi-hapishane-yolunda-15553-1-150x150.jpg"},"kucukResim":{"file":"sibel-can-kizinin-yaptigi-ile-yikildi-kizi-simdi-hapishane-yolunda-15553-1-80x50.jpg","width":80,"height":50,"mime_type":"image\/jpeg","source_url":"https:\/\/kilosorunum.com\/habercim\/wp-content\/uploads\/2021\/08\/sibel-can-kizinin-yaptigi-ile-yikildi-kizi-simdi-hapishane-yolunda-15553-1-80x50.jpg"},"sliderResim":{"file":"sibel-can-kizinin-yaptigi-ile-yikildi-kizi-simdi-hapishane-yolunda-15553-1-526x330.jpg","width":526,"height":330,"mime_type":"image\/jpeg","source_url":"https:\/\/kilosorunum.com\/habercim\/wp-content\/uploads\/2021\/08\/sibel-can-kizinin-yaptigi-ile-yikildi-kizi-simdi-hapishane-yolunda-15553-1-526x330.jpg"},"resim1":{"file":"sibel-can-kizinin-yaptigi-ile-yikildi-kizi-simdi-hapishane-yolunda-15553-1-184x140.jpg","width":184,"height":140,"mime_type":"image\/jpeg","source_url":"https:\/\/kilosorunum.com\/habercim\/wp-content\/uploads\/2021\/08\/sibel-can-kizinin-yaptigi-ile-yikildi-kizi-simdi-hapishane-yolunda-15553-1-184x140.jpg"},"resim2":{"file":"sibel-can-kizinin-yaptigi-ile-yikildi-kizi-simdi-hapishane-yolunda-15553-1-216x103.jpg","width":216,"height":103,"mime_type":"image\/jpeg","source_url":"https:\/\/kilosorunum.com\/habercim\/wp-content\/uploads\/2021\/08\/sibel-can-kizinin-yaptigi-ile-yikildi-kizi-simdi-hapishane-yolunda-15553-1-216x103.jpg"},"resim3":{"file":"sibel-can-kizinin-yaptigi-ile-yikildi-kizi-simdi-hapishane-yolunda-15553-1-145x70.jpg","width":145,"height":70,"mime_type":"image\/jpeg","source_url":"https:\/\/kilosorunum.com\/habercim\/wp-content\/uploads\/2021\/08\/sibel-can-kizinin-yaptigi-ile-yikildi-kizi-simdi-hapishane-yolunda-15553-1-145x70.jpg"},"sagSlider":{"file":"sibel-can-kizinin-yaptigi-ile-yikildi-kizi-simdi-hapishane-yolunda-15553-1-300x150.jpg","width":300,"height":150,"mime_type":"image\/jpeg","source_url":"https:\/\/kilosorunum.com\/habercim\/wp-content\/uploads\/2021\/08\/sibel-can-kizinin-yaptigi-ile-yikildi-kizi-simdi-hapishane-yolunda-15553-1-300x150.jpg"},"yeniSlider":{"file":"sibel-can-kizinin-yaptigi-ile-yikildi-kizi-simdi-hapishane-yolunda-15553-1-500x290.jpg","width":500,"height":290,"mime_type":"image\/jpeg","source_url":"https:\/\/kilosorunum.com\/habercim\/wp-content\/uploads\/2021\/08\/sibel-can-kizinin-yaptigi-ile-yikildi-kizi-simdi-hapishane-yolunda-15553-1-500x290.jpg"},"full":{"file":"sibel-can-kizinin-yaptigi-ile-yikildi-kizi-simdi-hapishane-yolunda-15553-1.jpg","width":526,"height":526,"mime_type":"image\/jpeg","source_url":"https:\/\/kilosorunum.com\/habercim\/wp-content\/uploads\/2021\/08\/sibel-can-kizinin-yaptigi-ile-yikildi-kizi-simdi-hapishane-yolunda-15553-1.jpg"}},"image_meta":{"aperture":"0","credit":"","camera":"","caption":"","created_timestamp":"0","copyright":"","focal_length":"0","iso":"0","shutter_speed":"0","title":"","orientation":"0","keywords":[]}},"post":15553,"source_url":"https:\/\/kilosorunum.com\/habercim\/wp-content\/uploads\/2021\/08\/sibel-can-kizinin-yaptigi-ile-yikildi-kizi-simdi-hapishane-yolunda-15553-1.jpg","_links":{"self":[{"href":"https:\/\/kilosorunum.com\/habercim\/wp-json\/wp\/v2\/media\/15556"}],"collection":[{"href":"https:\/\/kilosorunum.com\/habercim\/wp-json\/wp\/v2\/media"}],"about":[{"href":"https:\/\/kilosorunum.com\/habercim\/wp-json\/wp\/v2\/types\/attachment"}],"replies":[{"embeddable":true,"href":"https:\/\/kilosorunum.com\/habercim\/wp-json\/wp\/v2\/comments?post=15556"}]}}

Sibel Can Kızının Yaptığı ile Yıkıldı Kızı Şimdi Hapishane Yolunda

<p class="attachment"><a href='https://kilosorunum.com/habercim/wp-content/uploads/2021/08/sibel-can-kizinin-yaptigi-ile-yikildi-kizi-simdi-hapishane-yolunda-15553-1.jpg'><img width="300" height="300" src="https://kilosorunum.com/habercim/wp-content/uploads/2021/08/sibel-can-kizinin-yaptigi-ile-yikildi-kizi-simdi-hapishane-yolunda-15553-1-300x300.jpg" class="attachment-medium size-medium" alt="" loading="lazy" srcset="https://kilosorunum.com/habercim/wp-content/uploads/2021/08/sibel-can-kizinin-yaptigi-ile-yikildi-kizi-simdi-hapishane-yolunda-15553-1-300x300.jpg 300w, https://kilosorunum.com/habercim/wp-content/uploads/2021/08/sibel-can-kizinin-yaptigi-ile-yikildi-kizi-simdi-hapishane-yolunda-15553-1-150x150.jpg 150w, https://kilosorunum.com/habercim/wp-content/uploads/2021/08/sibel-can-kizinin-yaptigi-ile-yikildi-kizi-simdi-hapishane-yolunda-15553-1.jpg 526w" sizes="(max-width: 300px) 100vw, 300px" /></a></p>
<p>Sanatçı Sibel Can&#8217;ın kızı Melisa Can Ural&#8217;ın birlikte olduğu genç Silivri Cezaevinde mahkeme tarihini bekliyor.</p>
<p>Geçtiğimiz haziran ayında Sarıyer&#8217;de iki arkadaş arasında çıkan kavga, silahlı çatışmaya dönüşmüş birisi bebek olmak üzere 4 kişi yaralanmıştı. Olaya karışan şahıslardan Kamer Pirim, şu sıralar tutuklu yargılanmak üzere Silivri Cezaevi&#8217;nde yatıyor.(HABERİN DEVAMINI OKUMAK İÇİN LÜTFEN FOTOĞRAFIN ÜZERİNE T&#8217;IKLAYINIZ.</p>

<p>Sanatçı Sibel Can&#8217;ın kızı Melisa Can Ural&#8217;ın birlikte olduğu genç Silivri Cezaevinde mahkeme tarihini bekliyor.</p>
<p>Geçtiğimiz haziran ayında Sarıyer&#8217;de iki arkadaş arasında çıkan kavga, silahlı çatışmaya dönüşmüş birisi bebek olmak üzere 4 kişi yaralanmıştı. Olaya karışan şahıslardan Kamer Pirim, şu sıralar tutuklu yargılanmak üzere Silivri Cezaevi&#8217;nde yatıyor.(HABERİN DEVAMINI OKUMAK İÇİN LÜTFEN FOTOĞRAFIN ÜZERİNE T&#8217;IKLAYINIZ.</p>
