{"id":15569,"date":"2021-08-18T03:14:11","date_gmt":"2021-08-18T00:14:11","guid":{"rendered":"https:\/\/dizilerfragmanlar.com\/wp-content\/uploads\/2021\/08\/kucuk-cocuklara-taciz-iddiasi-mahalleyi-karistirdi-15566-1.jpg"},"modified":"2021-08-18T03:14:11","modified_gmt":"2021-08-18T00:14:11","slug":"kucuk-cocuklara-taciz-iddiasi-mahalleyi-karistirdi-3","status":"inherit","type":"attachment","link":"https:\/\/kilosorunum.com\/habercim\/foto-galeri\/kucuk-cocuklara-taciz-iddiasi-mahalleyi-karistirdi\/attachment\/kucuk-cocuklara-taciz-iddiasi-mahalleyi-karistirdi-3\/","title":{"rendered":"K\u00fc\u00e7\u00fck \u00c7ocuklara Taciz \u0130ddias\u0131 Mahalleyi Kar\u0131\u015ft\u0131rd\u0131"},"author":0,"comment_status":"open","ping_status":"closed","template":"","meta":[],"description":{"rendered":"<p class=\"attachment\"><a href='https:\/\/kilosorunum.com\/habercim\/wp-content\/uploads\/2021\/08\/kucuk-cocuklara-taciz-iddiasi-mahalleyi-karistirdi-15566-1.jpg'><img width=\"300\" height=\"225\" src=\"https:\/\/kilosorunum.com\/habercim\/wp-content\/uploads\/2021\/08\/kucuk-cocuklara-taciz-iddiasi-mahalleyi-karistirdi-15566-1-300x225.jpg\" class=\"attachment-medium size-medium\" alt=\"\" loading=\"lazy\" srcset=\"https:\/\/kilosorunum.com\/habercim\/wp-content\/uploads\/2021\/08\/kucuk-cocuklara-taciz-iddiasi-mahalleyi-karistirdi-15566-1-300x225.jpg 300w, https:\/\/kilosorunum.com\/habercim\/wp-content\/uploads\/2021\/08\/kucuk-cocuklara-taciz-iddiasi-mahalleyi-karistirdi-15566-1.jpg 640w\" sizes=\"(max-width: 300px) 100vw, 300px\" \/><\/a><\/p>\n<p>Olay, saat 19.00 s\u0131ralar\u0131nda K\u00fc\u00e7\u00fck\u00e7ekmece \u0130n\u00f6n\u00fc Mahallesi&#8217;nde ya\u015fand\u0131.<\/p>\n<p>\u0130ddialara g\u00f6re, yabanc\u0131 uyruklu \u015f\u00fcpheli, k\u00fc\u00e7\u00fck \u00e7ocuklara, taciz giri\u015fiminde bulundu. \u015e\u00fcpheliyi g\u00f6renler duruma m\u00fcdahale etti. \u0130hbar \u00fczerine olay yerine polis, sevk edildi.<\/p>\n"},"caption":{"rendered":"<p>Olay, saat 19.00 s\u0131ralar\u0131nda K\u00fc\u00e7\u00fck\u00e7ekmece \u0130n\u00f6n\u00fc Mahallesi&#8217;nde ya\u015fand\u0131.<\/p>\n<p>\u0130ddialara g\u00f6re, yabanc\u0131 uyruklu \u015f\u00fcpheli, k\u00fc\u00e7\u00fck \u00e7ocuklara, taciz giri\u015fiminde bulundu. \u015e\u00fcpheliyi g\u00f6renler duruma m\u00fcdahale etti. \u0130hbar \u00fczerine olay yerine polis, sevk edildi.<\/p>\n"},"alt_text":"","media_type":"image","mime_type":"image\/jpeg","media_details":{"width":640,"height":480,"file":"2021\/08\/kucuk-cocuklara-taciz-iddiasi-mahalleyi-karistirdi-15566-1.jpg","sizes":{"medium":{"file":"kucuk-cocuklara-taciz-iddiasi-mahalleyi-karistirdi-15566-1-300x225.jpg","width":300,"height":225,"mime_type":"image\/jpeg","source_url":"https:\/\/kilosorunum.com\/habercim\/wp-content\/uploads\/2021\/08\/kucuk-cocuklara-taciz-iddiasi-mahalleyi-karistirdi-15566-1-300x225.jpg"},"thumbnail":{"file":"kucuk-cocuklara-taciz-iddiasi-mahalleyi-karistirdi-15566-1-150x150.jpg","width":150,"height":150,"mime_type":"image\/jpeg","source_url":"https:\/\/kilosorunum.com\/habercim\/wp-content\/uploads\/2021\/08\/kucuk-cocuklara-taciz-iddiasi-mahalleyi-karistirdi-15566-1-150x150.jpg"},"kucukResim":{"file":"kucuk-cocuklara-taciz-iddiasi-mahalleyi-karistirdi-15566-1-80x50.jpg","width":80,"height":50,"mime_type":"image\/jpeg","source_url":"https:\/\/kilosorunum.com\/habercim\/wp-content\/uploads\/2021\/08\/kucuk-cocuklara-taciz-iddiasi-mahalleyi-karistirdi-15566-1-80x50.jpg"},"sliderResim":{"file":"kucuk-cocuklara-taciz-iddiasi-mahalleyi-karistirdi-15566-1-640x330.jpg","width":640,"height":330,"mime_type":"image\/jpeg","source_url":"https:\/\/kilosorunum.com\/habercim\/wp-content\/uploads\/2021\/08\/kucuk-cocuklara-taciz-iddiasi-mahalleyi-karistirdi-15566-1-640x330.jpg"},"resim1":{"file":"kucuk-cocuklara-taciz-iddiasi-mahalleyi-karistirdi-15566-1-184x140.jpg","width":184,"height":140,"mime_type":"image\/jpeg","source_url":"https:\/\/kilosorunum.com\/habercim\/wp-content\/uploads\/2021\/08\/kucuk-cocuklara-taciz-iddiasi-mahalleyi-karistirdi-15566-1-184x140.jpg"},"resim2":{"file":"kucuk-cocuklara-taciz-iddiasi-mahalleyi-karistirdi-15566-1-216x103.jpg","width":216,"height":103,"mime_type":"image\/jpeg","source_url":"https:\/\/kilosorunum.com\/habercim\/wp-content\/uploads\/2021\/08\/kucuk-cocuklara-taciz-iddiasi-mahalleyi-karistirdi-15566-1-216x103.jpg"},"resim3":{"file":"kucuk-cocuklara-taciz-iddiasi-mahalleyi-karistirdi-15566-1-145x70.jpg","width":145,"height":70,"mime_type":"image\/jpeg","source_url":"https:\/\/kilosorunum.com\/habercim\/wp-content\/uploads\/2021\/08\/kucuk-cocuklara-taciz-iddiasi-mahalleyi-karistirdi-15566-1-145x70.jpg"},"sagSlider":{"file":"kucuk-cocuklara-taciz-iddiasi-mahalleyi-karistirdi-15566-1-300x150.jpg","width":300,"height":150,"mime_type":"image\/jpeg","source_url":"https:\/\/kilosorunum.com\/habercim\/wp-content\/uploads\/2021\/08\/kucuk-cocuklara-taciz-iddiasi-mahalleyi-karistirdi-15566-1-300x150.jpg"},"yeniSlider":{"file":"kucuk-cocuklara-taciz-iddiasi-mahalleyi-karistirdi-15566-1-500x290.jpg","width":500,"height":290,"mime_type":"image\/jpeg","source_url":"https:\/\/kilosorunum.com\/habercim\/wp-content\/uploads\/2021\/08\/kucuk-cocuklara-taciz-iddiasi-mahalleyi-karistirdi-15566-1-500x290.jpg"},"full":{"file":"kucuk-cocuklara-taciz-iddiasi-mahalleyi-karistirdi-15566-1.jpg","width":640,"height":480,"mime_type":"image\/jpeg","source_url":"https:\/\/kilosorunum.com\/habercim\/wp-content\/uploads\/2021\/08\/kucuk-cocuklara-taciz-iddiasi-mahalleyi-karistirdi-15566-1.jpg"}},"image_meta":{"aperture":"0","credit":"","camera":"","caption":"","created_timestamp":"0","copyright":"","focal_length":"0","iso":"0","shutter_speed":"0","title":"","orientation":"0","keywords":[]}},"post":15566,"source_url":"https:\/\/kilosorunum.com\/habercim\/wp-content\/uploads\/2021\/08\/kucuk-cocuklara-taciz-iddiasi-mahalleyi-karistirdi-15566-1.jpg","_links":{"self":[{"href":"https:\/\/kilosorunum.com\/habercim\/wp-json\/wp\/v2\/media\/15569"}],"collection":[{"href":"https:\/\/kilosorunum.com\/habercim\/wp-json\/wp\/v2\/media"}],"about":[{"href":"https:\/\/kilosorunum.com\/habercim\/wp-json\/wp\/v2\/types\/attachment"}],"replies":[{"embeddable":true,"href":"https:\/\/kilosorunum.com\/habercim\/wp-json\/wp\/v2\/comments?post=15569"}]}}

Küçük Çocuklara Taciz İddiası Mahalleyi Karıştırdı

<p class="attachment"><a href='https://kilosorunum.com/habercim/wp-content/uploads/2021/08/kucuk-cocuklara-taciz-iddiasi-mahalleyi-karistirdi-15566-1.jpg'><img width="300" height="225" src="https://kilosorunum.com/habercim/wp-content/uploads/2021/08/kucuk-cocuklara-taciz-iddiasi-mahalleyi-karistirdi-15566-1-300x225.jpg" class="attachment-medium size-medium" alt="" loading="lazy" srcset="https://kilosorunum.com/habercim/wp-content/uploads/2021/08/kucuk-cocuklara-taciz-iddiasi-mahalleyi-karistirdi-15566-1-300x225.jpg 300w, https://kilosorunum.com/habercim/wp-content/uploads/2021/08/kucuk-cocuklara-taciz-iddiasi-mahalleyi-karistirdi-15566-1.jpg 640w" sizes="(max-width: 300px) 100vw, 300px" /></a></p>
<p>Olay, saat 19.00 sıralarında Küçükçekmece İnönü Mahallesi&#8217;nde yaşandı.</p>
<p>İddialara göre, yabancı uyruklu şüpheli, küçük çocuklara, taciz girişiminde bulundu. Şüpheliyi görenler duruma müdahale etti. İhbar üzerine olay yerine polis, sevk edildi.</p>

<p>Olay, saat 19.00 sıralarında Küçükçekmece İnönü Mahallesi&#8217;nde yaşandı.</p>
<p>İddialara göre, yabancı uyruklu şüpheli, küçük çocuklara, taciz girişiminde bulundu. Şüpheliyi görenler duruma müdahale etti. İhbar üzerine olay yerine polis, sevk edildi.</p>
