{"id":15570,"date":"2021-08-18T03:14:11","date_gmt":"2021-08-18T00:14:11","guid":{"rendered":"https:\/\/dizilerfragmanlar.com\/wp-content\/uploads\/2021\/08\/kucuk-cocuklara-taciz-iddiasi-mahalleyi-karistirdi-15566-2.jpg"},"modified":"2021-08-18T03:14:11","modified_gmt":"2021-08-18T00:14:11","slug":"kucuk-cocuklara-taciz-iddiasi-mahalleyi-karistirdi-4","status":"inherit","type":"attachment","link":"https:\/\/kilosorunum.com\/habercim\/foto-galeri\/kucuk-cocuklara-taciz-iddiasi-mahalleyi-karistirdi\/attachment\/kucuk-cocuklara-taciz-iddiasi-mahalleyi-karistirdi-4\/","title":{"rendered":"K\u00fc\u00e7\u00fck \u00c7ocuklara Taciz \u0130ddias\u0131 Mahalleyi Kar\u0131\u015ft\u0131rd\u0131"},"author":0,"comment_status":"open","ping_status":"closed","template":"","meta":[],"description":{"rendered":"<p class=\"attachment\"><a href='https:\/\/kilosorunum.com\/habercim\/wp-content\/uploads\/2021\/08\/kucuk-cocuklara-taciz-iddiasi-mahalleyi-karistirdi-15566-2.jpg'><img width=\"300\" height=\"267\" src=\"https:\/\/kilosorunum.com\/habercim\/wp-content\/uploads\/2021\/08\/kucuk-cocuklara-taciz-iddiasi-mahalleyi-karistirdi-15566-2-300x267.jpg\" class=\"attachment-medium size-medium\" alt=\"\" loading=\"lazy\" srcset=\"https:\/\/kilosorunum.com\/habercim\/wp-content\/uploads\/2021\/08\/kucuk-cocuklara-taciz-iddiasi-mahalleyi-karistirdi-15566-2-300x267.jpg 300w, https:\/\/kilosorunum.com\/habercim\/wp-content\/uploads\/2021\/08\/kucuk-cocuklara-taciz-iddiasi-mahalleyi-karistirdi-15566-2.jpg 640w\" sizes=\"(max-width: 300px) 100vw, 300px\" \/><\/a><\/p>\n<p>G\u00d6ZALTINA ALINDI<br \/>\n\u015e\u00fcpheliyi, mahallelinin elinden polis, ald\u0131. G\u00f6zalt\u0131na al\u0131nan \u015f\u00fcpheli, karakola g\u00f6t\u00fcr\u00fcld\u00fc.<\/p>\n<p>Mahalle sakini Yusuf Y\u0131ld\u0131z, &#8220;Daha \u00f6nce de bu olay oldu. Kom\u015fular\u0131n \u00e7ocuklar\u0131 &#8216;Bu adam bize sark\u0131nt\u0131l\u0131k ediyor&#8217; dediler. Takip edip, yakalad\u0131k. Bize &#8216;\u0130ranl\u0131y\u0131m&#8217; dedi. T\u00fcrk\u00e7esi zay\u0131ft\u0131&#8221; diye konu\u015ftu. (DHA)<\/p>\n"},"caption":{"rendered":"<p>G\u00d6ZALTINA ALINDI<br \/>\n\u015e\u00fcpheliyi, mahallelinin elinden polis, ald\u0131. G\u00f6zalt\u0131na al\u0131nan \u015f\u00fcpheli, karakola g\u00f6t\u00fcr\u00fcld\u00fc.<\/p>\n<p>Mahalle sakini Yusuf Y\u0131ld\u0131z, &#8220;Daha \u00f6nce de bu olay oldu. Kom\u015fular\u0131n \u00e7ocuklar\u0131 &#8216;Bu adam bize sark\u0131nt\u0131l\u0131k ediyor&#8217; dediler. Takip edip, yakalad\u0131k. Bize &#8216;\u0130ranl\u0131y\u0131m&#8217; dedi. T\u00fcrk\u00e7esi zay\u0131ft\u0131&#8221; diye konu\u015ftu. (DHA)<\/p>\n"},"alt_text":"","media_type":"image","mime_type":"image\/jpeg","media_details":{"width":640,"height":569,"file":"2021\/08\/kucuk-cocuklara-taciz-iddiasi-mahalleyi-karistirdi-15566-2.jpg","sizes":{"medium":{"file":"kucuk-cocuklara-taciz-iddiasi-mahalleyi-karistirdi-15566-2-300x267.jpg","width":300,"height":267,"mime_type":"image\/jpeg","source_url":"https:\/\/kilosorunum.com\/habercim\/wp-content\/uploads\/2021\/08\/kucuk-cocuklara-taciz-iddiasi-mahalleyi-karistirdi-15566-2-300x267.jpg"},"thumbnail":{"file":"kucuk-cocuklara-taciz-iddiasi-mahalleyi-karistirdi-15566-2-150x150.jpg","width":150,"height":150,"mime_type":"image\/jpeg","source_url":"https:\/\/kilosorunum.com\/habercim\/wp-content\/uploads\/2021\/08\/kucuk-cocuklara-taciz-iddiasi-mahalleyi-karistirdi-15566-2-150x150.jpg"},"kucukResim":{"file":"kucuk-cocuklara-taciz-iddiasi-mahalleyi-karistirdi-15566-2-80x50.jpg","width":80,"height":50,"mime_type":"image\/jpeg","source_url":"https:\/\/kilosorunum.com\/habercim\/wp-content\/uploads\/2021\/08\/kucuk-cocuklara-taciz-iddiasi-mahalleyi-karistirdi-15566-2-80x50.jpg"},"sliderResim":{"file":"kucuk-cocuklara-taciz-iddiasi-mahalleyi-karistirdi-15566-2-640x330.jpg","width":640,"height":330,"mime_type":"image\/jpeg","source_url":"https:\/\/kilosorunum.com\/habercim\/wp-content\/uploads\/2021\/08\/kucuk-cocuklara-taciz-iddiasi-mahalleyi-karistirdi-15566-2-640x330.jpg"},"resim1":{"file":"kucuk-cocuklara-taciz-iddiasi-mahalleyi-karistirdi-15566-2-184x140.jpg","width":184,"height":140,"mime_type":"image\/jpeg","source_url":"https:\/\/kilosorunum.com\/habercim\/wp-content\/uploads\/2021\/08\/kucuk-cocuklara-taciz-iddiasi-mahalleyi-karistirdi-15566-2-184x140.jpg"},"resim2":{"file":"kucuk-cocuklara-taciz-iddiasi-mahalleyi-karistirdi-15566-2-216x103.jpg","width":216,"height":103,"mime_type":"image\/jpeg","source_url":"https:\/\/kilosorunum.com\/habercim\/wp-content\/uploads\/2021\/08\/kucuk-cocuklara-taciz-iddiasi-mahalleyi-karistirdi-15566-2-216x103.jpg"},"resim3":{"file":"kucuk-cocuklara-taciz-iddiasi-mahalleyi-karistirdi-15566-2-145x70.jpg","width":145,"height":70,"mime_type":"image\/jpeg","source_url":"https:\/\/kilosorunum.com\/habercim\/wp-content\/uploads\/2021\/08\/kucuk-cocuklara-taciz-iddiasi-mahalleyi-karistirdi-15566-2-145x70.jpg"},"sagSlider":{"file":"kucuk-cocuklara-taciz-iddiasi-mahalleyi-karistirdi-15566-2-300x150.jpg","width":300,"height":150,"mime_type":"image\/jpeg","source_url":"https:\/\/kilosorunum.com\/habercim\/wp-content\/uploads\/2021\/08\/kucuk-cocuklara-taciz-iddiasi-mahalleyi-karistirdi-15566-2-300x150.jpg"},"yeniSlider":{"file":"kucuk-cocuklara-taciz-iddiasi-mahalleyi-karistirdi-15566-2-500x290.jpg","width":500,"height":290,"mime_type":"image\/jpeg","source_url":"https:\/\/kilosorunum.com\/habercim\/wp-content\/uploads\/2021\/08\/kucuk-cocuklara-taciz-iddiasi-mahalleyi-karistirdi-15566-2-500x290.jpg"},"full":{"file":"kucuk-cocuklara-taciz-iddiasi-mahalleyi-karistirdi-15566-2.jpg","width":640,"height":569,"mime_type":"image\/jpeg","source_url":"https:\/\/kilosorunum.com\/habercim\/wp-content\/uploads\/2021\/08\/kucuk-cocuklara-taciz-iddiasi-mahalleyi-karistirdi-15566-2.jpg"}},"image_meta":{"aperture":"0","credit":"","camera":"","caption":"","created_timestamp":"0","copyright":"","focal_length":"0","iso":"0","shutter_speed":"0","title":"","orientation":"0","keywords":[]}},"post":15566,"source_url":"https:\/\/kilosorunum.com\/habercim\/wp-content\/uploads\/2021\/08\/kucuk-cocuklara-taciz-iddiasi-mahalleyi-karistirdi-15566-2.jpg","_links":{"self":[{"href":"https:\/\/kilosorunum.com\/habercim\/wp-json\/wp\/v2\/media\/15570"}],"collection":[{"href":"https:\/\/kilosorunum.com\/habercim\/wp-json\/wp\/v2\/media"}],"about":[{"href":"https:\/\/kilosorunum.com\/habercim\/wp-json\/wp\/v2\/types\/attachment"}],"replies":[{"embeddable":true,"href":"https:\/\/kilosorunum.com\/habercim\/wp-json\/wp\/v2\/comments?post=15570"}]}}

Küçük Çocuklara Taciz İddiası Mahalleyi Karıştırdı

<p class="attachment"><a href='https://kilosorunum.com/habercim/wp-content/uploads/2021/08/kucuk-cocuklara-taciz-iddiasi-mahalleyi-karistirdi-15566-2.jpg'><img width="300" height="267" src="https://kilosorunum.com/habercim/wp-content/uploads/2021/08/kucuk-cocuklara-taciz-iddiasi-mahalleyi-karistirdi-15566-2-300x267.jpg" class="attachment-medium size-medium" alt="" loading="lazy" srcset="https://kilosorunum.com/habercim/wp-content/uploads/2021/08/kucuk-cocuklara-taciz-iddiasi-mahalleyi-karistirdi-15566-2-300x267.jpg 300w, https://kilosorunum.com/habercim/wp-content/uploads/2021/08/kucuk-cocuklara-taciz-iddiasi-mahalleyi-karistirdi-15566-2.jpg 640w" sizes="(max-width: 300px) 100vw, 300px" /></a></p>
<p>GÖZALTINA ALINDI<br />
Şüpheliyi, mahallelinin elinden polis, aldı. Gözaltına alınan şüpheli, karakola götürüldü.</p>
<p>Mahalle sakini Yusuf Yıldız, &#8220;Daha önce de bu olay oldu. Komşuların çocukları &#8216;Bu adam bize sarkıntılık ediyor&#8217; dediler. Takip edip, yakaladık. Bize &#8216;İranlıyım&#8217; dedi. Türkçesi zayıftı&#8221; diye konuştu. (DHA)</p>

<p>GÖZALTINA ALINDI<br />
Şüpheliyi, mahallelinin elinden polis, aldı. Gözaltına alınan şüpheli, karakola götürüldü.</p>
<p>Mahalle sakini Yusuf Yıldız, &#8220;Daha önce de bu olay oldu. Komşuların çocukları &#8216;Bu adam bize sarkıntılık ediyor&#8217; dediler. Takip edip, yakaladık. Bize &#8216;İranlıyım&#8217; dedi. Türkçesi zayıftı&#8221; diye konuştu. (DHA)</p>
