{"id":15600,"date":"2021-08-18T23:43:01","date_gmt":"2021-08-18T20:43:01","guid":{"rendered":"https:\/\/dizilerfragmanlar.com\/wp-content\/uploads\/2021\/08\/simdi-aciklandi-asi-yaptirmayanlar-bu-yerlere-giremeyecek-15596-2.jpg"},"modified":"2021-08-18T23:43:01","modified_gmt":"2021-08-18T20:43:01","slug":"simdi-aciklandi-asi-yaptirmayanlar-bu-yerlere-giremeyecek-4","status":"inherit","type":"attachment","link":"https:\/\/kilosorunum.com\/habercim\/foto-galeri\/simdi-aciklandi-asi-yaptirmayanlar-bu-yerlere-giremeyecek\/attachment\/simdi-aciklandi-asi-yaptirmayanlar-bu-yerlere-giremeyecek-4\/","title":{"rendered":"\u015e\u0130MD\u0130 A\u00c7IKLANDI: A\u015f\u0131 Yapt\u0131rmayanlar Bu Yerlere Giremeyecek!"},"author":0,"comment_status":"open","ping_status":"closed","template":"","meta":[],"description":{"rendered":"<p class=\"attachment\"><a href='https:\/\/kilosorunum.com\/habercim\/wp-content\/uploads\/2021\/08\/simdi-aciklandi-asi-yaptirmayanlar-bu-yerlere-giremeyecek-15596-2.jpg'><img width=\"300\" height=\"169\" src=\"https:\/\/kilosorunum.com\/habercim\/wp-content\/uploads\/2021\/08\/simdi-aciklandi-asi-yaptirmayanlar-bu-yerlere-giremeyecek-15596-2.jpg\" class=\"attachment-medium size-medium\" alt=\"\" loading=\"lazy\" \/><\/a><\/p>\n<p>A\/\u015eIYA DUYARSIZLIK G\u00d6ZLEMLEND\u0130 H\u00fcrriyet\u2019ten Nuray Babacan\u2019\u0131n haberine g\u00f6re yap\u0131lan de\u011ferlendirme toplant\u0131lar\u0131nda, a\/\u015f\u0131 randevular\u0131na ilginin azalmas\u0131n\u0131n nedeni olarak, 40-50 ya\u015f aras\u0131ndaki orta ya\u015f gruplar\u0131ndaki a\/\u015f\u0131 duyars\u0131zl\u0131\u011f\u0131 g\u00f6steriliyor. 18-35 ya\u015f aras\u0131n\u0131n ise hem kurallara uyum, hem de a\/\u015f\u0131ya ilgi a\u00e7\u0131s\u0131ndan en duyars\u0131z kitle oldu\u011fu belirtiliyor. Sadece a\/\u015f\u0131 kampanyas\u0131 de\u011fil, Sa\u011fl\u0131k Bakanl\u0131\u011f\u0131\u2019n\u0131n koordinasyonunda, karar vericiler ve sosyal bilimcilerle birlikte toplumun a\/\u015f\u0131 p\/sikolojisini y\u00f6netmek i\u00e7in yeni kararlar al\u0131nmas\u0131 gerekti\u011fi de ifade ediliyor.<br \/>\nSONBAHARA KADAR %70 B-A\u011eI\u015eIKLIK GEREK\u0130YOR \u00d6zellikle, sonbahara kadar toplumun y\u00fczde 70\u2019inin ba\/\u011f\u0131\u015f\u0131kl\u0131k kazanmas\u0131 gerekti\u011fi, aksi durumda bu oran\u0131n y\u00fczde 50\u2019de kalabilece\u011fi \u00f6ne s\u00fcr\u00fcl\u00fcyor. A\/\u015eI OLANLARA AYRICALIKLAR TANINACAK Ko\/ronavi\/r\u00fcs a\/\u015f\u0131s\u0131na ilginin artmamas\u0131 durumunda, a\/\u015f\u0131 yapt\u0131ranlara pozitif ayr\u0131mc\u0131l\u0131k uygulanmas\u0131 da planlar aras\u0131nda bulunuyor. HES kodu olmayanlar\u0131n kamu binalar\u0131, bankalar ve AVM\u2019lere al\u0131nmamas\u0131 gibi, a\/\u015f\u0131 yapt\u0131rmayanlara d\u00f6n\u00fck s\u0131n\u0131rlamalar da ta\/rt\u0131\u015f\u0131lmaya ba\u015flanacak.<\/p>\n"},"caption":{"rendered":"<p>A\/\u015eIYA DUYARSIZLIK G\u00d6ZLEMLEND\u0130 H\u00fcrriyet\u2019ten Nuray Babacan\u2019\u0131n haberine g\u00f6re yap\u0131lan de\u011ferlendirme toplant\u0131lar\u0131nda, a\/\u015f\u0131 randevular\u0131na ilginin azalmas\u0131n\u0131n nedeni olarak, 40-50 ya\u015f aras\u0131ndaki orta ya\u015f gruplar\u0131ndaki a\/\u015f\u0131 duyars\u0131zl\u0131\u011f\u0131 g\u00f6steriliyor. 18-35 ya\u015f aras\u0131n\u0131n ise hem kurallara uyum, hem de a\/\u015f\u0131ya ilgi a\u00e7\u0131s\u0131ndan en duyars\u0131z kitle oldu\u011fu belirtiliyor. Sadece a\/\u015f\u0131 kampanyas\u0131 de\u011fil, Sa\u011fl\u0131k Bakanl\u0131\u011f\u0131\u2019n\u0131n koordinasyonunda, karar vericiler ve sosyal bilimcilerle birlikte toplumun a\/\u015f\u0131 p\/sikolojisini y\u00f6netmek i\u00e7in yeni kararlar al\u0131nmas\u0131 gerekti\u011fi de ifade ediliyor.<br \/>\nSONBAHARA KADAR %70 B-A\u011eI\u015eIKLIK GEREK\u0130YOR \u00d6zellikle, sonbahara kadar toplumun y\u00fczde 70\u2019inin ba\/\u011f\u0131\u015f\u0131kl\u0131k kazanmas\u0131 gerekti\u011fi, aksi durumda bu oran\u0131n y\u00fczde 50\u2019de kalabilece\u011fi \u00f6ne s\u00fcr\u00fcl\u00fcyor. A\/\u015eI OLANLARA AYRICALIKLAR TANINACAK Ko\/ronavi\/r\u00fcs a\/\u015f\u0131s\u0131na ilginin artmamas\u0131 durumunda, a\/\u015f\u0131 yapt\u0131ranlara pozitif ayr\u0131mc\u0131l\u0131k uygulanmas\u0131 da planlar aras\u0131nda bulunuyor. HES kodu olmayanlar\u0131n kamu binalar\u0131, bankalar ve AVM\u2019lere al\u0131nmamas\u0131 gibi, a\/\u015f\u0131 yapt\u0131rmayanlara d\u00f6n\u00fck s\u0131n\u0131rlamalar da ta\/rt\u0131\u015f\u0131lmaya ba\u015flanacak.<\/p>\n"},"alt_text":"","media_type":"image","mime_type":"image\/jpeg","media_details":{"width":300,"height":169,"file":"2021\/08\/simdi-aciklandi-asi-yaptirmayanlar-bu-yerlere-giremeyecek-15596-2.jpg","sizes":{"thumbnail":{"file":"simdi-aciklandi-asi-yaptirmayanlar-bu-yerlere-giremeyecek-15596-2-150x150.jpg","width":150,"height":150,"mime_type":"image\/jpeg","source_url":"https:\/\/kilosorunum.com\/habercim\/wp-content\/uploads\/2021\/08\/simdi-aciklandi-asi-yaptirmayanlar-bu-yerlere-giremeyecek-15596-2-150x150.jpg"},"kucukResim":{"file":"simdi-aciklandi-asi-yaptirmayanlar-bu-yerlere-giremeyecek-15596-2-80x50.jpg","width":80,"height":50,"mime_type":"image\/jpeg","source_url":"https:\/\/kilosorunum.com\/habercim\/wp-content\/uploads\/2021\/08\/simdi-aciklandi-asi-yaptirmayanlar-bu-yerlere-giremeyecek-15596-2-80x50.jpg"},"resim1":{"file":"simdi-aciklandi-asi-yaptirmayanlar-bu-yerlere-giremeyecek-15596-2-184x140.jpg","width":184,"height":140,"mime_type":"image\/jpeg","source_url":"https:\/\/kilosorunum.com\/habercim\/wp-content\/uploads\/2021\/08\/simdi-aciklandi-asi-yaptirmayanlar-bu-yerlere-giremeyecek-15596-2-184x140.jpg"},"resim2":{"file":"simdi-aciklandi-asi-yaptirmayanlar-bu-yerlere-giremeyecek-15596-2-216x103.jpg","width":216,"height":103,"mime_type":"image\/jpeg","source_url":"https:\/\/kilosorunum.com\/habercim\/wp-content\/uploads\/2021\/08\/simdi-aciklandi-asi-yaptirmayanlar-bu-yerlere-giremeyecek-15596-2-216x103.jpg"},"resim3":{"file":"simdi-aciklandi-asi-yaptirmayanlar-bu-yerlere-giremeyecek-15596-2-145x70.jpg","width":145,"height":70,"mime_type":"image\/jpeg","source_url":"https:\/\/kilosorunum.com\/habercim\/wp-content\/uploads\/2021\/08\/simdi-aciklandi-asi-yaptirmayanlar-bu-yerlere-giremeyecek-15596-2-145x70.jpg"},"sagSlider":{"file":"simdi-aciklandi-asi-yaptirmayanlar-bu-yerlere-giremeyecek-15596-2-300x150.jpg","width":300,"height":150,"mime_type":"image\/jpeg","source_url":"https:\/\/kilosorunum.com\/habercim\/wp-content\/uploads\/2021\/08\/simdi-aciklandi-asi-yaptirmayanlar-bu-yerlere-giremeyecek-15596-2-300x150.jpg"},"full":{"file":"simdi-aciklandi-asi-yaptirmayanlar-bu-yerlere-giremeyecek-15596-2.jpg","width":300,"height":169,"mime_type":"image\/jpeg","source_url":"https:\/\/kilosorunum.com\/habercim\/wp-content\/uploads\/2021\/08\/simdi-aciklandi-asi-yaptirmayanlar-bu-yerlere-giremeyecek-15596-2.jpg"}},"image_meta":{"aperture":"0","credit":"","camera":"","caption":"","created_timestamp":"0","copyright":"","focal_length":"0","iso":"0","shutter_speed":"0","title":"","orientation":"0","keywords":[]}},"post":15596,"source_url":"https:\/\/kilosorunum.com\/habercim\/wp-content\/uploads\/2021\/08\/simdi-aciklandi-asi-yaptirmayanlar-bu-yerlere-giremeyecek-15596-2.jpg","_links":{"self":[{"href":"https:\/\/kilosorunum.com\/habercim\/wp-json\/wp\/v2\/media\/15600"}],"collection":[{"href":"https:\/\/kilosorunum.com\/habercim\/wp-json\/wp\/v2\/media"}],"about":[{"href":"https:\/\/kilosorunum.com\/habercim\/wp-json\/wp\/v2\/types\/attachment"}],"replies":[{"embeddable":true,"href":"https:\/\/kilosorunum.com\/habercim\/wp-json\/wp\/v2\/comments?post=15600"}]}}

ŞİMDİ AÇIKLANDI: Aşı Yaptırmayanlar Bu Yerlere Giremeyecek!

<p class="attachment"><a href='https://kilosorunum.com/habercim/wp-content/uploads/2021/08/simdi-aciklandi-asi-yaptirmayanlar-bu-yerlere-giremeyecek-15596-2.jpg'><img width="300" height="169" src="https://kilosorunum.com/habercim/wp-content/uploads/2021/08/simdi-aciklandi-asi-yaptirmayanlar-bu-yerlere-giremeyecek-15596-2.jpg" class="attachment-medium size-medium" alt="" loading="lazy" /></a></p>
<p>A/ŞIYA DUYARSIZLIK GÖZLEMLENDİ Hürriyet’ten Nuray Babacan’ın haberine göre yapılan değerlendirme toplantılarında, a/şı randevularına ilginin azalmasının nedeni olarak, 40-50 yaş arasındaki orta yaş gruplarındaki a/şı duyarsızlığı gösteriliyor. 18-35 yaş arasının ise hem kurallara uyum, hem de a/şıya ilgi açısından en duyarsız kitle olduğu belirtiliyor. Sadece a/şı kampanyası değil, Sağlık Bakanlığı’nın koordinasyonunda, karar vericiler ve sosyal bilimcilerle birlikte toplumun a/şı p/sikolojisini yönetmek için yeni kararlar alınması gerektiği de ifade ediliyor.<br />
SONBAHARA KADAR %70 B-AĞIŞIKLIK GEREKİYOR Özellikle, sonbahara kadar toplumun yüzde 70’inin ba/ğışıklık kazanması gerektiği, aksi durumda bu oranın yüzde 50’de kalabileceği öne sürülüyor. A/ŞI OLANLARA AYRICALIKLAR TANINACAK Ko/ronavi/rüs a/şısına ilginin artmaması durumunda, a/şı yaptıranlara pozitif ayrımcılık uygulanması da planlar arasında bulunuyor. HES kodu olmayanların kamu binaları, bankalar ve AVM’lere alınmaması gibi, a/şı yaptırmayanlara dönük sınırlamalar da ta/rtışılmaya başlanacak.</p>

<p>A/ŞIYA DUYARSIZLIK GÖZLEMLENDİ Hürriyet’ten Nuray Babacan’ın haberine göre yapılan değerlendirme toplantılarında, a/şı randevularına ilginin azalmasının nedeni olarak, 40-50 yaş arasındaki orta yaş gruplarındaki a/şı duyarsızlığı gösteriliyor. 18-35 yaş arasının ise hem kurallara uyum, hem de a/şıya ilgi açısından en duyarsız kitle olduğu belirtiliyor. Sadece a/şı kampanyası değil, Sağlık Bakanlığı’nın koordinasyonunda, karar vericiler ve sosyal bilimcilerle birlikte toplumun a/şı p/sikolojisini yönetmek için yeni kararlar alınması gerektiği de ifade ediliyor.<br />
SONBAHARA KADAR %70 B-AĞIŞIKLIK GEREKİYOR Özellikle, sonbahara kadar toplumun yüzde 70’inin ba/ğışıklık kazanması gerektiği, aksi durumda bu oranın yüzde 50’de kalabileceği öne sürülüyor. A/ŞI OLANLARA AYRICALIKLAR TANINACAK Ko/ronavi/rüs a/şısına ilginin artmaması durumunda, a/şı yaptıranlara pozitif ayrımcılık uygulanması da planlar arasında bulunuyor. HES kodu olmayanların kamu binaları, bankalar ve AVM’lere alınmaması gibi, a/şı yaptırmayanlara dönük sınırlamalar da ta/rtışılmaya başlanacak.</p>
