{"id":15614,"date":"2021-08-19T19:31:38","date_gmt":"2021-08-19T16:31:38","guid":{"rendered":"https:\/\/dizilerfragmanlar.com\/wp-content\/uploads\/2021\/08\/alisandan-aci-15610-2.jpg"},"modified":"2021-08-19T19:31:38","modified_gmt":"2021-08-19T16:31:38","slug":"alisandan-aci-4","status":"inherit","type":"attachment","link":"https:\/\/kilosorunum.com\/habercim\/foto-galeri\/alisandan-aci\/attachment\/alisandan-aci-4\/","title":{"rendered":"Ali\u015fan\u2019dan ACI"},"author":0,"comment_status":"open","ping_status":"closed","template":"","meta":[],"description":{"rendered":"<p class=\"attachment\"><a href='https:\/\/kilosorunum.com\/habercim\/wp-content\/uploads\/2021\/08\/alisandan-aci-15610-2.jpg'><img width=\"300\" height=\"165\" src=\"https:\/\/kilosorunum.com\/habercim\/wp-content\/uploads\/2021\/08\/alisandan-aci-15610-2-300x165.jpg\" class=\"attachment-medium size-medium\" alt=\"\" loading=\"lazy\" srcset=\"https:\/\/kilosorunum.com\/habercim\/wp-content\/uploads\/2021\/08\/alisandan-aci-15610-2-300x165.jpg 300w, https:\/\/kilosorunum.com\/habercim\/wp-content\/uploads\/2021\/08\/alisandan-aci-15610-2.jpg 696w\" sizes=\"(max-width: 300px) 100vw, 300px\" \/><\/a><\/p>\n<p>Ge\u00e7ti\u011fimiz hafta karde\u015fi Sel\u00e7uk Tekta\u015f\u2019\u0131 koronavir\u00fcs nedeniyle kaybeden Ali\u015fan, bir ac\u0131 haber daha ald\u0131.<\/p>\n<p>BEY\u0130N KANAMASI GE\u00c7\u0130RD\u0130<br \/>\nAli\u015fan\u2019\u0131n kuzeni Ozan Ebcin\u2019in banyoda d\u00fc\u015ferek kafas\u0131n\u0131 \u00e7arpmas\u0131 sonucu beyin kanamas\u0131 ge\u00e7irdi\u011fi ve kald\u0131r\u0131ld\u0131\u011f\u0131 hastanede hayat\u0131n\u0131 kaybetti\u011fi \u00f6\u011frenildi.Ozan Ebcin, Sel\u00e7uk Tekta\u015f\u2019\u0131n cenazesine de kat\u0131lm\u0131\u015ft\u0131.<\/p>\n"},"caption":{"rendered":"<p>Ge\u00e7ti\u011fimiz hafta karde\u015fi Sel\u00e7uk Tekta\u015f\u2019\u0131 koronavir\u00fcs nedeniyle kaybeden Ali\u015fan, bir ac\u0131 haber daha ald\u0131.<\/p>\n<p>BEY\u0130N KANAMASI GE\u00c7\u0130RD\u0130<br \/>\nAli\u015fan\u2019\u0131n kuzeni Ozan Ebcin\u2019in banyoda d\u00fc\u015ferek kafas\u0131n\u0131 \u00e7arpmas\u0131 sonucu beyin kanamas\u0131 ge\u00e7irdi\u011fi ve kald\u0131r\u0131ld\u0131\u011f\u0131 hastanede hayat\u0131n\u0131 kaybetti\u011fi \u00f6\u011frenildi.Ozan Ebcin, Sel\u00e7uk Tekta\u015f\u2019\u0131n cenazesine de kat\u0131lm\u0131\u015ft\u0131.<\/p>\n"},"alt_text":"","media_type":"image","mime_type":"image\/jpeg","media_details":{"width":696,"height":382,"file":"2021\/08\/alisandan-aci-15610-2.jpg","sizes":{"medium":{"file":"alisandan-aci-15610-2-300x165.jpg","width":300,"height":165,"mime_type":"image\/jpeg","source_url":"https:\/\/kilosorunum.com\/habercim\/wp-content\/uploads\/2021\/08\/alisandan-aci-15610-2-300x165.jpg"},"thumbnail":{"file":"alisandan-aci-15610-2-150x150.jpg","width":150,"height":150,"mime_type":"image\/jpeg","source_url":"https:\/\/kilosorunum.com\/habercim\/wp-content\/uploads\/2021\/08\/alisandan-aci-15610-2-150x150.jpg"},"kucukResim":{"file":"alisandan-aci-15610-2-80x50.jpg","width":80,"height":50,"mime_type":"image\/jpeg","source_url":"https:\/\/kilosorunum.com\/habercim\/wp-content\/uploads\/2021\/08\/alisandan-aci-15610-2-80x50.jpg"},"sliderResim":{"file":"alisandan-aci-15610-2-670x330.jpg","width":670,"height":330,"mime_type":"image\/jpeg","source_url":"https:\/\/kilosorunum.com\/habercim\/wp-content\/uploads\/2021\/08\/alisandan-aci-15610-2-670x330.jpg"},"resim1":{"file":"alisandan-aci-15610-2-184x140.jpg","width":184,"height":140,"mime_type":"image\/jpeg","source_url":"https:\/\/kilosorunum.com\/habercim\/wp-content\/uploads\/2021\/08\/alisandan-aci-15610-2-184x140.jpg"},"resim2":{"file":"alisandan-aci-15610-2-216x103.jpg","width":216,"height":103,"mime_type":"image\/jpeg","source_url":"https:\/\/kilosorunum.com\/habercim\/wp-content\/uploads\/2021\/08\/alisandan-aci-15610-2-216x103.jpg"},"resim3":{"file":"alisandan-aci-15610-2-145x70.jpg","width":145,"height":70,"mime_type":"image\/jpeg","source_url":"https:\/\/kilosorunum.com\/habercim\/wp-content\/uploads\/2021\/08\/alisandan-aci-15610-2-145x70.jpg"},"sagSlider":{"file":"alisandan-aci-15610-2-300x150.jpg","width":300,"height":150,"mime_type":"image\/jpeg","source_url":"https:\/\/kilosorunum.com\/habercim\/wp-content\/uploads\/2021\/08\/alisandan-aci-15610-2-300x150.jpg"},"yeniSlider":{"file":"alisandan-aci-15610-2-500x290.jpg","width":500,"height":290,"mime_type":"image\/jpeg","source_url":"https:\/\/kilosorunum.com\/habercim\/wp-content\/uploads\/2021\/08\/alisandan-aci-15610-2-500x290.jpg"},"full":{"file":"alisandan-aci-15610-2.jpg","width":696,"height":382,"mime_type":"image\/jpeg","source_url":"https:\/\/kilosorunum.com\/habercim\/wp-content\/uploads\/2021\/08\/alisandan-aci-15610-2.jpg"}},"image_meta":{"aperture":"0","credit":"","camera":"","caption":"","created_timestamp":"0","copyright":"","focal_length":"0","iso":"0","shutter_speed":"0","title":"","orientation":"0","keywords":[]}},"post":15610,"source_url":"https:\/\/kilosorunum.com\/habercim\/wp-content\/uploads\/2021\/08\/alisandan-aci-15610-2.jpg","_links":{"self":[{"href":"https:\/\/kilosorunum.com\/habercim\/wp-json\/wp\/v2\/media\/15614"}],"collection":[{"href":"https:\/\/kilosorunum.com\/habercim\/wp-json\/wp\/v2\/media"}],"about":[{"href":"https:\/\/kilosorunum.com\/habercim\/wp-json\/wp\/v2\/types\/attachment"}],"replies":[{"embeddable":true,"href":"https:\/\/kilosorunum.com\/habercim\/wp-json\/wp\/v2\/comments?post=15614"}]}}

Alişan’dan ACI

<p class="attachment"><a href='https://kilosorunum.com/habercim/wp-content/uploads/2021/08/alisandan-aci-15610-2.jpg'><img width="300" height="165" src="https://kilosorunum.com/habercim/wp-content/uploads/2021/08/alisandan-aci-15610-2-300x165.jpg" class="attachment-medium size-medium" alt="" loading="lazy" srcset="https://kilosorunum.com/habercim/wp-content/uploads/2021/08/alisandan-aci-15610-2-300x165.jpg 300w, https://kilosorunum.com/habercim/wp-content/uploads/2021/08/alisandan-aci-15610-2.jpg 696w" sizes="(max-width: 300px) 100vw, 300px" /></a></p>
<p>Geçtiğimiz hafta kardeşi Selçuk Tektaş’ı koronavirüs nedeniyle kaybeden Alişan, bir acı haber daha aldı.</p>
<p>BEYİN KANAMASI GEÇİRDİ<br />
Alişan’ın kuzeni Ozan Ebcin’in banyoda düşerek kafasını çarpması sonucu beyin kanaması geçirdiği ve kaldırıldığı hastanede hayatını kaybettiği öğrenildi.Ozan Ebcin, Selçuk Tektaş’ın cenazesine de katılmıştı.</p>

<p>Geçtiğimiz hafta kardeşi Selçuk Tektaş’ı koronavirüs nedeniyle kaybeden Alişan, bir acı haber daha aldı.</p>
<p>BEYİN KANAMASI GEÇİRDİ<br />
Alişan’ın kuzeni Ozan Ebcin’in banyoda düşerek kafasını çarpması sonucu beyin kanaması geçirdiği ve kaldırıldığı hastanede hayatını kaybettiği öğrenildi.Ozan Ebcin, Selçuk Tektaş’ın cenazesine de katılmıştı.</p>
