{"id":15641,"date":"2021-08-20T23:40:14","date_gmt":"2021-08-20T20:40:14","guid":{"rendered":"https:\/\/dizilerfragmanlar.com\/wp-content\/uploads\/2021\/08\/arabalarinin-icinde-nehrin-dibinde-bulundu-15639.jpg"},"modified":"2021-08-20T23:40:14","modified_gmt":"2021-08-20T20:40:14","slug":"arabalarinin-icinde-nehrin-dibinde-bulundu-2","status":"inherit","type":"attachment","link":"https:\/\/kilosorunum.com\/habercim\/foto-galeri\/arabalarinin-icinde-nehrin-dibinde-bulundu\/attachment\/arabalarinin-icinde-nehrin-dibinde-bulundu-2\/","title":{"rendered":"Arabalar\u0131n\u0131n \u0130\u00e7inde Nehrin Dibinde Bulundu\u2026"},"author":0,"comment_status":"open","ping_status":"closed","template":"","meta":[],"description":{"rendered":"<p class=\"attachment\"><a href='https:\/\/kilosorunum.com\/habercim\/wp-content\/uploads\/2021\/08\/arabalarinin-icinde-nehrin-dibinde-bulundu-15639.jpg'><img width=\"300\" height=\"63\" src=\"https:\/\/kilosorunum.com\/habercim\/wp-content\/uploads\/2021\/08\/arabalarinin-icinde-nehrin-dibinde-bulundu-15639-300x63.jpg\" class=\"attachment-medium size-medium\" alt=\"\" loading=\"lazy\" srcset=\"https:\/\/kilosorunum.com\/habercim\/wp-content\/uploads\/2021\/08\/arabalarinin-icinde-nehrin-dibinde-bulundu-15639-300x63.jpg 300w, https:\/\/kilosorunum.com\/habercim\/wp-content\/uploads\/2021\/08\/arabalarinin-icinde-nehrin-dibinde-bulundu-15639.jpg 768w\" sizes=\"(max-width: 300px) 100vw, 300px\" \/><\/a><\/p>\n<p>12 Y\u0131l \u00d6nce Kaybolan \u00c7iftin Ce-set-leri, Arabalar\u0131n\u0131n \u0130\u00e7inde Nehrin Dibinde Bulundu. Bir dal\u0131\u015f\u00e7\u0131n\u0131n nehrin dibindeki arabay\u0131 g\u00f6rmesi \u00fczerine bulundu. Rusya\u2019da 12 y\u0131l \u00f6nce gizemli bir \u015fekilde kay, 12 Y\u0131l \u00d6nce Kaybolan \u00c7iftin , Arabalar\u0131n\u0131n \u0130\u00e7inde Nehrin Dibinde Bulundu\u2026 \u0130\u015eTE ARABANIN \u0130\u00c7\u0130NDEN \u00c7IKANLAR\u2026\u2026<\/p>\n"},"caption":{"rendered":"<p>12 Y\u0131l \u00d6nce Kaybolan \u00c7iftin Ce-set-leri, Arabalar\u0131n\u0131n \u0130\u00e7inde Nehrin Dibinde Bulundu. Bir dal\u0131\u015f\u00e7\u0131n\u0131n nehrin dibindeki arabay\u0131 g\u00f6rmesi \u00fczerine bulundu. Rusya\u2019da 12 y\u0131l \u00f6nce gizemli bir \u015fekilde kay, 12 Y\u0131l \u00d6nce Kaybolan \u00c7iftin , Arabalar\u0131n\u0131n \u0130\u00e7inde Nehrin Dibinde Bulundu\u2026 \u0130\u015eTE ARABANIN \u0130\u00c7\u0130NDEN \u00c7IKANLAR\u2026\u2026<\/p>\n"},"alt_text":"","media_type":"image","mime_type":"image\/jpeg","media_details":{"width":768,"height":160,"file":"2021\/08\/arabalarinin-icinde-nehrin-dibinde-bulundu-15639.jpg","sizes":{"medium":{"file":"arabalarinin-icinde-nehrin-dibinde-bulundu-15639-300x63.jpg","width":300,"height":63,"mime_type":"image\/jpeg","source_url":"https:\/\/kilosorunum.com\/habercim\/wp-content\/uploads\/2021\/08\/arabalarinin-icinde-nehrin-dibinde-bulundu-15639-300x63.jpg"},"thumbnail":{"file":"arabalarinin-icinde-nehrin-dibinde-bulundu-15639-150x150.jpg","width":150,"height":150,"mime_type":"image\/jpeg","source_url":"https:\/\/kilosorunum.com\/habercim\/wp-content\/uploads\/2021\/08\/arabalarinin-icinde-nehrin-dibinde-bulundu-15639-150x150.jpg"},"kucukResim":{"file":"arabalarinin-icinde-nehrin-dibinde-bulundu-15639-80x50.jpg","width":80,"height":50,"mime_type":"image\/jpeg","source_url":"https:\/\/kilosorunum.com\/habercim\/wp-content\/uploads\/2021\/08\/arabalarinin-icinde-nehrin-dibinde-bulundu-15639-80x50.jpg"},"sliderResim":{"file":"arabalarinin-icinde-nehrin-dibinde-bulundu-15639-670x160.jpg","width":670,"height":160,"mime_type":"image\/jpeg","source_url":"https:\/\/kilosorunum.com\/habercim\/wp-content\/uploads\/2021\/08\/arabalarinin-icinde-nehrin-dibinde-bulundu-15639-670x160.jpg"},"resim1":{"file":"arabalarinin-icinde-nehrin-dibinde-bulundu-15639-184x140.jpg","width":184,"height":140,"mime_type":"image\/jpeg","source_url":"https:\/\/kilosorunum.com\/habercim\/wp-content\/uploads\/2021\/08\/arabalarinin-icinde-nehrin-dibinde-bulundu-15639-184x140.jpg"},"resim2":{"file":"arabalarinin-icinde-nehrin-dibinde-bulundu-15639-216x103.jpg","width":216,"height":103,"mime_type":"image\/jpeg","source_url":"https:\/\/kilosorunum.com\/habercim\/wp-content\/uploads\/2021\/08\/arabalarinin-icinde-nehrin-dibinde-bulundu-15639-216x103.jpg"},"resim3":{"file":"arabalarinin-icinde-nehrin-dibinde-bulundu-15639-145x70.jpg","width":145,"height":70,"mime_type":"image\/jpeg","source_url":"https:\/\/kilosorunum.com\/habercim\/wp-content\/uploads\/2021\/08\/arabalarinin-icinde-nehrin-dibinde-bulundu-15639-145x70.jpg"},"sagSlider":{"file":"arabalarinin-icinde-nehrin-dibinde-bulundu-15639-300x150.jpg","width":300,"height":150,"mime_type":"image\/jpeg","source_url":"https:\/\/kilosorunum.com\/habercim\/wp-content\/uploads\/2021\/08\/arabalarinin-icinde-nehrin-dibinde-bulundu-15639-300x150.jpg"},"yeniSlider":{"file":"arabalarinin-icinde-nehrin-dibinde-bulundu-15639-500x160.jpg","width":500,"height":160,"mime_type":"image\/jpeg","source_url":"https:\/\/kilosorunum.com\/habercim\/wp-content\/uploads\/2021\/08\/arabalarinin-icinde-nehrin-dibinde-bulundu-15639-500x160.jpg"},"full":{"file":"arabalarinin-icinde-nehrin-dibinde-bulundu-15639.jpg","width":768,"height":160,"mime_type":"image\/jpeg","source_url":"https:\/\/kilosorunum.com\/habercim\/wp-content\/uploads\/2021\/08\/arabalarinin-icinde-nehrin-dibinde-bulundu-15639.jpg"}},"image_meta":{"aperture":"0","credit":"","camera":"","caption":"","created_timestamp":"0","copyright":"","focal_length":"0","iso":"0","shutter_speed":"0","title":"","orientation":"0","keywords":[]}},"post":15639,"source_url":"https:\/\/kilosorunum.com\/habercim\/wp-content\/uploads\/2021\/08\/arabalarinin-icinde-nehrin-dibinde-bulundu-15639.jpg","_links":{"self":[{"href":"https:\/\/kilosorunum.com\/habercim\/wp-json\/wp\/v2\/media\/15641"}],"collection":[{"href":"https:\/\/kilosorunum.com\/habercim\/wp-json\/wp\/v2\/media"}],"about":[{"href":"https:\/\/kilosorunum.com\/habercim\/wp-json\/wp\/v2\/types\/attachment"}],"replies":[{"embeddable":true,"href":"https:\/\/kilosorunum.com\/habercim\/wp-json\/wp\/v2\/comments?post=15641"}]}}

Arabalarının İçinde Nehrin Dibinde Bulundu…

<p class="attachment"><a href='https://kilosorunum.com/habercim/wp-content/uploads/2021/08/arabalarinin-icinde-nehrin-dibinde-bulundu-15639.jpg'><img width="300" height="63" src="https://kilosorunum.com/habercim/wp-content/uploads/2021/08/arabalarinin-icinde-nehrin-dibinde-bulundu-15639-300x63.jpg" class="attachment-medium size-medium" alt="" loading="lazy" srcset="https://kilosorunum.com/habercim/wp-content/uploads/2021/08/arabalarinin-icinde-nehrin-dibinde-bulundu-15639-300x63.jpg 300w, https://kilosorunum.com/habercim/wp-content/uploads/2021/08/arabalarinin-icinde-nehrin-dibinde-bulundu-15639.jpg 768w" sizes="(max-width: 300px) 100vw, 300px" /></a></p>
<p>12 Yıl Önce Kaybolan Çiftin Ce-set-leri, Arabalarının İçinde Nehrin Dibinde Bulundu. Bir dalışçının nehrin dibindeki arabayı görmesi üzerine bulundu. Rusya’da 12 yıl önce gizemli bir şekilde kay, 12 Yıl Önce Kaybolan Çiftin , Arabalarının İçinde Nehrin Dibinde Bulundu… İŞTE ARABANIN İÇİNDEN ÇIKANLAR……</p>

<p>12 Yıl Önce Kaybolan Çiftin Ce-set-leri, Arabalarının İçinde Nehrin Dibinde Bulundu. Bir dalışçının nehrin dibindeki arabayı görmesi üzerine bulundu. Rusya’da 12 yıl önce gizemli bir şekilde kay, 12 Yıl Önce Kaybolan Çiftin , Arabalarının İçinde Nehrin Dibinde Bulundu… İŞTE ARABANIN İÇİNDEN ÇIKANLAR……</p>
