{"id":15661,"date":"2021-08-21T12:56:50","date_gmt":"2021-08-21T09:56:50","guid":{"rendered":"https:\/\/dizilerfragmanlar.com\/wp-content\/uploads\/2021\/08\/malesef-buyuk-olcekte-yasandi-15657-2.jpg"},"modified":"2021-08-21T12:56:50","modified_gmt":"2021-08-21T09:56:50","slug":"malesef-buyuk-olcekte-yasandi-4","status":"inherit","type":"attachment","link":"https:\/\/kilosorunum.com\/habercim\/foto-galeri\/malesef-buyuk-olcekte-yasandi\/attachment\/malesef-buyuk-olcekte-yasandi-4\/","title":{"rendered":"Malesef B\u00fcy\u00fck \u00d6l\u00e7ekte Yasand\u0131"},"author":0,"comment_status":"open","ping_status":"closed","template":"","meta":[],"description":{"rendered":"<p class=\"attachment\"><a href='https:\/\/kilosorunum.com\/habercim\/wp-content\/uploads\/2021\/08\/malesef-buyuk-olcekte-yasandi-15657-2.jpg'><img width=\"300\" height=\"168\" src=\"https:\/\/kilosorunum.com\/habercim\/wp-content\/uploads\/2021\/08\/malesef-buyuk-olcekte-yasandi-15657-2-300x168.jpg\" class=\"attachment-medium size-medium\" alt=\"\" loading=\"lazy\" srcset=\"https:\/\/kilosorunum.com\/habercim\/wp-content\/uploads\/2021\/08\/malesef-buyuk-olcekte-yasandi-15657-2-300x168.jpg 300w, https:\/\/kilosorunum.com\/habercim\/wp-content\/uploads\/2021\/08\/malesef-buyuk-olcekte-yasandi-15657-2.jpg 768w\" sizes=\"(max-width: 300px) 100vw, 300px\" \/><\/a><\/p>\n<p>ABD Jeolojik Ara\u015ft\u0131rmalar Merkezi (USGS), 7,2 b\u00fcy\u00fckl\u00fc\u011f\u00fcndeki depremin merkez \u00fcss\u00fcn\u00fcn Saint-Jean-du-Sud\u2019un 12 kilometre kuzeydo\u011fusu oldu\u011funu duyurmu\u015ftu.Haiti\u2019nin ba\u015fkenti Port-au-Prince\u2019de hissedilen depremin ard\u0131ndan halk panikle sokaklara d\u00f6k\u00fclm\u00fc\u015ft\u00fc.HABER\u0130N DEVAMINI OKUMAK \u0130\u00c7\u0130N FOTO\u011eRAFIN \u00dcZER\u0130NE T\u2019IKLAYINIZ..<\/p>\n"},"caption":{"rendered":"<p>ABD Jeolojik Ara\u015ft\u0131rmalar Merkezi (USGS), 7,2 b\u00fcy\u00fckl\u00fc\u011f\u00fcndeki depremin merkez \u00fcss\u00fcn\u00fcn Saint-Jean-du-Sud\u2019un 12 kilometre kuzeydo\u011fusu oldu\u011funu duyurmu\u015ftu.Haiti\u2019nin ba\u015fkenti Port-au-Prince\u2019de hissedilen depremin ard\u0131ndan halk panikle sokaklara d\u00f6k\u00fclm\u00fc\u015ft\u00fc.HABER\u0130N DEVAMINI OKUMAK \u0130\u00c7\u0130N FOTO\u011eRAFIN \u00dcZER\u0130NE T\u2019IKLAYINIZ..<\/p>\n"},"alt_text":"","media_type":"image","mime_type":"image\/jpeg","media_details":{"width":768,"height":431,"file":"2021\/08\/malesef-buyuk-olcekte-yasandi-15657-2.jpg","sizes":{"medium":{"file":"malesef-buyuk-olcekte-yasandi-15657-2-300x168.jpg","width":300,"height":168,"mime_type":"image\/jpeg","source_url":"https:\/\/kilosorunum.com\/habercim\/wp-content\/uploads\/2021\/08\/malesef-buyuk-olcekte-yasandi-15657-2-300x168.jpg"},"thumbnail":{"file":"malesef-buyuk-olcekte-yasandi-15657-2-150x150.jpg","width":150,"height":150,"mime_type":"image\/jpeg","source_url":"https:\/\/kilosorunum.com\/habercim\/wp-content\/uploads\/2021\/08\/malesef-buyuk-olcekte-yasandi-15657-2-150x150.jpg"},"kucukResim":{"file":"malesef-buyuk-olcekte-yasandi-15657-2-80x50.jpg","width":80,"height":50,"mime_type":"image\/jpeg","source_url":"https:\/\/kilosorunum.com\/habercim\/wp-content\/uploads\/2021\/08\/malesef-buyuk-olcekte-yasandi-15657-2-80x50.jpg"},"sliderResim":{"file":"malesef-buyuk-olcekte-yasandi-15657-2-670x330.jpg","width":670,"height":330,"mime_type":"image\/jpeg","source_url":"https:\/\/kilosorunum.com\/habercim\/wp-content\/uploads\/2021\/08\/malesef-buyuk-olcekte-yasandi-15657-2-670x330.jpg"},"resim1":{"file":"malesef-buyuk-olcekte-yasandi-15657-2-184x140.jpg","width":184,"height":140,"mime_type":"image\/jpeg","source_url":"https:\/\/kilosorunum.com\/habercim\/wp-content\/uploads\/2021\/08\/malesef-buyuk-olcekte-yasandi-15657-2-184x140.jpg"},"resim2":{"file":"malesef-buyuk-olcekte-yasandi-15657-2-216x103.jpg","width":216,"height":103,"mime_type":"image\/jpeg","source_url":"https:\/\/kilosorunum.com\/habercim\/wp-content\/uploads\/2021\/08\/malesef-buyuk-olcekte-yasandi-15657-2-216x103.jpg"},"resim3":{"file":"malesef-buyuk-olcekte-yasandi-15657-2-145x70.jpg","width":145,"height":70,"mime_type":"image\/jpeg","source_url":"https:\/\/kilosorunum.com\/habercim\/wp-content\/uploads\/2021\/08\/malesef-buyuk-olcekte-yasandi-15657-2-145x70.jpg"},"sagSlider":{"file":"malesef-buyuk-olcekte-yasandi-15657-2-300x150.jpg","width":300,"height":150,"mime_type":"image\/jpeg","source_url":"https:\/\/kilosorunum.com\/habercim\/wp-content\/uploads\/2021\/08\/malesef-buyuk-olcekte-yasandi-15657-2-300x150.jpg"},"yeniSlider":{"file":"malesef-buyuk-olcekte-yasandi-15657-2-500x290.jpg","width":500,"height":290,"mime_type":"image\/jpeg","source_url":"https:\/\/kilosorunum.com\/habercim\/wp-content\/uploads\/2021\/08\/malesef-buyuk-olcekte-yasandi-15657-2-500x290.jpg"},"full":{"file":"malesef-buyuk-olcekte-yasandi-15657-2.jpg","width":768,"height":431,"mime_type":"image\/jpeg","source_url":"https:\/\/kilosorunum.com\/habercim\/wp-content\/uploads\/2021\/08\/malesef-buyuk-olcekte-yasandi-15657-2.jpg"}},"image_meta":{"aperture":"0","credit":"","camera":"","caption":"","created_timestamp":"0","copyright":"","focal_length":"0","iso":"0","shutter_speed":"0","title":"","orientation":"0","keywords":[]}},"post":15657,"source_url":"https:\/\/kilosorunum.com\/habercim\/wp-content\/uploads\/2021\/08\/malesef-buyuk-olcekte-yasandi-15657-2.jpg","_links":{"self":[{"href":"https:\/\/kilosorunum.com\/habercim\/wp-json\/wp\/v2\/media\/15661"}],"collection":[{"href":"https:\/\/kilosorunum.com\/habercim\/wp-json\/wp\/v2\/media"}],"about":[{"href":"https:\/\/kilosorunum.com\/habercim\/wp-json\/wp\/v2\/types\/attachment"}],"replies":[{"embeddable":true,"href":"https:\/\/kilosorunum.com\/habercim\/wp-json\/wp\/v2\/comments?post=15661"}]}}

Malesef Büyük Ölçekte Yasandı

<p class="attachment"><a href='https://kilosorunum.com/habercim/wp-content/uploads/2021/08/malesef-buyuk-olcekte-yasandi-15657-2.jpg'><img width="300" height="168" src="https://kilosorunum.com/habercim/wp-content/uploads/2021/08/malesef-buyuk-olcekte-yasandi-15657-2-300x168.jpg" class="attachment-medium size-medium" alt="" loading="lazy" srcset="https://kilosorunum.com/habercim/wp-content/uploads/2021/08/malesef-buyuk-olcekte-yasandi-15657-2-300x168.jpg 300w, https://kilosorunum.com/habercim/wp-content/uploads/2021/08/malesef-buyuk-olcekte-yasandi-15657-2.jpg 768w" sizes="(max-width: 300px) 100vw, 300px" /></a></p>
<p>ABD Jeolojik Araştırmalar Merkezi (USGS), 7,2 büyüklüğündeki depremin merkez üssünün Saint-Jean-du-Sud’un 12 kilometre kuzeydoğusu olduğunu duyurmuştu.Haiti’nin başkenti Port-au-Prince’de hissedilen depremin ardından halk panikle sokaklara dökülmüştü.HABERİN DEVAMINI OKUMAK İÇİN FOTOĞRAFIN ÜZERİNE T’IKLAYINIZ..</p>

<p>ABD Jeolojik Araştırmalar Merkezi (USGS), 7,2 büyüklüğündeki depremin merkez üssünün Saint-Jean-du-Sud’un 12 kilometre kuzeydoğusu olduğunu duyurmuştu.Haiti’nin başkenti Port-au-Prince’de hissedilen depremin ardından halk panikle sokaklara dökülmüştü.HABERİN DEVAMINI OKUMAK İÇİN FOTOĞRAFIN ÜZERİNE T’IKLAYINIZ..</p>
