{"id":29129,"date":"2024-09-24T12:24:13","date_gmt":"2024-09-24T09:24:13","guid":{"rendered":"https:\/\/kilosorunum.com\/habercim\/wp-content\/uploads\/2024\/09\/images-6-5.jpg"},"modified":"2024-09-24T12:25:50","modified_gmt":"2024-09-24T09:25:50","slug":"images-6-15","status":"inherit","type":"attachment","link":"https:\/\/kilosorunum.com\/habercim\/foto-galeri\/meteorolojiden-yapilan-son-hava-durumu-tahminleri\/attachment\/images-6-15\/","title":{"rendered":"Meteoroloji&#8217;den yap\u0131lan son hava durumu tahminleri"},"author":2,"comment_status":"open","ping_status":"closed","template":"","meta":[],"description":{"rendered":"<p class=\"attachment\"><a href='https:\/\/kilosorunum.com\/habercim\/wp-content\/uploads\/2024\/09\/images-6-5.jpg'><img width=\"300\" height=\"168\" src=\"https:\/\/kilosorunum.com\/habercim\/wp-content\/uploads\/2024\/09\/images-6-5.jpg\" class=\"attachment-medium size-medium\" alt=\"\" loading=\"lazy\" \/><\/a><\/p>\n"},"caption":{"rendered":"<p>Meteoroloji&#8217;den yap\u0131lan son hava durumu tahminlerine g\u00f6re; \u0130stanbul&#8217;da Avrupa Yakas\u0131, Bat\u0131 Karadeniz&#8217;in i\u00e7 kesimleri ile Do\u011fu Karadeniz&#8217;in k\u0131y\u0131 kesimleri g\u00f6k g\u00fcr\u00fclt\u00fcl\u00fc sa\u011fanak ya\u011fmurlu olacak. Hava s\u0131cakl\u0131klar\u0131 i\u00e7 ve do\u011fu kesimlerde 2 ila 4 derece artacak.<br \/>\nMeteoroloji Genel M\u00fcd\u00fcrl\u00fc\u011f\u00fc taraf\u0131ndan yap\u0131lan son tahminlere g\u00f6re: \u00dclkemiz genelinin par\u00e7al\u0131 bulutlu, Do\u011fu Karadeniz k\u0131y\u0131lar\u0131 ile \u0130stanbul&#8217;un Avrupa yakas\u0131, Karab\u00fck, Bolu, Artvin, Ardahan, A\u011fr\u0131, I\u011fd\u0131r&#8217;\u0131n g\u00fcneyi, Van ve Erzurum&#8217;un kuzey kesimlerinin yerel sa\u011fanak ve g\u00f6k g\u00fcr\u00fclt\u00fcl\u00fc sa\u011fanak ya\u011f\u0131\u015fl\u0131 ge\u00e7ece\u011fi tahmin ediliyor. Sabah saatlerinde Marmara\u2019n\u0131n do\u011fusu ve Bat\u0131 Karadeniz\u2019de yer yer sis ve pus bekleniyor.<br \/>\nHava s\u0131cakl\u0131klar\u0131n\u0131n i\u00e7 ve do\u011fu kesimlerde 2 ila 4 derece artaca\u011f\u0131, di\u011fer yerlerde \u00f6nemli bir de\u011fi\u015fiklik beklenmiyor. R\u00fczgar\u0131n genellikle yurdun g\u00fcney ve bat\u0131 y\u00f6nlerden, G\u00fcneydo\u011fu Anadolu&#8217;da kuzey y\u00f6nlerden hafif, ara s\u0131ra orta kuvvette esmesi bekleniyor.<br \/>\nKaynak : haberturk.com<\/p>\n"},"alt_text":"","media_type":"image","mime_type":"image\/jpeg","media_details":{"width":300,"height":168,"file":"2024\/09\/images-6-5.jpg","sizes":{"thumbnail":{"file":"images-6-5-150x150.jpg","width":150,"height":150,"mime_type":"image\/jpeg","source_url":"https:\/\/kilosorunum.com\/habercim\/wp-content\/uploads\/2024\/09\/images-6-5-150x150.jpg"},"kucukResim":{"file":"images-6-5-80x50.jpg","width":80,"height":50,"mime_type":"image\/jpeg","source_url":"https:\/\/kilosorunum.com\/habercim\/wp-content\/uploads\/2024\/09\/images-6-5-80x50.jpg"},"resim1":{"file":"images-6-5-184x140.jpg","width":184,"height":140,"mime_type":"image\/jpeg","source_url":"https:\/\/kilosorunum.com\/habercim\/wp-content\/uploads\/2024\/09\/images-6-5-184x140.jpg"},"resim2":{"file":"images-6-5-216x103.jpg","width":216,"height":103,"mime_type":"image\/jpeg","source_url":"https:\/\/kilosorunum.com\/habercim\/wp-content\/uploads\/2024\/09\/images-6-5-216x103.jpg"},"resim3":{"file":"images-6-5-145x70.jpg","width":145,"height":70,"mime_type":"image\/jpeg","source_url":"https:\/\/kilosorunum.com\/habercim\/wp-content\/uploads\/2024\/09\/images-6-5-145x70.jpg"},"sagSlider":{"file":"images-6-5-300x150.jpg","width":300,"height":150,"mime_type":"image\/jpeg","source_url":"https:\/\/kilosorunum.com\/habercim\/wp-content\/uploads\/2024\/09\/images-6-5-300x150.jpg"},"full":{"file":"images-6-5.jpg","width":300,"height":168,"mime_type":"image\/jpeg","source_url":"https:\/\/kilosorunum.com\/habercim\/wp-content\/uploads\/2024\/09\/images-6-5.jpg"}},"image_meta":{"aperture":"0","credit":"","camera":"","caption":"","created_timestamp":"0","copyright":"","focal_length":"0","iso":"0","shutter_speed":"0","title":"","orientation":"0","keywords":[]}},"post":29127,"source_url":"https:\/\/kilosorunum.com\/habercim\/wp-content\/uploads\/2024\/09\/images-6-5.jpg","_links":{"self":[{"href":"https:\/\/kilosorunum.com\/habercim\/wp-json\/wp\/v2\/media\/29129"}],"collection":[{"href":"https:\/\/kilosorunum.com\/habercim\/wp-json\/wp\/v2\/media"}],"about":[{"href":"https:\/\/kilosorunum.com\/habercim\/wp-json\/wp\/v2\/types\/attachment"}],"author":[{"embeddable":true,"href":"https:\/\/kilosorunum.com\/habercim\/wp-json\/wp\/v2\/users\/2"}],"replies":[{"embeddable":true,"href":"https:\/\/kilosorunum.com\/habercim\/wp-json\/wp\/v2\/comments?post=29129"}]}}

Meteoroloji&#8217;den yapılan son hava durumu tahminleri

<p>Meteoroloji&#8217;den yapılan son hava durumu tahminlerine göre; İstanbul&#8217;da Avrupa Yakası, Batı Karadeniz&#8217;in iç kesimleri ile Doğu Karadeniz&#8217;in kıyı kesimleri gök gürültülü sağanak yağmurlu olacak. Hava sıcaklıkları iç ve doğu kesimlerde 2 ila 4 derece artacak.<br />
Meteoroloji Genel Müdürlüğü tarafından yapılan son tahminlere göre: Ülkemiz genelinin parçalı bulutlu, Doğu Karadeniz kıyıları ile İstanbul&#8217;un Avrupa yakası, Karabük, Bolu, Artvin, Ardahan, Ağrı, Iğdır&#8217;ın güneyi, Van ve Erzurum&#8217;un kuzey kesimlerinin yerel sağanak ve gök gürültülü sağanak yağışlı geçeceği tahmin ediliyor. Sabah saatlerinde Marmara’nın doğusu ve Batı Karadeniz’de yer yer sis ve pus bekleniyor.<br />
Hava sıcaklıklarının iç ve doğu kesimlerde 2 ila 4 derece artacağı, diğer yerlerde önemli bir değişiklik beklenmiyor. Rüzgarın genellikle yurdun güney ve batı yönlerden, Güneydoğu Anadolu&#8217;da kuzey yönlerden hafif, ara sıra orta kuvvette esmesi bekleniyor.<br />
Kaynak : haberturk.com</p>
