{"id":33570,"date":"2025-03-23T12:28:02","date_gmt":"2025-03-23T09:28:02","guid":{"rendered":"https:\/\/kilosorunum.com\/habercim\/wp-content\/uploads\/2025\/03\/1-211.jpg"},"modified":"2025-03-23T12:30:19","modified_gmt":"2025-03-23T09:30:19","slug":"1-2365","status":"inherit","type":"attachment","link":"https:\/\/kilosorunum.com\/habercim\/genel\/yatacagi-tarih\/attachment\/1-2365\/","title":{"rendered":"Yataca\u011f\u0131 Tarih"},"author":2,"comment_status":"open","ping_status":"closed","template":"","meta":[],"description":{"rendered":"<p class=\"attachment\"><a href='https:\/\/kilosorunum.com\/habercim\/wp-content\/uploads\/2025\/03\/1-211.jpg'><img width=\"300\" height=\"169\" src=\"https:\/\/kilosorunum.com\/habercim\/wp-content\/uploads\/2025\/03\/1-211-300x169.jpg\" class=\"attachment-medium size-medium\" alt=\"\" loading=\"lazy\" srcset=\"https:\/\/kilosorunum.com\/habercim\/wp-content\/uploads\/2025\/03\/1-211-300x169.jpg 300w, https:\/\/kilosorunum.com\/habercim\/wp-content\/uploads\/2025\/03\/1-211-1024x576.jpg 1024w, https:\/\/kilosorunum.com\/habercim\/wp-content\/uploads\/2025\/03\/1-211-768x432.jpg 768w, https:\/\/kilosorunum.com\/habercim\/wp-content\/uploads\/2025\/03\/1-211.jpg 1200w\" sizes=\"(max-width: 300px) 100vw, 300px\" \/><\/a><\/p>\n"},"caption":{"rendered":"<p>Ramazan Bayram\u0131 Emekli ikramiyesi \u00f6demeleri ba\u015fl\u0131yor. Sosyal G\u00fcvenlik Kurumu taraf\u0131ndan yap\u0131lan a\u00e7\u0131klamaya g\u00f6re \u00f6demeler tahsis numaras\u0131na g\u00f6re ger\u00e7ekle\u015ftirecek. Bayram ikramiyeleri ilk etapta 3 bin lira olarak yat\u0131r\u0131lacak. Ard\u0131ndan ise bayram ikramiyesi tutar\u0131n\u0131n y\u00fckselmesine y\u00f6nelik kanun teklifi, Meclis\u2019ten ge\u00e7tikten sonra Resmi Gazete\u2019de yay\u0131nland\u0131ktan sonra fark tutarlar\u0131 \u00f6demesi ger\u00e7ekle\u015ftirecek.<br \/>\nTahsis numaras\u0131 17,18,19 olanlar 24 Mart,<br \/>\n20,21,22 olanlar 25 Mart,<br \/>\n23,24,25,25,26 olanlar 26 Mart<br \/>\nBa\u011f-Kur (4b) kapmsa\u0131nda ayl\u0131k alanlara 27 Mart,<br \/>\nEmekli Sand\u0131\u011f\u0131 4c kapsam\u0131nda olanlara ise 28 Mart tarihinde yat\u0131r\u0131lacak.<br \/>\nEmekli bayram ikramiyesinin 3 bin liradan 4 bin liraya y\u00fckseltilmesini i\u00e7eren kanun teklifi T\u00fcrkiye B\u00fcy\u00fck Millet Meclisi&#8217;nde tart\u0131\u015fma \u00e7\u0131k\u0131nca ask\u0131ya al\u0131nm\u0131\u015ft\u0131. Sosyal G\u00fcvenlik Kurumu&#8217;ndan yap\u0131lan a\u00e7\u0131klamada bin liral\u0131k farklar\u0131n kanun teklifinin yasala\u015ft\u0131ktan sonra yat\u0131r\u0131laca\u011f\u0131 aktar\u0131ld\u0131. Farklar\u0131n yat\u0131r\u0131lma tarihine ili\u015fkin bir a\u00e7\u0131klama bulunmuyor.<br \/>\nKaynak : ntv.com.tr<\/p>\n"},"alt_text":"","media_type":"image","mime_type":"image\/jpeg","media_details":{"width":1200,"height":675,"file":"2025\/03\/1-211.jpg","sizes":{"medium":{"file":"1-211-300x169.jpg","width":300,"height":169,"mime_type":"image\/jpeg","source_url":"https:\/\/kilosorunum.com\/habercim\/wp-content\/uploads\/2025\/03\/1-211-300x169.jpg"},"large":{"file":"1-211-1024x576.jpg","width":1024,"height":576,"mime_type":"image\/jpeg","source_url":"https:\/\/kilosorunum.com\/habercim\/wp-content\/uploads\/2025\/03\/1-211-1024x576.jpg"},"thumbnail":{"file":"1-211-150x150.jpg","width":150,"height":150,"mime_type":"image\/jpeg","source_url":"https:\/\/kilosorunum.com\/habercim\/wp-content\/uploads\/2025\/03\/1-211-150x150.jpg"},"medium_large":{"file":"1-211-768x432.jpg","width":768,"height":432,"mime_type":"image\/jpeg","source_url":"https:\/\/kilosorunum.com\/habercim\/wp-content\/uploads\/2025\/03\/1-211-768x432.jpg"},"kucukResim":{"file":"1-211-80x50.jpg","width":80,"height":50,"mime_type":"image\/jpeg","source_url":"https:\/\/kilosorunum.com\/habercim\/wp-content\/uploads\/2025\/03\/1-211-80x50.jpg"},"sliderResim":{"file":"1-211-670x330.jpg","width":670,"height":330,"mime_type":"image\/jpeg","source_url":"https:\/\/kilosorunum.com\/habercim\/wp-content\/uploads\/2025\/03\/1-211-670x330.jpg"},"resim1":{"file":"1-211-184x140.jpg","width":184,"height":140,"mime_type":"image\/jpeg","source_url":"https:\/\/kilosorunum.com\/habercim\/wp-content\/uploads\/2025\/03\/1-211-184x140.jpg"},"resim2":{"file":"1-211-216x103.jpg","width":216,"height":103,"mime_type":"image\/jpeg","source_url":"https:\/\/kilosorunum.com\/habercim\/wp-content\/uploads\/2025\/03\/1-211-216x103.jpg"},"resim3":{"file":"1-211-145x70.jpg","width":145,"height":70,"mime_type":"image\/jpeg","source_url":"https:\/\/kilosorunum.com\/habercim\/wp-content\/uploads\/2025\/03\/1-211-145x70.jpg"},"sagSlider":{"file":"1-211-300x150.jpg","width":300,"height":150,"mime_type":"image\/jpeg","source_url":"https:\/\/kilosorunum.com\/habercim\/wp-content\/uploads\/2025\/03\/1-211-300x150.jpg"},"yeniSlider":{"file":"1-211-500x290.jpg","width":500,"height":290,"mime_type":"image\/jpeg","source_url":"https:\/\/kilosorunum.com\/habercim\/wp-content\/uploads\/2025\/03\/1-211-500x290.jpg"},"full":{"file":"1-211.jpg","width":1200,"height":675,"mime_type":"image\/jpeg","source_url":"https:\/\/kilosorunum.com\/habercim\/wp-content\/uploads\/2025\/03\/1-211.jpg"}},"image_meta":{"aperture":"0","credit":"","camera":"","caption":"","created_timestamp":"0","copyright":"","focal_length":"0","iso":"0","shutter_speed":"0","title":"","orientation":"0","keywords":[]}},"post":33568,"source_url":"https:\/\/kilosorunum.com\/habercim\/wp-content\/uploads\/2025\/03\/1-211.jpg","_links":{"self":[{"href":"https:\/\/kilosorunum.com\/habercim\/wp-json\/wp\/v2\/media\/33570"}],"collection":[{"href":"https:\/\/kilosorunum.com\/habercim\/wp-json\/wp\/v2\/media"}],"about":[{"href":"https:\/\/kilosorunum.com\/habercim\/wp-json\/wp\/v2\/types\/attachment"}],"author":[{"embeddable":true,"href":"https:\/\/kilosorunum.com\/habercim\/wp-json\/wp\/v2\/users\/2"}],"replies":[{"embeddable":true,"href":"https:\/\/kilosorunum.com\/habercim\/wp-json\/wp\/v2\/comments?post=33570"}]}}

Yatacağı Tarih

<p>Ramazan Bayramı Emekli ikramiyesi ödemeleri başlıyor. Sosyal Güvenlik Kurumu tarafından yapılan açıklamaya göre ödemeler tahsis numarasına göre gerçekleştirecek. Bayram ikramiyeleri ilk etapta 3 bin lira olarak yatırılacak. Ardından ise bayram ikramiyesi tutarının yükselmesine yönelik kanun teklifi, Meclis’ten geçtikten sonra Resmi Gazete’de yayınlandıktan sonra fark tutarları ödemesi gerçekleştirecek.<br />
Tahsis numarası 17,18,19 olanlar 24 Mart,<br />
20,21,22 olanlar 25 Mart,<br />
23,24,25,25,26 olanlar 26 Mart<br />
Bağ-Kur (4b) kapmsaında aylık alanlara 27 Mart,<br />
Emekli Sandığı 4c kapsamında olanlara ise 28 Mart tarihinde yatırılacak.<br />
Emekli bayram ikramiyesinin 3 bin liradan 4 bin liraya yükseltilmesini içeren kanun teklifi Türkiye Büyük Millet Meclisi&#8217;nde tartışma çıkınca askıya alınmıştı. Sosyal Güvenlik Kurumu&#8217;ndan yapılan açıklamada bin liralık farkların kanun teklifinin yasalaştıktan sonra yatırılacağı aktarıldı. Farkların yatırılma tarihine ilişkin bir açıklama bulunmuyor.<br />
Kaynak : ntv.com.tr</p>
