{"id":38737,"date":"2025-09-25T01:06:06","date_gmt":"2025-09-24T22:06:06","guid":{"rendered":"https:\/\/kilosorunum.com\/habercim\/wp-content\/uploads\/2025\/09\/1-240.jpg"},"modified":"2025-09-25T01:06:52","modified_gmt":"2025-09-24T22:06:52","slug":"1-4135","status":"inherit","type":"attachment","link":"https:\/\/kilosorunum.com\/habercim\/foto-galeri\/meteorolojiden-yeni-hava-durumu-raporu\/attachment\/1-4135\/","title":{"rendered":"Meteoroloji\u2019den yeni hava durumu raporu"},"author":2,"comment_status":"open","ping_status":"closed","template":"","meta":[],"description":{"rendered":"<p class=\"attachment\"><a href='https:\/\/kilosorunum.com\/habercim\/wp-content\/uploads\/2025\/09\/1-240.jpg'><img width=\"300\" height=\"169\" src=\"https:\/\/kilosorunum.com\/habercim\/wp-content\/uploads\/2025\/09\/1-240-300x169.jpg\" class=\"attachment-medium size-medium\" alt=\"\" loading=\"lazy\" srcset=\"https:\/\/kilosorunum.com\/habercim\/wp-content\/uploads\/2025\/09\/1-240-300x169.jpg 300w, https:\/\/kilosorunum.com\/habercim\/wp-content\/uploads\/2025\/09\/1-240-1024x576.jpg 1024w, https:\/\/kilosorunum.com\/habercim\/wp-content\/uploads\/2025\/09\/1-240-768x432.jpg 768w, https:\/\/kilosorunum.com\/habercim\/wp-content\/uploads\/2025\/09\/1-240.jpg 1200w\" sizes=\"(max-width: 300px) 100vw, 300px\" \/><\/a><\/p>\n"},"caption":{"rendered":"<p>Rapora g\u00f6re; y\u00fcksek s\u0131cakl\u0131klar\u0131n yan\u0131 s\u0131ra yurdun baz\u0131 kesimlerinde de ya\u011f\u0131\u015flar\u0131n etkili olmas\u0131 bekleniyor.<\/p>\n<p>YA\u011eI\u015e BEKLENEN \u0130LLER \u015eU \u015eEK\u0130LDE:<\/p>\n<p>25 Eyl\u00fcl Per\u015fembe: Sinop, Trabzon, Rize<\/p>\n<p>26 Eyl\u00fcl Cuma: \u0130stanbul, Kocaeli, Yalova ve Sakarya dahil olmak \u00fczere bir\u00e7ok ilde ya\u011f\u0131\u015f bekleniyor<\/p>\n<p>27 Eyl\u00fcl Cumartesi: Trabzon, Rize, Artvin, Ardahan, Kars<br \/>\n28 Eyl\u00fcl Pazar: Kocaeli, D\u00fczce<\/p>\n<p>29 Eyl\u00fcl Pazartesi: \u0130stanbul, Yalova, Bursa ve Sakarya\u2019n\u0131n da aralar\u0131nda bulundu\u011fu \u00e7ok say\u0131da ilde ya\u011f\u0131\u015flar etkili olacak.<\/p>\n<p>MARMARA<\/p>\n<p>Par\u00e7al\u0131 ve az bulutlu ge\u00e7ece\u011fi tahmin ediliyor. Sabah ve gece saatlerinde b\u00f6lgenin g\u00fcney ve do\u011fu kesimlerinde pus ve yer yer sis bekleniyor.<\/p>\n<p>BURSA \u00b0C, 28\u00b0C<\/p>\n<p>Par\u00e7al\u0131 ve az bulutlu<\/p>\n<p>\u00c7ANAKKALE \u00b0C, 30\u00b0C<\/p>\n<p>Par\u00e7al\u0131 ve az bulutlu<\/p>\n<p>\u0130STANBUL \u00b0C, 27\u00b0C<\/p>\n<p>Par\u00e7al\u0131 ve az bulutlu<\/p>\n<p>KIRKLAREL\u0130 \u00b0C, 29\u00b0C<\/p>\n<p>Par\u00e7al\u0131 ve az bulutlu<\/p>\n<p>EGE<\/p>\n<p>Az bulutlu ve a\u00e7\u0131k ge\u00e7ece\u011fi tahmin ediliyor.<\/p>\n<p>A.KARAH\u0130SAR \u00b0C, 29\u00b0C<\/p>\n<p>Az bulutlu ve a\u00e7\u0131k<\/p>\n<p>DEN\u0130ZL\u0130 \u00b0C, 34\u00b0C<\/p>\n<p>Az bulutlu ve a\u00e7\u0131k<\/p>\n<p>\u0130ZM\u0130R \u00b0C, 30\u00b0C<\/p>\n<p>Az bulutlu ve a\u00e7\u0131k<\/p>\n<p>MAN\u0130SA \u00b0C, 34\u00b0C<\/p>\n<p>Az bulutlu ve a\u00e7\u0131k<\/p>\n<p>AKDEN\u0130Z<\/p>\n<p>Az bulutlu ve a\u00e7\u0131k ge\u00e7ece\u011fi tahmin ediliyor.<\/p>\n<p>ADANA \u00b0C, 37\u00b0C<\/p>\n<p>Az bulutlu ve a\u00e7\u0131k<\/p>\n<p>ANTALYA \u00b0C, 33\u00b0C<\/p>\n<p>Az bulutlu ve a\u00e7\u0131k<\/p>\n<p>BURDUR \u00b0C, 31\u00b0C<\/p>\n<p>Az bulutlu ve a\u00e7\u0131k<\/p>\n<p>HATAY \u00b0C, 35\u00b0C<\/p>\n<p>Az bulutlu ve a\u00e7\u0131k<\/p>\n<p>\u0130\u00c7 ANADOLU<\/p>\n<p>Az bulutlu ve a\u00e7\u0131k ge\u00e7ece\u011fi tahmin ediliyor.<\/p>\n<p>ANKARA \u00b0C, 29\u00b0C<\/p>\n<p>Az bulutlu ve a\u00e7\u0131k<\/p>\n<p>\u00c7ANKIRI \u00b0C, 31\u00b0C<\/p>\n<p>Az bulutlu ve a\u00e7\u0131k<\/p>\n<p>ESK\u0130\u015eEH\u0130R \u00b0C, 30\u00b0C<\/p>\n<p>Az bulutlu ve a\u00e7\u0131k<\/p>\n<p>KONYA \u00b0C, 29\u00b0C<\/p>\n<p>Az bulutlu ve a\u00e7\u0131k<\/p>\n<p>BATI KARADEN\u0130Z<\/p>\n<p>Par\u00e7al\u0131 ve az bulutlu ge\u00e7ece\u011fi tahmin ediliyor. Sabah ve gece saatlerinde b\u00f6lge genelinde pus ve yer yer sis bekleniyor.<\/p>\n<p>BOLU \u00b0C, 28\u00b0C<\/p>\n<p>Par\u00e7al\u0131 ve az bulutlu<\/p>\n<p>D\u00dcZCE \u00b0C, 27\u00b0C<\/p>\n<p>Par\u00e7al\u0131 ve az bulutlu<\/p>\n<p>S\u0130NOP \u00b0C, 26\u00b0C<\/p>\n<p>Par\u00e7al\u0131 ve az bulutlu<\/p>\n<p>ZONGULDAK \u00b0C, 24\u00b0C<\/p>\n<p>Par\u00e7al\u0131 ve az bulutlu<\/p>\n<p>ORTA VE DO\u011eU KARADEN\u0130Z<\/p>\n<p>Par\u00e7al\u0131 ve az bulutlu ge\u00e7ece\u011fi tahmin ediliyor. Sabah ve gece saatlerinde b\u00f6lgenin k\u0131y\u0131 kesimlerinde pus ve yer yer sis bekleniyor.<\/p>\n<p>ARTV\u0130N \u00b0C, 26\u00b0C<\/p>\n<p>Par\u00e7al\u0131 ve az bulutlu<\/p>\n<p>R\u0130ZE \u00b0C, 24\u00b0C<\/p>\n<p>Par\u00e7al\u0131 ve az bulutlu<\/p>\n<p>SAMSUN \u00b0C, 24\u00b0C<\/p>\n<p>Par\u00e7al\u0131 ve az bulutlu<\/p>\n<p>TRABZON \u00b0C, 23\u00b0C<\/p>\n<p>Par\u00e7al\u0131 ve az bulutlu<\/p>\n<p>DO\u011eU ANADOLU<\/p>\n<p>Az bulutlu ve a\u00e7\u0131k ge\u00e7ece\u011fi tahmin ediliyor.<\/p>\n<p>ERZURUM \u00b0C, 23\u00b0C<\/p>\n<p>Az bulutlu ve a\u00e7\u0131k<\/p>\n<p>KARS \u00b0C, 22\u00b0C<\/p>\n<p>Az bulutlu ve a\u00e7\u0131k<\/p>\n<p>MALATYA \u00b0C, 29\u00b0C<\/p>\n<p>Az bulutlu ve a\u00e7\u0131k<\/p>\n<p>VAN \u00b0C, 21\u00b0C<\/p>\n<p>Az bulutlu ve a\u00e7\u0131k<\/p>\n<p>G\u00dcNEYDO\u011eU ANADOLU<\/p>\n<p>Az bulutlu ve a\u00e7\u0131k ge\u00e7ece\u011fi tahmin ediliyor.<\/p>\n<p>D\u0130YARBAKIR \u00b0C, 32\u00b0C<\/p>\n<p>Az bulutlu ve a\u00e7\u0131k<\/p>\n<p>GAZ\u0130ANTEP \u00b0C, 33\u00b0C<\/p>\n<p>Az bulutlu ve a\u00e7\u0131k<\/p>\n<p>MARD\u0130N \u00b0C, 30\u00b0C<\/p>\n<p>Az bulutlu ve a\u00e7\u0131k<\/p>\n<p>S\u0130\u0130RT \u00b0C, 30\u00b0C<\/p>\n<p>Az bulutlu ve a\u00e7\u0131k<\/p>\n<p>Kaynak : sabah.com.tr<\/p>\n"},"alt_text":"","media_type":"image","mime_type":"image\/jpeg","media_details":{"width":1200,"height":675,"file":"2025\/09\/1-240.jpg","sizes":{"medium":{"file":"1-240-300x169.jpg","width":300,"height":169,"mime_type":"image\/jpeg","source_url":"https:\/\/kilosorunum.com\/habercim\/wp-content\/uploads\/2025\/09\/1-240-300x169.jpg"},"large":{"file":"1-240-1024x576.jpg","width":1024,"height":576,"mime_type":"image\/jpeg","source_url":"https:\/\/kilosorunum.com\/habercim\/wp-content\/uploads\/2025\/09\/1-240-1024x576.jpg"},"thumbnail":{"file":"1-240-150x150.jpg","width":150,"height":150,"mime_type":"image\/jpeg","source_url":"https:\/\/kilosorunum.com\/habercim\/wp-content\/uploads\/2025\/09\/1-240-150x150.jpg"},"medium_large":{"file":"1-240-768x432.jpg","width":768,"height":432,"mime_type":"image\/jpeg","source_url":"https:\/\/kilosorunum.com\/habercim\/wp-content\/uploads\/2025\/09\/1-240-768x432.jpg"},"kucukResim":{"file":"1-240-80x50.jpg","width":80,"height":50,"mime_type":"image\/jpeg","source_url":"https:\/\/kilosorunum.com\/habercim\/wp-content\/uploads\/2025\/09\/1-240-80x50.jpg"},"sliderResim":{"file":"1-240-670x330.jpg","width":670,"height":330,"mime_type":"image\/jpeg","source_url":"https:\/\/kilosorunum.com\/habercim\/wp-content\/uploads\/2025\/09\/1-240-670x330.jpg"},"resim1":{"file":"1-240-184x140.jpg","width":184,"height":140,"mime_type":"image\/jpeg","source_url":"https:\/\/kilosorunum.com\/habercim\/wp-content\/uploads\/2025\/09\/1-240-184x140.jpg"},"resim2":{"file":"1-240-216x103.jpg","width":216,"height":103,"mime_type":"image\/jpeg","source_url":"https:\/\/kilosorunum.com\/habercim\/wp-content\/uploads\/2025\/09\/1-240-216x103.jpg"},"resim3":{"file":"1-240-145x70.jpg","width":145,"height":70,"mime_type":"image\/jpeg","source_url":"https:\/\/kilosorunum.com\/habercim\/wp-content\/uploads\/2025\/09\/1-240-145x70.jpg"},"sagSlider":{"file":"1-240-300x150.jpg","width":300,"height":150,"mime_type":"image\/jpeg","source_url":"https:\/\/kilosorunum.com\/habercim\/wp-content\/uploads\/2025\/09\/1-240-300x150.jpg"},"yeniSlider":{"file":"1-240-500x290.jpg","width":500,"height":290,"mime_type":"image\/jpeg","source_url":"https:\/\/kilosorunum.com\/habercim\/wp-content\/uploads\/2025\/09\/1-240-500x290.jpg"},"full":{"file":"1-240.jpg","width":1200,"height":675,"mime_type":"image\/jpeg","source_url":"https:\/\/kilosorunum.com\/habercim\/wp-content\/uploads\/2025\/09\/1-240.jpg"}},"image_meta":{"aperture":"0","credit":"","camera":"","caption":"","created_timestamp":"0","copyright":"","focal_length":"0","iso":"0","shutter_speed":"0","title":"","orientation":"0","keywords":[]}},"post":38735,"source_url":"https:\/\/kilosorunum.com\/habercim\/wp-content\/uploads\/2025\/09\/1-240.jpg","_links":{"self":[{"href":"https:\/\/kilosorunum.com\/habercim\/wp-json\/wp\/v2\/media\/38737"}],"collection":[{"href":"https:\/\/kilosorunum.com\/habercim\/wp-json\/wp\/v2\/media"}],"about":[{"href":"https:\/\/kilosorunum.com\/habercim\/wp-json\/wp\/v2\/types\/attachment"}],"author":[{"embeddable":true,"href":"https:\/\/kilosorunum.com\/habercim\/wp-json\/wp\/v2\/users\/2"}],"replies":[{"embeddable":true,"href":"https:\/\/kilosorunum.com\/habercim\/wp-json\/wp\/v2\/comments?post=38737"}]}}

<p>Rapora göre; yüksek sıcaklıkların yanı sıra yurdun bazı kesimlerinde de yağışların etkili olması bekleniyor.</p>
<p>YAĞIŞ BEKLENEN İLLER ŞU ŞEKİLDE:</p>
<p>25 Eylül Perşembe: Sinop, Trabzon, Rize</p>
<p>26 Eylül Cuma: İstanbul, Kocaeli, Yalova ve Sakarya dahil olmak üzere birçok ilde yağış bekleniyor</p>
<p>27 Eylül Cumartesi: Trabzon, Rize, Artvin, Ardahan, Kars<br />
28 Eylül Pazar: Kocaeli, Düzce</p>
<p>29 Eylül Pazartesi: İstanbul, Yalova, Bursa ve Sakarya’nın da aralarında bulunduğu çok sayıda ilde yağışlar etkili olacak.</p>
<p>MARMARA</p>
<p>Parçalı ve az bulutlu geçeceği tahmin ediliyor. Sabah ve gece saatlerinde bölgenin güney ve doğu kesimlerinde pus ve yer yer sis bekleniyor.</p>
<p>BURSA °C, 28°C</p>
<p>Parçalı ve az bulutlu</p>
<p>ÇANAKKALE °C, 30°C</p>
<p>Parçalı ve az bulutlu</p>
<p>İSTANBUL °C, 27°C</p>
<p>Parçalı ve az bulutlu</p>
<p>KIRKLARELİ °C, 29°C</p>
<p>Parçalı ve az bulutlu</p>
<p>EGE</p>
<p>Az bulutlu ve açık geçeceği tahmin ediliyor.</p>
<p>A.KARAHİSAR °C, 29°C</p>
<p>Az bulutlu ve açık</p>
<p>DENİZLİ °C, 34°C</p>
<p>Az bulutlu ve açık</p>
<p>İZMİR °C, 30°C</p>
<p>Az bulutlu ve açık</p>
<p>MANİSA °C, 34°C</p>
<p>Az bulutlu ve açık</p>
<p>AKDENİZ</p>
<p>Az bulutlu ve açık geçeceği tahmin ediliyor.</p>
<p>ADANA °C, 37°C</p>
<p>Az bulutlu ve açık</p>
<p>ANTALYA °C, 33°C</p>
<p>Az bulutlu ve açık</p>
<p>BURDUR °C, 31°C</p>
<p>Az bulutlu ve açık</p>
<p>HATAY °C, 35°C</p>
<p>Az bulutlu ve açık</p>
<p>İÇ ANADOLU</p>
<p>Az bulutlu ve açık geçeceği tahmin ediliyor.</p>
<p>ANKARA °C, 29°C</p>
<p>Az bulutlu ve açık</p>
<p>ÇANKIRI °C, 31°C</p>
<p>Az bulutlu ve açık</p>
<p>ESKİŞEHİR °C, 30°C</p>
<p>Az bulutlu ve açık</p>
<p>KONYA °C, 29°C</p>
<p>Az bulutlu ve açık</p>
<p>BATI KARADENİZ</p>
<p>Parçalı ve az bulutlu geçeceği tahmin ediliyor. Sabah ve gece saatlerinde bölge genelinde pus ve yer yer sis bekleniyor.</p>
<p>BOLU °C, 28°C</p>
<p>Parçalı ve az bulutlu</p>
<p>DÜZCE °C, 27°C</p>
<p>Parçalı ve az bulutlu</p>
<p>SİNOP °C, 26°C</p>
<p>Parçalı ve az bulutlu</p>
<p>ZONGULDAK °C, 24°C</p>
<p>Parçalı ve az bulutlu</p>
<p>ORTA VE DOĞU KARADENİZ</p>
<p>Parçalı ve az bulutlu geçeceği tahmin ediliyor. Sabah ve gece saatlerinde bölgenin kıyı kesimlerinde pus ve yer yer sis bekleniyor.</p>
<p>ARTVİN °C, 26°C</p>
<p>Parçalı ve az bulutlu</p>
<p>RİZE °C, 24°C</p>
<p>Parçalı ve az bulutlu</p>
<p>SAMSUN °C, 24°C</p>
<p>Parçalı ve az bulutlu</p>
<p>TRABZON °C, 23°C</p>
<p>Parçalı ve az bulutlu</p>
<p>DOĞU ANADOLU</p>
<p>Az bulutlu ve açık geçeceği tahmin ediliyor.</p>
<p>ERZURUM °C, 23°C</p>
<p>Az bulutlu ve açık</p>
<p>KARS °C, 22°C</p>
<p>Az bulutlu ve açık</p>
<p>MALATYA °C, 29°C</p>
<p>Az bulutlu ve açık</p>
<p>VAN °C, 21°C</p>
<p>Az bulutlu ve açık</p>
<p>GÜNEYDOĞU ANADOLU</p>
<p>Az bulutlu ve açık geçeceği tahmin ediliyor.</p>
<p>DİYARBAKIR °C, 32°C</p>
<p>Az bulutlu ve açık</p>
<p>GAZİANTEP °C, 33°C</p>
<p>Az bulutlu ve açık</p>
<p>MARDİN °C, 30°C</p>
<p>Az bulutlu ve açık</p>
<p>SİİRT °C, 30°C</p>
<p>Az bulutlu ve açık</p>
<p>Kaynak : sabah.com.tr</p>
