{"id":38777,"date":"2025-09-26T21:01:04","date_gmt":"2025-09-26T18:01:04","guid":{"rendered":"https:\/\/kilosorunum.com\/habercim\/wp-content\/uploads\/2025\/09\/1-256.jpg"},"modified":"2025-09-26T21:01:45","modified_gmt":"2025-09-26T18:01:45","slug":"1-4151","status":"inherit","type":"attachment","link":"https:\/\/kilosorunum.com\/habercim\/foto-galeri\/ayni-iller-tekrar-sallandi-simdi\/attachment\/1-4151\/","title":{"rendered":"Ayn\u0131 iller tekrar salland\u0131 \u015fimdi"},"author":2,"comment_status":"open","ping_status":"closed","template":"","meta":[],"description":{"rendered":"<p class=\"attachment\"><a href='https:\/\/kilosorunum.com\/habercim\/wp-content\/uploads\/2025\/09\/1-256.jpg'><img width=\"300\" height=\"169\" src=\"https:\/\/kilosorunum.com\/habercim\/wp-content\/uploads\/2025\/09\/1-256-300x169.jpg\" class=\"attachment-medium size-medium\" alt=\"\" loading=\"lazy\" srcset=\"https:\/\/kilosorunum.com\/habercim\/wp-content\/uploads\/2025\/09\/1-256-300x169.jpg 300w, https:\/\/kilosorunum.com\/habercim\/wp-content\/uploads\/2025\/09\/1-256-1024x576.jpg 1024w, https:\/\/kilosorunum.com\/habercim\/wp-content\/uploads\/2025\/09\/1-256-768x432.jpg 768w, https:\/\/kilosorunum.com\/habercim\/wp-content\/uploads\/2025\/09\/1-256.jpg 1200w\" sizes=\"(max-width: 300px) 100vw, 300px\" \/><\/a><\/p>\n"},"caption":{"rendered":"<p>Afet ve Acil Durum Y\u00f6netimi Ba\u015fkanl\u0131\u011f\u0131 (AFAD), Malatya\u2019n\u0131n P\u00fct\u00fcrge il\u00e7esinde 3.9 b\u00fcy\u00fckl\u00fc\u011f\u00fcnde deprem meydana geldi\u011fini duyurdu. AFAD verilerine g\u00f6re, Malatya\u2019n\u0131n P\u00fct\u00fcrge il\u00e7esinde saat 15.05\u2019te, 7 kilometre derinlikte, 3.9 b\u00fcy\u00fckl\u00fc\u011f\u00fcnde deprem meydana geldi. Kandilli Rasathanesi ise depremin b\u00fcy\u00fckl\u00fc\u011f\u00fcn\u00fc 4.0 olarak a\u00e7\u0131klad\u0131.<\/p>\n<p>PROF. DR. G\u00d6R\u00dcR: END\u0130\u015eEYE GEREK YOK<\/p>\n<p>Prof. Dr. Naci G\u00f6r\u00fcr, sosyal medya hesab\u0131ndan yapt\u0131\u011f\u0131 a\u00e7\u0131klamada, \u201cProf. Dr. Alihan-P\u00fct\u00fcrge\/Malatya\u2019da DAF Zonunda 4,0 deprem oldu. Daha \u00f6nce enerjisini bo\u015faltm\u0131\u015f b\u00f6lge. Endi\u015feye gerek yok\u201d dedi.<\/p>\n<p>Kaynak : hurriyet.com.tr<\/p>\n"},"alt_text":"","media_type":"image","mime_type":"image\/jpeg","media_details":{"width":1200,"height":675,"file":"2025\/09\/1-256.jpg","sizes":{"medium":{"file":"1-256-300x169.jpg","width":300,"height":169,"mime_type":"image\/jpeg","source_url":"https:\/\/kilosorunum.com\/habercim\/wp-content\/uploads\/2025\/09\/1-256-300x169.jpg"},"large":{"file":"1-256-1024x576.jpg","width":1024,"height":576,"mime_type":"image\/jpeg","source_url":"https:\/\/kilosorunum.com\/habercim\/wp-content\/uploads\/2025\/09\/1-256-1024x576.jpg"},"thumbnail":{"file":"1-256-150x150.jpg","width":150,"height":150,"mime_type":"image\/jpeg","source_url":"https:\/\/kilosorunum.com\/habercim\/wp-content\/uploads\/2025\/09\/1-256-150x150.jpg"},"medium_large":{"file":"1-256-768x432.jpg","width":768,"height":432,"mime_type":"image\/jpeg","source_url":"https:\/\/kilosorunum.com\/habercim\/wp-content\/uploads\/2025\/09\/1-256-768x432.jpg"},"kucukResim":{"file":"1-256-80x50.jpg","width":80,"height":50,"mime_type":"image\/jpeg","source_url":"https:\/\/kilosorunum.com\/habercim\/wp-content\/uploads\/2025\/09\/1-256-80x50.jpg"},"sliderResim":{"file":"1-256-670x330.jpg","width":670,"height":330,"mime_type":"image\/jpeg","source_url":"https:\/\/kilosorunum.com\/habercim\/wp-content\/uploads\/2025\/09\/1-256-670x330.jpg"},"resim1":{"file":"1-256-184x140.jpg","width":184,"height":140,"mime_type":"image\/jpeg","source_url":"https:\/\/kilosorunum.com\/habercim\/wp-content\/uploads\/2025\/09\/1-256-184x140.jpg"},"resim2":{"file":"1-256-216x103.jpg","width":216,"height":103,"mime_type":"image\/jpeg","source_url":"https:\/\/kilosorunum.com\/habercim\/wp-content\/uploads\/2025\/09\/1-256-216x103.jpg"},"resim3":{"file":"1-256-145x70.jpg","width":145,"height":70,"mime_type":"image\/jpeg","source_url":"https:\/\/kilosorunum.com\/habercim\/wp-content\/uploads\/2025\/09\/1-256-145x70.jpg"},"sagSlider":{"file":"1-256-300x150.jpg","width":300,"height":150,"mime_type":"image\/jpeg","source_url":"https:\/\/kilosorunum.com\/habercim\/wp-content\/uploads\/2025\/09\/1-256-300x150.jpg"},"yeniSlider":{"file":"1-256-500x290.jpg","width":500,"height":290,"mime_type":"image\/jpeg","source_url":"https:\/\/kilosorunum.com\/habercim\/wp-content\/uploads\/2025\/09\/1-256-500x290.jpg"},"full":{"file":"1-256.jpg","width":1200,"height":675,"mime_type":"image\/jpeg","source_url":"https:\/\/kilosorunum.com\/habercim\/wp-content\/uploads\/2025\/09\/1-256.jpg"}},"image_meta":{"aperture":"0","credit":"","camera":"","caption":"","created_timestamp":"0","copyright":"","focal_length":"0","iso":"0","shutter_speed":"0","title":"","orientation":"0","keywords":[]}},"post":38775,"source_url":"https:\/\/kilosorunum.com\/habercim\/wp-content\/uploads\/2025\/09\/1-256.jpg","_links":{"self":[{"href":"https:\/\/kilosorunum.com\/habercim\/wp-json\/wp\/v2\/media\/38777"}],"collection":[{"href":"https:\/\/kilosorunum.com\/habercim\/wp-json\/wp\/v2\/media"}],"about":[{"href":"https:\/\/kilosorunum.com\/habercim\/wp-json\/wp\/v2\/types\/attachment"}],"author":[{"embeddable":true,"href":"https:\/\/kilosorunum.com\/habercim\/wp-json\/wp\/v2\/users\/2"}],"replies":[{"embeddable":true,"href":"https:\/\/kilosorunum.com\/habercim\/wp-json\/wp\/v2\/comments?post=38777"}]}}

Aynı iller tekrar sallandı şimdi

<p>Afet ve Acil Durum Yönetimi Başkanlığı (AFAD), Malatya’nın Pütürge ilçesinde 3.9 büyüklüğünde deprem meydana geldiğini duyurdu. AFAD verilerine göre, Malatya’nın Pütürge ilçesinde saat 15.05’te, 7 kilometre derinlikte, 3.9 büyüklüğünde deprem meydana geldi. Kandilli Rasathanesi ise depremin büyüklüğünü 4.0 olarak açıkladı.</p>
<p>PROF. DR. GÖRÜR: ENDİŞEYE GEREK YOK</p>
<p>Prof. Dr. Naci Görür, sosyal medya hesabından yaptığı açıklamada, “Prof. Dr. Alihan-Pütürge/Malatya’da DAF Zonunda 4,0 deprem oldu. Daha önce enerjisini boşaltmış bölge. Endişeye gerek yok” dedi.</p>
<p>Kaynak : hurriyet.com.tr</p>
