{"id":38993,"date":"2025-10-06T13:04:23","date_gmt":"2025-10-06T10:04:23","guid":{"rendered":"https:\/\/kilosorunum.com\/habercim\/wp-content\/uploads\/2025\/10\/1-49.jpg"},"modified":"2025-10-06T13:05:04","modified_gmt":"2025-10-06T10:05:04","slug":"1-4235","status":"inherit","type":"attachment","link":"https:\/\/kilosorunum.com\/habercim\/foto-galeri\/3-ilimize-gecmis-olsun\/attachment\/1-4235\/","title":{"rendered":"3 ilimize ge\u00e7mi\u015f olsun"},"author":2,"comment_status":"open","ping_status":"closed","template":"","meta":[],"description":{"rendered":"<p class=\"attachment\"><a href='https:\/\/kilosorunum.com\/habercim\/wp-content\/uploads\/2025\/10\/1-49.jpg'><img width=\"300\" height=\"169\" src=\"https:\/\/kilosorunum.com\/habercim\/wp-content\/uploads\/2025\/10\/1-49-300x169.jpg\" class=\"attachment-medium size-medium\" alt=\"\" loading=\"lazy\" srcset=\"https:\/\/kilosorunum.com\/habercim\/wp-content\/uploads\/2025\/10\/1-49-300x169.jpg 300w, https:\/\/kilosorunum.com\/habercim\/wp-content\/uploads\/2025\/10\/1-49-1024x576.jpg 1024w, https:\/\/kilosorunum.com\/habercim\/wp-content\/uploads\/2025\/10\/1-49-768x432.jpg 768w, https:\/\/kilosorunum.com\/habercim\/wp-content\/uploads\/2025\/10\/1-49.jpg 1200w\" sizes=\"(max-width: 300px) 100vw, 300px\" \/><\/a><\/p>\n"},"caption":{"rendered":"<p>Bursa\u2019n\u0131n Orhaneli il\u00e7esinde 3.5 b\u00fcy\u00fckl\u00fc\u011f\u00fcnde deprem meydana geldi. Depremin derinli\u011fi 7.2 kilometre olarak \u00f6l\u00e7\u00fcld\u00fc. Kandilli Rasathanesi\u2019nin verilerine g\u00f6re Bursa Orhaneli merkezli 3.5 b\u00fcy\u00fckl\u00fc\u011f\u00fcnde deprem oldu. Saat 03.40\u2019taki depremin derinli\u011fi ise 7.2 kilometre olarak kay\u0131tlara ge\u00e7ti.<\/p>\n<p>\u0130\u00e7i\u015fleri Bakanl\u0131\u011f\u0131 Afet ve Acil Durum Y\u00f6netimi Ba\u015fkanl\u0131\u011f\u0131 (AFAD), Marmara Denizi\u2019nde 3,5 b\u00fcy\u00fckl\u00fc\u011f\u00fcnde bir depremin meydana geldi\u011fini a\u00e7\u0131klad\u0131. \u0130\u00e7i\u015fleri Bakanl\u0131\u011f\u0131 Afet ve Acil Durum Y\u00f6netimi Ba\u015fkanl\u0131\u011f\u0131 (AFAD), Marmara Denizi\u2019nde 3,5 b\u00fcy\u00fckl\u00fc\u011f\u00fcnde bir depremin meydana geldi\u011fini a\u00e7\u0131klad\u0131.<\/p>\n<p>Deprem 10.61 km derinlikte ger\u00e7ekle\u015fti.<\/p>\n"},"alt_text":"","media_type":"image","mime_type":"image\/jpeg","media_details":{"width":1200,"height":675,"file":"2025\/10\/1-49.jpg","sizes":{"medium":{"file":"1-49-300x169.jpg","width":300,"height":169,"mime_type":"image\/jpeg","source_url":"https:\/\/kilosorunum.com\/habercim\/wp-content\/uploads\/2025\/10\/1-49-300x169.jpg"},"large":{"file":"1-49-1024x576.jpg","width":1024,"height":576,"mime_type":"image\/jpeg","source_url":"https:\/\/kilosorunum.com\/habercim\/wp-content\/uploads\/2025\/10\/1-49-1024x576.jpg"},"thumbnail":{"file":"1-49-150x150.jpg","width":150,"height":150,"mime_type":"image\/jpeg","source_url":"https:\/\/kilosorunum.com\/habercim\/wp-content\/uploads\/2025\/10\/1-49-150x150.jpg"},"medium_large":{"file":"1-49-768x432.jpg","width":768,"height":432,"mime_type":"image\/jpeg","source_url":"https:\/\/kilosorunum.com\/habercim\/wp-content\/uploads\/2025\/10\/1-49-768x432.jpg"},"kucukResim":{"file":"1-49-80x50.jpg","width":80,"height":50,"mime_type":"image\/jpeg","source_url":"https:\/\/kilosorunum.com\/habercim\/wp-content\/uploads\/2025\/10\/1-49-80x50.jpg"},"sliderResim":{"file":"1-49-670x330.jpg","width":670,"height":330,"mime_type":"image\/jpeg","source_url":"https:\/\/kilosorunum.com\/habercim\/wp-content\/uploads\/2025\/10\/1-49-670x330.jpg"},"resim1":{"file":"1-49-184x140.jpg","width":184,"height":140,"mime_type":"image\/jpeg","source_url":"https:\/\/kilosorunum.com\/habercim\/wp-content\/uploads\/2025\/10\/1-49-184x140.jpg"},"resim2":{"file":"1-49-216x103.jpg","width":216,"height":103,"mime_type":"image\/jpeg","source_url":"https:\/\/kilosorunum.com\/habercim\/wp-content\/uploads\/2025\/10\/1-49-216x103.jpg"},"resim3":{"file":"1-49-145x70.jpg","width":145,"height":70,"mime_type":"image\/jpeg","source_url":"https:\/\/kilosorunum.com\/habercim\/wp-content\/uploads\/2025\/10\/1-49-145x70.jpg"},"sagSlider":{"file":"1-49-300x150.jpg","width":300,"height":150,"mime_type":"image\/jpeg","source_url":"https:\/\/kilosorunum.com\/habercim\/wp-content\/uploads\/2025\/10\/1-49-300x150.jpg"},"yeniSlider":{"file":"1-49-500x290.jpg","width":500,"height":290,"mime_type":"image\/jpeg","source_url":"https:\/\/kilosorunum.com\/habercim\/wp-content\/uploads\/2025\/10\/1-49-500x290.jpg"},"full":{"file":"1-49.jpg","width":1200,"height":675,"mime_type":"image\/jpeg","source_url":"https:\/\/kilosorunum.com\/habercim\/wp-content\/uploads\/2025\/10\/1-49.jpg"}},"image_meta":{"aperture":"0","credit":"","camera":"","caption":"","created_timestamp":"0","copyright":"","focal_length":"0","iso":"0","shutter_speed":"0","title":"","orientation":"0","keywords":[]}},"post":38991,"source_url":"https:\/\/kilosorunum.com\/habercim\/wp-content\/uploads\/2025\/10\/1-49.jpg","_links":{"self":[{"href":"https:\/\/kilosorunum.com\/habercim\/wp-json\/wp\/v2\/media\/38993"}],"collection":[{"href":"https:\/\/kilosorunum.com\/habercim\/wp-json\/wp\/v2\/media"}],"about":[{"href":"https:\/\/kilosorunum.com\/habercim\/wp-json\/wp\/v2\/types\/attachment"}],"author":[{"embeddable":true,"href":"https:\/\/kilosorunum.com\/habercim\/wp-json\/wp\/v2\/users\/2"}],"replies":[{"embeddable":true,"href":"https:\/\/kilosorunum.com\/habercim\/wp-json\/wp\/v2\/comments?post=38993"}]}}

3 ilimize geçmiş olsun

<p>Bursa’nın Orhaneli ilçesinde 3.5 büyüklüğünde deprem meydana geldi. Depremin derinliği 7.2 kilometre olarak ölçüldü. Kandilli Rasathanesi’nin verilerine göre Bursa Orhaneli merkezli 3.5 büyüklüğünde deprem oldu. Saat 03.40’taki depremin derinliği ise 7.2 kilometre olarak kayıtlara geçti.</p>
<p>İçişleri Bakanlığı Afet ve Acil Durum Yönetimi Başkanlığı (AFAD), Marmara Denizi’nde 3,5 büyüklüğünde bir depremin meydana geldiğini açıkladı. İçişleri Bakanlığı Afet ve Acil Durum Yönetimi Başkanlığı (AFAD), Marmara Denizi’nde 3,5 büyüklüğünde bir depremin meydana geldiğini açıkladı.</p>
<p>Deprem 10.61 km derinlikte gerçekleşti.</p>
