{"id":39394,"date":"2025-10-18T21:42:21","date_gmt":"2025-10-18T18:42:21","guid":{"rendered":"https:\/\/kilosorunum.com\/habercim\/wp-content\/uploads\/2025\/10\/images-7-3-4.jpg"},"modified":"2025-10-18T21:42:45","modified_gmt":"2025-10-18T18:42:45","slug":"images-7-3-14","status":"inherit","type":"attachment","link":"https:\/\/kilosorunum.com\/habercim\/foto-galeri\/bazi-emekliler-2\/attachment\/images-7-3-14\/","title":{"rendered":"Baz\u0131 emekliler"},"author":2,"comment_status":"open","ping_status":"closed","template":"","meta":[],"description":{"rendered":"<p class=\"attachment\"><a href='https:\/\/kilosorunum.com\/habercim\/wp-content\/uploads\/2025\/10\/images-7-3-4.jpg'><img width=\"300\" height=\"168\" src=\"https:\/\/kilosorunum.com\/habercim\/wp-content\/uploads\/2025\/10\/images-7-3-4.jpg\" class=\"attachment-medium size-medium\" alt=\"\" loading=\"lazy\" \/><\/a><\/p>\n"},"caption":{"rendered":"<p>Baz\u0131 emeklilerin maa\u015flar\u0131 kesilecek! Evlere ka\u011f\u0131t g\u00f6nderilmeye ba\u015fland\u0131. Peki neden baz\u0131 emeklilikler iptal ediliyor \u015fimdi a\u00e7\u0131klamas\u0131 yap\u0131ld\u0131..<\/p>\n<p>devam\u0131 sonraki sayfadad\u0131r\u2026 g\u00f6rsel \u00fczerinden do2&#8217;kununuz ge\u00e7ebilirsiniz&#8230;<\/p>\n"},"alt_text":"","media_type":"image","mime_type":"image\/jpeg","media_details":{"width":300,"height":168,"file":"2025\/10\/images-7-3-4.jpg","sizes":{"thumbnail":{"file":"images-7-3-4-150x150.jpg","width":150,"height":150,"mime_type":"image\/jpeg","source_url":"https:\/\/kilosorunum.com\/habercim\/wp-content\/uploads\/2025\/10\/images-7-3-4-150x150.jpg"},"kucukResim":{"file":"images-7-3-4-80x50.jpg","width":80,"height":50,"mime_type":"image\/jpeg","source_url":"https:\/\/kilosorunum.com\/habercim\/wp-content\/uploads\/2025\/10\/images-7-3-4-80x50.jpg"},"resim1":{"file":"images-7-3-4-184x140.jpg","width":184,"height":140,"mime_type":"image\/jpeg","source_url":"https:\/\/kilosorunum.com\/habercim\/wp-content\/uploads\/2025\/10\/images-7-3-4-184x140.jpg"},"resim2":{"file":"images-7-3-4-216x103.jpg","width":216,"height":103,"mime_type":"image\/jpeg","source_url":"https:\/\/kilosorunum.com\/habercim\/wp-content\/uploads\/2025\/10\/images-7-3-4-216x103.jpg"},"resim3":{"file":"images-7-3-4-145x70.jpg","width":145,"height":70,"mime_type":"image\/jpeg","source_url":"https:\/\/kilosorunum.com\/habercim\/wp-content\/uploads\/2025\/10\/images-7-3-4-145x70.jpg"},"sagSlider":{"file":"images-7-3-4-300x150.jpg","width":300,"height":150,"mime_type":"image\/jpeg","source_url":"https:\/\/kilosorunum.com\/habercim\/wp-content\/uploads\/2025\/10\/images-7-3-4-300x150.jpg"},"full":{"file":"images-7-3-4.jpg","width":300,"height":168,"mime_type":"image\/jpeg","source_url":"https:\/\/kilosorunum.com\/habercim\/wp-content\/uploads\/2025\/10\/images-7-3-4.jpg"}},"image_meta":{"aperture":"0","credit":"","camera":"","caption":"","created_timestamp":"0","copyright":"","focal_length":"0","iso":"0","shutter_speed":"0","title":"","orientation":"0","keywords":[]}},"post":39393,"source_url":"https:\/\/kilosorunum.com\/habercim\/wp-content\/uploads\/2025\/10\/images-7-3-4.jpg","_links":{"self":[{"href":"https:\/\/kilosorunum.com\/habercim\/wp-json\/wp\/v2\/media\/39394"}],"collection":[{"href":"https:\/\/kilosorunum.com\/habercim\/wp-json\/wp\/v2\/media"}],"about":[{"href":"https:\/\/kilosorunum.com\/habercim\/wp-json\/wp\/v2\/types\/attachment"}],"author":[{"embeddable":true,"href":"https:\/\/kilosorunum.com\/habercim\/wp-json\/wp\/v2\/users\/2"}],"replies":[{"embeddable":true,"href":"https:\/\/kilosorunum.com\/habercim\/wp-json\/wp\/v2\/comments?post=39394"}]}}

Bazı emekliler

<p>Bazı emeklilerin maaşları kesilecek! Evlere kağıt gönderilmeye başlandı. Peki neden bazı emeklilikler iptal ediliyor şimdi açıklaması yapıldı..</p>
<p>devamı sonraki sayfadadır… görsel üzerinden do2&#8217;kununuz geçebilirsiniz&#8230;</p>
