{"id":39442,"date":"2025-10-20T00:12:15","date_gmt":"2025-10-19T21:12:15","guid":{"rendered":"https:\/\/kilosorunum.com\/habercim\/wp-content\/uploads\/2025\/10\/1-15-768x201-10.jpg"},"modified":"2025-10-20T00:12:52","modified_gmt":"2025-10-19T21:12:52","slug":"1-15-768x201-1310","status":"inherit","type":"attachment","link":"https:\/\/kilosorunum.com\/habercim\/foto-galeri\/ekipler-olay-yerinde\/attachment\/1-15-768x201-1310\/","title":{"rendered":"Ekipler olay yerinde"},"author":2,"comment_status":"open","ping_status":"closed","template":"","meta":[],"description":{"rendered":"<p class=\"attachment\"><a href='https:\/\/kilosorunum.com\/habercim\/wp-content\/uploads\/2025\/10\/1-15-768x201-10.jpg'><img width=\"300\" height=\"79\" src=\"https:\/\/kilosorunum.com\/habercim\/wp-content\/uploads\/2025\/10\/1-15-768x201-10-300x79.jpg\" class=\"attachment-medium size-medium\" alt=\"\" loading=\"lazy\" srcset=\"https:\/\/kilosorunum.com\/habercim\/wp-content\/uploads\/2025\/10\/1-15-768x201-10-300x79.jpg 300w, https:\/\/kilosorunum.com\/habercim\/wp-content\/uploads\/2025\/10\/1-15-768x201-10.jpg 768w\" sizes=\"(max-width: 300px) 100vw, 300px\" \/><\/a><\/p>\n"},"caption":{"rendered":"<p>Adana\u2019n\u0131n Pozant\u0131 il\u00e7esinde orman yolunda plakas\u0131 \u00f6\u011frenilemeyen otomobil, s\u00fcr\u00fcc\u00fcn\u00fcn direksiyon hakimiyetini kaybetmesi sonucu u\u00e7uruma yuvarland\u0131. Kazada, O.A ve e\u015fi E.A. hayat\u0131n\u0131 kaybetti.<br \/>\nKaza, Adana\u2019n\u0131n Pozant\u0131 il\u00e7esine ba\u011fl\u0131 F\u0131nd\u0131kl\u0131 Mahallesi ile \u00c7aml\u0131bel Mahallesi aras\u0131ndaki \u00c7etinlik mevkiindeki orman yolunda meydana geldi. Plakas\u0131 \u00f6\u011frenilemeyen otomobil, s\u00fcr\u00fcc\u00fcn\u00fcn direksiyon hakimiyetini kaybetmesi sonucu u\u00e7uruma yuvarland\u0131.<\/p>\n<p>\u00c7\u0130FT OLAY YER\u0130NDE HAYATINI KAYBETT\u0130<\/p>\n<p>Orman i\u00e7erisinde odun kesen vatanda\u015flar\u0131n kazay\u0131 g\u00f6r\u00fcp yetkililere haber vermesiyle kaza yerine sa\u011fl\u0131k ve itfaiye ekipleri sevk edildi. Ekipler, ara\u00e7taki s\u00fcr\u00fcc\u00fc O.A ve e\u015fi E.A.\u2019n\u0131n hayat\u0131n\u0131 kaybetti\u011fini belirledi.<\/p>\n<p>Kaza yapan kar\u0131 kocan\u0131n Pozant\u0131 il\u00e7esinde ikamet etti\u011fi ve Alada\u011f il\u00e7esinin Sivi\u015fli k\u00f6y\u00fcnden geldikleri \u00f6\u011frenildi. Cumhuriyet savc\u0131n\u0131n incelemesinden sonra \u00e7iftin cenazeleri Pozant\u0131 80. Y\u0131l Devlet Hastanesi\u2019ne kald\u0131r\u0131ld\u0131.<\/p>\n<p>Kazayla ilgili inceleme ba\u015flat\u0131ld\u0131.<\/p>\n<p>Kaynak : sabah.com.tr<\/p>\n"},"alt_text":"","media_type":"image","mime_type":"image\/jpeg","media_details":{"width":768,"height":201,"file":"2025\/10\/1-15-768x201-10.jpg","sizes":{"medium":{"file":"1-15-768x201-10-300x79.jpg","width":300,"height":79,"mime_type":"image\/jpeg","source_url":"https:\/\/kilosorunum.com\/habercim\/wp-content\/uploads\/2025\/10\/1-15-768x201-10-300x79.jpg"},"thumbnail":{"file":"1-15-768x201-10-150x150.jpg","width":150,"height":150,"mime_type":"image\/jpeg","source_url":"https:\/\/kilosorunum.com\/habercim\/wp-content\/uploads\/2025\/10\/1-15-768x201-10-150x150.jpg"},"kucukResim":{"file":"1-15-768x201-10-80x50.jpg","width":80,"height":50,"mime_type":"image\/jpeg","source_url":"https:\/\/kilosorunum.com\/habercim\/wp-content\/uploads\/2025\/10\/1-15-768x201-10-80x50.jpg"},"sliderResim":{"file":"1-15-768x201-10-670x201.jpg","width":670,"height":201,"mime_type":"image\/jpeg","source_url":"https:\/\/kilosorunum.com\/habercim\/wp-content\/uploads\/2025\/10\/1-15-768x201-10-670x201.jpg"},"resim1":{"file":"1-15-768x201-10-184x140.jpg","width":184,"height":140,"mime_type":"image\/jpeg","source_url":"https:\/\/kilosorunum.com\/habercim\/wp-content\/uploads\/2025\/10\/1-15-768x201-10-184x140.jpg"},"resim2":{"file":"1-15-768x201-10-216x103.jpg","width":216,"height":103,"mime_type":"image\/jpeg","source_url":"https:\/\/kilosorunum.com\/habercim\/wp-content\/uploads\/2025\/10\/1-15-768x201-10-216x103.jpg"},"resim3":{"file":"1-15-768x201-10-145x70.jpg","width":145,"height":70,"mime_type":"image\/jpeg","source_url":"https:\/\/kilosorunum.com\/habercim\/wp-content\/uploads\/2025\/10\/1-15-768x201-10-145x70.jpg"},"sagSlider":{"file":"1-15-768x201-10-300x150.jpg","width":300,"height":150,"mime_type":"image\/jpeg","source_url":"https:\/\/kilosorunum.com\/habercim\/wp-content\/uploads\/2025\/10\/1-15-768x201-10-300x150.jpg"},"yeniSlider":{"file":"1-15-768x201-10-500x201.jpg","width":500,"height":201,"mime_type":"image\/jpeg","source_url":"https:\/\/kilosorunum.com\/habercim\/wp-content\/uploads\/2025\/10\/1-15-768x201-10-500x201.jpg"},"full":{"file":"1-15-768x201-10.jpg","width":768,"height":201,"mime_type":"image\/jpeg","source_url":"https:\/\/kilosorunum.com\/habercim\/wp-content\/uploads\/2025\/10\/1-15-768x201-10.jpg"}},"image_meta":{"aperture":"0","credit":"","camera":"","caption":"","created_timestamp":"0","copyright":"","focal_length":"0","iso":"0","shutter_speed":"0","title":"","orientation":"0","keywords":[]}},"post":39440,"source_url":"https:\/\/kilosorunum.com\/habercim\/wp-content\/uploads\/2025\/10\/1-15-768x201-10.jpg","_links":{"self":[{"href":"https:\/\/kilosorunum.com\/habercim\/wp-json\/wp\/v2\/media\/39442"}],"collection":[{"href":"https:\/\/kilosorunum.com\/habercim\/wp-json\/wp\/v2\/media"}],"about":[{"href":"https:\/\/kilosorunum.com\/habercim\/wp-json\/wp\/v2\/types\/attachment"}],"author":[{"embeddable":true,"href":"https:\/\/kilosorunum.com\/habercim\/wp-json\/wp\/v2\/users\/2"}],"replies":[{"embeddable":true,"href":"https:\/\/kilosorunum.com\/habercim\/wp-json\/wp\/v2\/comments?post=39442"}]}}

<p>Adana’nın Pozantı ilçesinde orman yolunda plakası öğrenilemeyen otomobil, sürücünün direksiyon hakimiyetini kaybetmesi sonucu uçuruma yuvarlandı. Kazada, O.A ve eşi E.A. hayatını kaybetti.<br />
Kaza, Adana’nın Pozantı ilçesine bağlı Fındıklı Mahallesi ile Çamlıbel Mahallesi arasındaki Çetinlik mevkiindeki orman yolunda meydana geldi. Plakası öğrenilemeyen otomobil, sürücünün direksiyon hakimiyetini kaybetmesi sonucu uçuruma yuvarlandı.</p>
<p>ÇİFT OLAY YERİNDE HAYATINI KAYBETTİ</p>
<p>Orman içerisinde odun kesen vatandaşların kazayı görüp yetkililere haber vermesiyle kaza yerine sağlık ve itfaiye ekipleri sevk edildi. Ekipler, araçtaki sürücü O.A ve eşi E.A.’nın hayatını kaybettiğini belirledi.</p>
<p>Kaza yapan karı kocanın Pozantı ilçesinde ikamet ettiği ve Aladağ ilçesinin Sivişli köyünden geldikleri öğrenildi. Cumhuriyet savcının incelemesinden sonra çiftin cenazeleri Pozantı 80. Yıl Devlet Hastanesi’ne kaldırıldı.</p>
<p>Kazayla ilgili inceleme başlatıldı.</p>
<p>Kaynak : sabah.com.tr</p>
