{"id":39563,"date":"2025-10-24T12:02:31","date_gmt":"2025-10-24T09:02:31","guid":{"rendered":"https:\/\/kilosorunum.com\/habercim\/wp-content\/uploads\/2025\/10\/1-264.jpg"},"modified":"2025-10-24T12:03:27","modified_gmt":"2025-10-24T09:03:27","slug":"1-4450","status":"inherit","type":"attachment","link":"https:\/\/kilosorunum.com\/habercim\/foto-galeri\/3-ilimizde-3-zelzele\/attachment\/1-4450\/","title":{"rendered":"3 ilimizde 3 zelzele"},"author":2,"comment_status":"open","ping_status":"closed","template":"","meta":[],"description":{"rendered":"<p class=\"attachment\"><a href='https:\/\/kilosorunum.com\/habercim\/wp-content\/uploads\/2025\/10\/1-264.jpg'><img width=\"300\" height=\"169\" src=\"https:\/\/kilosorunum.com\/habercim\/wp-content\/uploads\/2025\/10\/1-264-300x169.jpg\" class=\"attachment-medium size-medium\" alt=\"\" loading=\"lazy\" srcset=\"https:\/\/kilosorunum.com\/habercim\/wp-content\/uploads\/2025\/10\/1-264-300x169.jpg 300w, https:\/\/kilosorunum.com\/habercim\/wp-content\/uploads\/2025\/10\/1-264-1024x576.jpg 1024w, https:\/\/kilosorunum.com\/habercim\/wp-content\/uploads\/2025\/10\/1-264-768x432.jpg 768w, https:\/\/kilosorunum.com\/habercim\/wp-content\/uploads\/2025\/10\/1-264.jpg 1200w\" sizes=\"(max-width: 300px) 100vw, 300px\" \/><\/a><\/p>\n"},"caption":{"rendered":"<p>Erzurum\u2019un Paland\u00f6ken il\u00e7esinde 3,5 b\u00fcy\u00fckl\u00fc\u011f\u00fcnde deprem meydana geldi. Depremde ilk belirlemelere g\u00f6re herhangi bir olumsuzlu\u011fun ya\u015fanmad\u0131.<br \/>\nAfet ve Acil Durum Y\u00f6netimi Ba\u015fkanl\u0131\u011f\u0131 (AFAD) verilerine g\u00f6re saat 06.07\u2019de, merkez \u00fcss\u00fc Erzurum\u2019un Paland\u00f6ken il\u00e7esi olan 3,5 b\u00fcy\u00fckl\u00fc\u011f\u00fcnde deprem meydana geldi.<\/p>\n<p>Yerin 9.93 kilometre derinli\u011finde kaydedilen sars\u0131nt\u0131, \u00e7evre il\u00e7elerde de hissedildi. \u0130lk belirlemelere g\u00f6re herhangi bir olumsuzluk ya\u015fanmad\u0131.<\/p>\n<p>AFAD: Kahramanmara\u015f\u2019\u0131n T\u00fcrko\u011flu il\u00e7esinde, saat 22.08\u2019de 4.0 b\u00fcy\u00fckl\u00fc\u011f\u00fcnde deprem meydana geldi.<br \/>\nKahramanmara\u015f\u2019\u0131n T\u00fcrko\u011flu il\u00e7esinde Richter \u00f6l\u00e7e\u011fine g\u00f6re, 4 b\u00fcy\u00fckl\u00fc\u011f\u00fcnde deprem meydana geldi. Depremde ilk belirlemelere g\u00f6re herhangi bir olumsuzluk ya\u015fanmad\u0131. Afet ve Acil Durum Ba\u015fkanl\u0131\u011f\u0131 (AFAD) verilerine g\u00f6re, saat 22.08\u2019de merkez \u00fcss\u00fc Kahramanmara\u015f\u2019\u0131n T\u00fcrko\u011flu il\u00e7esinde 4 b\u00fcy\u00fckl\u00fc\u011f\u00fcnde deprem kaydedildi. Zeminden 7.11 kilometre derinlikte meydana gelen deprem, Kahramanmara\u015f ve il\u00e7elerinde hafif \u015fekilde hissedildi. Depremde ilk belirlemelere g\u00f6re herhangi bir olumsuzluk ya\u015fanmad\u0131.<\/p>\n<p>Ad\u0131yaman\u2019\u0131n Sincik il\u00e7esinde 3.8 \u015fiddetindeki deprem korkuttu.<br \/>\nAfet ve Acil Durum Y\u00f6netimi Ba\u015fkanl\u0131\u011f\u0131 (AFAD) verilerine g\u00f6re, merkez \u00fcss\u00fc Sincik il\u00e7esi Ar\u0131konak K\u00f6y\u00fc olan deprem saat 05.04\u2019de yerin yakla\u015f\u0131k 9 kilometre derinli\u011finde meydana geldi. Sars\u0131nt\u0131, Sincik merkezinin yan\u0131 s\u0131ra \u00e7evre il\u00e7elerde de hissedildi.<br \/>\nDeprem sonras\u0131 vatanda\u015flar k\u0131sa s\u00fcreli panik ya\u015farken, depremde herhangi bir can veya mal kayb\u0131 ya\u015fanmad\u0131\u011f\u0131 \u00f6\u011frenildi.<\/p>\n"},"alt_text":"","media_type":"image","mime_type":"image\/jpeg","media_details":{"width":1200,"height":675,"file":"2025\/10\/1-264.jpg","sizes":{"medium":{"file":"1-264-300x169.jpg","width":300,"height":169,"mime_type":"image\/jpeg","source_url":"https:\/\/kilosorunum.com\/habercim\/wp-content\/uploads\/2025\/10\/1-264-300x169.jpg"},"large":{"file":"1-264-1024x576.jpg","width":1024,"height":576,"mime_type":"image\/jpeg","source_url":"https:\/\/kilosorunum.com\/habercim\/wp-content\/uploads\/2025\/10\/1-264-1024x576.jpg"},"thumbnail":{"file":"1-264-150x150.jpg","width":150,"height":150,"mime_type":"image\/jpeg","source_url":"https:\/\/kilosorunum.com\/habercim\/wp-content\/uploads\/2025\/10\/1-264-150x150.jpg"},"medium_large":{"file":"1-264-768x432.jpg","width":768,"height":432,"mime_type":"image\/jpeg","source_url":"https:\/\/kilosorunum.com\/habercim\/wp-content\/uploads\/2025\/10\/1-264-768x432.jpg"},"kucukResim":{"file":"1-264-80x50.jpg","width":80,"height":50,"mime_type":"image\/jpeg","source_url":"https:\/\/kilosorunum.com\/habercim\/wp-content\/uploads\/2025\/10\/1-264-80x50.jpg"},"sliderResim":{"file":"1-264-670x330.jpg","width":670,"height":330,"mime_type":"image\/jpeg","source_url":"https:\/\/kilosorunum.com\/habercim\/wp-content\/uploads\/2025\/10\/1-264-670x330.jpg"},"resim1":{"file":"1-264-184x140.jpg","width":184,"height":140,"mime_type":"image\/jpeg","source_url":"https:\/\/kilosorunum.com\/habercim\/wp-content\/uploads\/2025\/10\/1-264-184x140.jpg"},"resim2":{"file":"1-264-216x103.jpg","width":216,"height":103,"mime_type":"image\/jpeg","source_url":"https:\/\/kilosorunum.com\/habercim\/wp-content\/uploads\/2025\/10\/1-264-216x103.jpg"},"resim3":{"file":"1-264-145x70.jpg","width":145,"height":70,"mime_type":"image\/jpeg","source_url":"https:\/\/kilosorunum.com\/habercim\/wp-content\/uploads\/2025\/10\/1-264-145x70.jpg"},"sagSlider":{"file":"1-264-300x150.jpg","width":300,"height":150,"mime_type":"image\/jpeg","source_url":"https:\/\/kilosorunum.com\/habercim\/wp-content\/uploads\/2025\/10\/1-264-300x150.jpg"},"yeniSlider":{"file":"1-264-500x290.jpg","width":500,"height":290,"mime_type":"image\/jpeg","source_url":"https:\/\/kilosorunum.com\/habercim\/wp-content\/uploads\/2025\/10\/1-264-500x290.jpg"},"full":{"file":"1-264.jpg","width":1200,"height":675,"mime_type":"image\/jpeg","source_url":"https:\/\/kilosorunum.com\/habercim\/wp-content\/uploads\/2025\/10\/1-264.jpg"}},"image_meta":{"aperture":"0","credit":"","camera":"","caption":"","created_timestamp":"0","copyright":"","focal_length":"0","iso":"0","shutter_speed":"0","title":"","orientation":"0","keywords":[]}},"post":39561,"source_url":"https:\/\/kilosorunum.com\/habercim\/wp-content\/uploads\/2025\/10\/1-264.jpg","_links":{"self":[{"href":"https:\/\/kilosorunum.com\/habercim\/wp-json\/wp\/v2\/media\/39563"}],"collection":[{"href":"https:\/\/kilosorunum.com\/habercim\/wp-json\/wp\/v2\/media"}],"about":[{"href":"https:\/\/kilosorunum.com\/habercim\/wp-json\/wp\/v2\/types\/attachment"}],"author":[{"embeddable":true,"href":"https:\/\/kilosorunum.com\/habercim\/wp-json\/wp\/v2\/users\/2"}],"replies":[{"embeddable":true,"href":"https:\/\/kilosorunum.com\/habercim\/wp-json\/wp\/v2\/comments?post=39563"}]}}

<p>Erzurum’un Palandöken ilçesinde 3,5 büyüklüğünde deprem meydana geldi. Depremde ilk belirlemelere göre herhangi bir olumsuzluğun yaşanmadı.<br />
Afet ve Acil Durum Yönetimi Başkanlığı (AFAD) verilerine göre saat 06.07’de, merkez üssü Erzurum’un Palandöken ilçesi olan 3,5 büyüklüğünde deprem meydana geldi.</p>
<p>Yerin 9.93 kilometre derinliğinde kaydedilen sarsıntı, çevre ilçelerde de hissedildi. İlk belirlemelere göre herhangi bir olumsuzluk yaşanmadı.</p>
<p>AFAD: Kahramanmaraş’ın Türkoğlu ilçesinde, saat 22.08’de 4.0 büyüklüğünde deprem meydana geldi.<br />
Kahramanmaraş’ın Türkoğlu ilçesinde Richter ölçeğine göre, 4 büyüklüğünde deprem meydana geldi. Depremde ilk belirlemelere göre herhangi bir olumsuzluk yaşanmadı. Afet ve Acil Durum Başkanlığı (AFAD) verilerine göre, saat 22.08’de merkez üssü Kahramanmaraş’ın Türkoğlu ilçesinde 4 büyüklüğünde deprem kaydedildi. Zeminden 7.11 kilometre derinlikte meydana gelen deprem, Kahramanmaraş ve ilçelerinde hafif şekilde hissedildi. Depremde ilk belirlemelere göre herhangi bir olumsuzluk yaşanmadı.</p>
<p>Adıyaman’ın Sincik ilçesinde 3.8 şiddetindeki deprem korkuttu.<br />
Afet ve Acil Durum Yönetimi Başkanlığı (AFAD) verilerine göre, merkez üssü Sincik ilçesi Arıkonak Köyü olan deprem saat 05.04’de yerin yaklaşık 9 kilometre derinliğinde meydana geldi. Sarsıntı, Sincik merkezinin yanı sıra çevre ilçelerde de hissedildi.<br />
Deprem sonrası vatandaşlar kısa süreli panik yaşarken, depremde herhangi bir can veya mal kaybı yaşanmadığı öğrenildi.</p>
