{"id":39664,"date":"2025-10-27T12:03:08","date_gmt":"2025-10-27T09:03:08","guid":{"rendered":"https:\/\/kilosorunum.com\/habercim\/wp-content\/uploads\/2025\/10\/1-15-768x201-22.jpg"},"modified":"2025-10-27T12:03:55","modified_gmt":"2025-10-27T09:03:55","slug":"1-15-768x201-1322","status":"inherit","type":"attachment","link":"https:\/\/kilosorunum.com\/habercim\/foto-galeri\/afet-ve-acil-durum-yonetimi-baskanligi\/attachment\/1-15-768x201-1322\/","title":{"rendered":"Afet ve Acil Durum Y\u00f6netimi Ba\u015fkanl\u0131\u011f\u0131"},"author":2,"comment_status":"open","ping_status":"closed","template":"","meta":[],"description":{"rendered":"<p class=\"attachment\"><a href='https:\/\/kilosorunum.com\/habercim\/wp-content\/uploads\/2025\/10\/1-15-768x201-22.jpg'><img width=\"300\" height=\"79\" src=\"https:\/\/kilosorunum.com\/habercim\/wp-content\/uploads\/2025\/10\/1-15-768x201-22-300x79.jpg\" class=\"attachment-medium size-medium\" alt=\"\" loading=\"lazy\" srcset=\"https:\/\/kilosorunum.com\/habercim\/wp-content\/uploads\/2025\/10\/1-15-768x201-22-300x79.jpg 300w, https:\/\/kilosorunum.com\/habercim\/wp-content\/uploads\/2025\/10\/1-15-768x201-22.jpg 768w\" sizes=\"(max-width: 300px) 100vw, 300px\" \/><\/a><\/p>\n"},"caption":{"rendered":"<p>Ege Denizi\u2019nde saat 10.12\u2019de 4 b\u00fcy\u00fckl\u00fc\u011f\u00fcnde deprem meydana geldi.<br \/>\nAfet ve Acil Durum Y\u00f6netimi Ba\u015fkanl\u0131\u011f\u0131n\u0131n (AFAD) internet sitesinde yer alan bilgiye g\u00f6re, Ege Denizi\u2019nde 4 b\u00fcy\u00fckl\u00fc\u011f\u00fcnde sars\u0131nt\u0131 kaydedildi. \u00c7anakkale Valili\u011fi: Herhangi bir olumsuzluk bulunmamaktad\u0131r\u201d<br \/>\n\u00c7anakkale Valili\u011finin NSosyal hesab\u0131ndan yap\u0131lan a\u00e7\u0131klamada, AFAD verilerine g\u00f6re, saat 10.12 s\u0131ralar\u0131nda, Ayvac\u0131k il\u00e7esi Ege Denizi a\u00e7\u0131klar\u0131nda 4 b\u00fcy\u00fckl\u00fc\u011f\u00fcnde deprem meydana geldi\u011fi hat\u0131rlat\u0131ld\u0131.<\/p>\n<p>A\u00e7\u0131klamada, \u201cAn itibar\u0131yla herhangi bir olumsuzluk bulunmamaktad\u0131r. \u0130lgili birimlerimiz saha taramalar\u0131na devam etmektedir. Depremi hisseden t\u00fcm vatanda\u015flar\u0131m\u0131za ge\u00e7mi\u015f olsun dileklerimizi iletiyor, kamuoyuna sayg\u0131yla duyuruyoruz.\u201d ifadesine yer verildi.<\/p>\n<p>Kaynak : aa.com.tr<\/p>\n"},"alt_text":"","media_type":"image","mime_type":"image\/jpeg","media_details":{"width":768,"height":201,"file":"2025\/10\/1-15-768x201-22.jpg","sizes":{"medium":{"file":"1-15-768x201-22-300x79.jpg","width":300,"height":79,"mime_type":"image\/jpeg","source_url":"https:\/\/kilosorunum.com\/habercim\/wp-content\/uploads\/2025\/10\/1-15-768x201-22-300x79.jpg"},"thumbnail":{"file":"1-15-768x201-22-150x150.jpg","width":150,"height":150,"mime_type":"image\/jpeg","source_url":"https:\/\/kilosorunum.com\/habercim\/wp-content\/uploads\/2025\/10\/1-15-768x201-22-150x150.jpg"},"kucukResim":{"file":"1-15-768x201-22-80x50.jpg","width":80,"height":50,"mime_type":"image\/jpeg","source_url":"https:\/\/kilosorunum.com\/habercim\/wp-content\/uploads\/2025\/10\/1-15-768x201-22-80x50.jpg"},"sliderResim":{"file":"1-15-768x201-22-670x201.jpg","width":670,"height":201,"mime_type":"image\/jpeg","source_url":"https:\/\/kilosorunum.com\/habercim\/wp-content\/uploads\/2025\/10\/1-15-768x201-22-670x201.jpg"},"resim1":{"file":"1-15-768x201-22-184x140.jpg","width":184,"height":140,"mime_type":"image\/jpeg","source_url":"https:\/\/kilosorunum.com\/habercim\/wp-content\/uploads\/2025\/10\/1-15-768x201-22-184x140.jpg"},"resim2":{"file":"1-15-768x201-22-216x103.jpg","width":216,"height":103,"mime_type":"image\/jpeg","source_url":"https:\/\/kilosorunum.com\/habercim\/wp-content\/uploads\/2025\/10\/1-15-768x201-22-216x103.jpg"},"resim3":{"file":"1-15-768x201-22-145x70.jpg","width":145,"height":70,"mime_type":"image\/jpeg","source_url":"https:\/\/kilosorunum.com\/habercim\/wp-content\/uploads\/2025\/10\/1-15-768x201-22-145x70.jpg"},"sagSlider":{"file":"1-15-768x201-22-300x150.jpg","width":300,"height":150,"mime_type":"image\/jpeg","source_url":"https:\/\/kilosorunum.com\/habercim\/wp-content\/uploads\/2025\/10\/1-15-768x201-22-300x150.jpg"},"yeniSlider":{"file":"1-15-768x201-22-500x201.jpg","width":500,"height":201,"mime_type":"image\/jpeg","source_url":"https:\/\/kilosorunum.com\/habercim\/wp-content\/uploads\/2025\/10\/1-15-768x201-22-500x201.jpg"},"full":{"file":"1-15-768x201-22.jpg","width":768,"height":201,"mime_type":"image\/jpeg","source_url":"https:\/\/kilosorunum.com\/habercim\/wp-content\/uploads\/2025\/10\/1-15-768x201-22.jpg"}},"image_meta":{"aperture":"0","credit":"","camera":"","caption":"","created_timestamp":"0","copyright":"","focal_length":"0","iso":"0","shutter_speed":"0","title":"","orientation":"0","keywords":[]}},"post":39662,"source_url":"https:\/\/kilosorunum.com\/habercim\/wp-content\/uploads\/2025\/10\/1-15-768x201-22.jpg","_links":{"self":[{"href":"https:\/\/kilosorunum.com\/habercim\/wp-json\/wp\/v2\/media\/39664"}],"collection":[{"href":"https:\/\/kilosorunum.com\/habercim\/wp-json\/wp\/v2\/media"}],"about":[{"href":"https:\/\/kilosorunum.com\/habercim\/wp-json\/wp\/v2\/types\/attachment"}],"author":[{"embeddable":true,"href":"https:\/\/kilosorunum.com\/habercim\/wp-json\/wp\/v2\/users\/2"}],"replies":[{"embeddable":true,"href":"https:\/\/kilosorunum.com\/habercim\/wp-json\/wp\/v2\/comments?post=39664"}]}}

Afet ve Acil Durum Yönetimi Başkanlığı

<p>Ege Denizi’nde saat 10.12’de 4 büyüklüğünde deprem meydana geldi.<br />
Afet ve Acil Durum Yönetimi Başkanlığının (AFAD) internet sitesinde yer alan bilgiye göre, Ege Denizi’nde 4 büyüklüğünde sarsıntı kaydedildi. Çanakkale Valiliği: Herhangi bir olumsuzluk bulunmamaktadır”<br />
Çanakkale Valiliğinin NSosyal hesabından yapılan açıklamada, AFAD verilerine göre, saat 10.12 sıralarında, Ayvacık ilçesi Ege Denizi açıklarında 4 büyüklüğünde deprem meydana geldiği hatırlatıldı.</p>
<p>Açıklamada, “An itibarıyla herhangi bir olumsuzluk bulunmamaktadır. İlgili birimlerimiz saha taramalarına devam etmektedir. Depremi hisseden tüm vatandaşlarımıza geçmiş olsun dileklerimizi iletiyor, kamuoyuna saygıyla duyuruyoruz.” ifadesine yer verildi.</p>
<p>Kaynak : aa.com.tr</p>
