{"id":39845,"date":"2025-11-01T19:27:10","date_gmt":"2025-11-01T16:27:10","guid":{"rendered":"https:\/\/kilosorunum.com\/habercim\/wp-content\/uploads\/2025\/11\/PARA.webp"},"modified":"2025-11-01T19:27:35","modified_gmt":"2025-11-01T16:27:35","slug":"para-196","status":"inherit","type":"attachment","link":"https:\/\/kilosorunum.com\/habercim\/foto-galeri\/konut-ve-isyeri-kiralari-icin\/attachment\/para-196\/","title":{"rendered":"Konut ve i\u015fyeri kiralar\u0131 i\u00e7in"},"author":2,"comment_status":"open","ping_status":"closed","template":"","meta":[],"description":{"rendered":"<p class=\"attachment\"><a href='https:\/\/kilosorunum.com\/habercim\/wp-content\/uploads\/2025\/11\/PARA.webp'><img width=\"300\" height=\"150\" src=\"https:\/\/kilosorunum.com\/habercim\/wp-content\/uploads\/2025\/11\/PARA-300x150.webp\" class=\"attachment-medium size-medium\" alt=\"\" loading=\"lazy\" srcset=\"https:\/\/kilosorunum.com\/habercim\/wp-content\/uploads\/2025\/11\/PARA-300x150.webp 300w, https:\/\/kilosorunum.com\/habercim\/wp-content\/uploads\/2025\/11\/PARA.webp 768w\" sizes=\"(max-width: 300px) 100vw, 300px\" \/><\/a><\/p>\n"},"caption":{"rendered":"<p>Konut ve i\u015fyeri kiralar\u0131 i\u00e7in belirlenen art\u0131\u015f s\u0131n\u0131r\u0131n\u0131 ge\u00e7meniz durumunda kar\u015f\u0131la\u015f\u0131lacak sonu\u00e7lar merak ediliyor. Daha \u00f6nce, %25\u2019lik kira art\u0131\u015f s\u0131n\u0131rlamas\u0131 getirilmeden \u00f6nce, kira zam oranlar\u0131 12 ayl\u0131k T\u00fcketici Fiyat Endeksi (T\u00dcFE) ortalamas\u0131 baz al\u0131narak hesaplan\u0131yordu. \u0130ki y\u0131l s\u00fcren bu yasal k\u0131s\u0131tlama, 1 Temmuz itibar\u0131yla sona erdi.<\/p>\n<p>Bu yeni d\u00fczenleme ile birlikte, art\u0131k konut kiralar\u0131 da t\u0131pk\u0131 i\u015fyeri kiralar\u0131 gibi, ayn\u0131 oranda zamlanma prensibine tabi olacak.<\/p>\n<p>devam\u0131 sonraki sayfada\u2026 g\u00f6rsel \u00fczerinden do2&#8217;kununuz ge\u00e7ebilirsiniz&#8230;.<\/p>\n"},"alt_text":"","media_type":"image","mime_type":"image\/webp","media_details":{"width":768,"height":384,"file":"2025\/11\/PARA.webp","sizes":{"medium":{"file":"PARA-300x150.webp","width":300,"height":150,"mime_type":"image\/webp","source_url":"https:\/\/kilosorunum.com\/habercim\/wp-content\/uploads\/2025\/11\/PARA-300x150.webp"},"thumbnail":{"file":"PARA-150x150.webp","width":150,"height":150,"mime_type":"image\/webp","source_url":"https:\/\/kilosorunum.com\/habercim\/wp-content\/uploads\/2025\/11\/PARA-150x150.webp"},"kucukResim":{"file":"PARA-80x50.webp","width":80,"height":50,"mime_type":"image\/webp","source_url":"https:\/\/kilosorunum.com\/habercim\/wp-content\/uploads\/2025\/11\/PARA-80x50.webp"},"sliderResim":{"file":"PARA-670x330.webp","width":670,"height":330,"mime_type":"image\/webp","source_url":"https:\/\/kilosorunum.com\/habercim\/wp-content\/uploads\/2025\/11\/PARA-670x330.webp"},"resim1":{"file":"PARA-184x140.webp","width":184,"height":140,"mime_type":"image\/webp","source_url":"https:\/\/kilosorunum.com\/habercim\/wp-content\/uploads\/2025\/11\/PARA-184x140.webp"},"resim2":{"file":"PARA-216x103.webp","width":216,"height":103,"mime_type":"image\/webp","source_url":"https:\/\/kilosorunum.com\/habercim\/wp-content\/uploads\/2025\/11\/PARA-216x103.webp"},"resim3":{"file":"PARA-145x70.webp","width":145,"height":70,"mime_type":"image\/webp","source_url":"https:\/\/kilosorunum.com\/habercim\/wp-content\/uploads\/2025\/11\/PARA-145x70.webp"},"sagSlider":{"file":"PARA-300x150.webp","width":300,"height":150,"mime_type":"image\/webp","source_url":"https:\/\/kilosorunum.com\/habercim\/wp-content\/uploads\/2025\/11\/PARA-300x150.webp"},"yeniSlider":{"file":"PARA-500x290.webp","width":500,"height":290,"mime_type":"image\/webp","source_url":"https:\/\/kilosorunum.com\/habercim\/wp-content\/uploads\/2025\/11\/PARA-500x290.webp"},"full":{"file":"PARA.webp","width":768,"height":384,"mime_type":"image\/webp","source_url":"https:\/\/kilosorunum.com\/habercim\/wp-content\/uploads\/2025\/11\/PARA.webp"}},"image_meta":{"aperture":"0","credit":"","camera":"","caption":"","created_timestamp":"0","copyright":"","focal_length":"0","iso":"0","shutter_speed":"0","title":"","orientation":"0","keywords":[]}},"post":39844,"source_url":"https:\/\/kilosorunum.com\/habercim\/wp-content\/uploads\/2025\/11\/PARA.webp","_links":{"self":[{"href":"https:\/\/kilosorunum.com\/habercim\/wp-json\/wp\/v2\/media\/39845"}],"collection":[{"href":"https:\/\/kilosorunum.com\/habercim\/wp-json\/wp\/v2\/media"}],"about":[{"href":"https:\/\/kilosorunum.com\/habercim\/wp-json\/wp\/v2\/types\/attachment"}],"author":[{"embeddable":true,"href":"https:\/\/kilosorunum.com\/habercim\/wp-json\/wp\/v2\/users\/2"}],"replies":[{"embeddable":true,"href":"https:\/\/kilosorunum.com\/habercim\/wp-json\/wp\/v2\/comments?post=39845"}]}}

Konut ve işyeri kiraları için

<p>Konut ve işyeri kiraları için belirlenen artış sınırını geçmeniz durumunda karşılaşılacak sonuçlar merak ediliyor. Daha önce, %25’lik kira artış sınırlaması getirilmeden önce, kira zam oranları 12 aylık Tüketici Fiyat Endeksi (TÜFE) ortalaması baz alınarak hesaplanıyordu. İki yıl süren bu yasal kısıtlama, 1 Temmuz itibarıyla sona erdi.</p>
<p>Bu yeni düzenleme ile birlikte, artık konut kiraları da tıpkı işyeri kiraları gibi, aynı oranda zamlanma prensibine tabi olacak.</p>
<p>devamı sonraki sayfada… görsel üzerinden do2&#8217;kununuz geçebilirsiniz&#8230;.</p>
