{"id":39923,"date":"2025-11-03T21:48:11","date_gmt":"2025-11-03T18:48:11","guid":{"rendered":"https:\/\/kilosorunum.com\/habercim\/wp-content\/uploads\/2025\/11\/1-15-768x201-31.jpg"},"modified":"2025-11-03T21:48:48","modified_gmt":"2025-11-03T18:48:48","slug":"1-15-768x201-1401","status":"inherit","type":"attachment","link":"https:\/\/kilosorunum.com\/habercim\/foto-galeri\/3-deprem\/attachment\/1-15-768x201-1401\/","title":{"rendered":"3 deprem"},"author":2,"comment_status":"open","ping_status":"closed","template":"","meta":[],"description":{"rendered":"<p class=\"attachment\"><a href='https:\/\/kilosorunum.com\/habercim\/wp-content\/uploads\/2025\/11\/1-15-768x201-31.jpg'><img width=\"300\" height=\"79\" src=\"https:\/\/kilosorunum.com\/habercim\/wp-content\/uploads\/2025\/11\/1-15-768x201-31-300x79.jpg\" class=\"attachment-medium size-medium\" alt=\"\" loading=\"lazy\" srcset=\"https:\/\/kilosorunum.com\/habercim\/wp-content\/uploads\/2025\/11\/1-15-768x201-31-300x79.jpg 300w, https:\/\/kilosorunum.com\/habercim\/wp-content\/uploads\/2025\/11\/1-15-768x201-31.jpg 768w\" sizes=\"(max-width: 300px) 100vw, 300px\" \/><\/a><\/p>\n"},"caption":{"rendered":"<p>Bal\u0131kesir S\u0131nd\u0131rg\u0131 il\u00e7esi merkezli 4,9 b\u00fcy\u00fckl\u00fc\u011f\u00fcnde deprem meydana geldi. Deprem, \u0130stanbul, \u0130zmir ve \u00e7evre illerde hissedildi.<br \/>\nAfet ve Acil Durum Y\u00f6netimi Ba\u015fkanl\u0131\u011f\u0131n\u0131n (AFAD) internet sitesinde yer alan bilgiye g\u00f6re, merkez \u00fcss\u00fc S\u0131nd\u0131rg\u0131 olan 4,9 b\u00fcy\u00fckl\u00fc\u011f\u00fcnde sars\u0131nt\u0131 kaydedildi.<\/p>\n<p>Depremin 11,02 kilometre derinlikte meydana geldi\u011fi belirlendi.<\/p>\n<p>\u00d6te yandan sars\u0131nt\u0131, \u0130stanbul, Bursa, \u0130zmir ve \u00e7evre illerden de hissedildi.<\/p>\n<p>\u201cAn itibar\u0131yla olumsuz bir durum yoktur\u201d<br \/>\nBal\u0131kesir Valisi \u0130smail Ustao\u011flu, ABD merkezli X \u015firketinin sosyal medya platformundaki hesab\u0131ndan yapt\u0131\u011f\u0131 a\u00e7\u0131klamada, depremden etkilenen vatanda\u015flara ge\u00e7mi\u015f olsun dileklerini ileterek \u015funlar\u0131 kaydetti:<\/p>\n<p>\u201cS\u0131nd\u0131rg\u0131 il\u00e7emizde 4,9 b\u00fcy\u00fckl\u00fc\u011f\u00fcnde bir deprem meydana gelmi\u015ftir. AFAD ve ilgili kurumlar\u0131m\u0131z\u0131n t\u00fcm ekipleri saha taramalar\u0131na ba\u015flam\u0131\u015f ve \u00e7al\u0131\u015fmalar devam etmektedir. An itibar\u0131yla olumsuz bir durum yoktur.\u201d<\/p>\n<p>Tahliye edilen binan\u0131n \u00e7at\u0131s\u0131 k\u0131smen \u00e7\u00f6kt\u00fc<br \/>\nBal\u0131kesir Caddesi\u2019nde daha \u00f6nceki depremlerde tahliye karar\u0131 verilen bir binan\u0131n \u00e7at\u0131s\u0131 k\u0131smen \u00e7\u00f6kt\u00fc.<\/p>\n<p>Ekipler, a\u011f\u0131r hasarl\u0131 oldu\u011fu i\u00e7in y\u0131k\u0131m karar\u0131 verilen binan\u0131n \u00e7evresinde g\u00fcvenlik \u00f6nlemlerini art\u0131rd\u0131.<\/p>\n<p>Depremin ard\u0131ndan AFAD ekiplerinin \u00f6nc\u00fcl\u00fc\u011f\u00fcnde b\u00f6lgedeki hasar tespit ve tarama faaliyetleri s\u00fcr\u00fcyor.<\/p>\n<p>Mahalle sakinlerinden Mehmet Ad\u0131\u015fen, son zamanlarda \u015fiddetli depremlerle ya\u015fad\u0131klar\u0131n\u0131 hat\u0131rlatarak, \u201cBug\u00fcn iki deprem oldu ve \u015fiddetli hissettik. Binan\u0131n \u00e7at\u0131 k\u0131sm\u0131 da bu depremlerde i\u00e7 tarafa \u00e7\u00f6kt\u00fc\u201d dedi.<\/p>\n<p>Kaynak : trthaber.com<\/p>\n"},"alt_text":"","media_type":"image","mime_type":"image\/jpeg","media_details":{"width":768,"height":201,"file":"2025\/11\/1-15-768x201-31.jpg","sizes":{"medium":{"file":"1-15-768x201-31-300x79.jpg","width":300,"height":79,"mime_type":"image\/jpeg","source_url":"https:\/\/kilosorunum.com\/habercim\/wp-content\/uploads\/2025\/11\/1-15-768x201-31-300x79.jpg"},"thumbnail":{"file":"1-15-768x201-31-150x150.jpg","width":150,"height":150,"mime_type":"image\/jpeg","source_url":"https:\/\/kilosorunum.com\/habercim\/wp-content\/uploads\/2025\/11\/1-15-768x201-31-150x150.jpg"},"kucukResim":{"file":"1-15-768x201-31-80x50.jpg","width":80,"height":50,"mime_type":"image\/jpeg","source_url":"https:\/\/kilosorunum.com\/habercim\/wp-content\/uploads\/2025\/11\/1-15-768x201-31-80x50.jpg"},"sliderResim":{"file":"1-15-768x201-31-670x201.jpg","width":670,"height":201,"mime_type":"image\/jpeg","source_url":"https:\/\/kilosorunum.com\/habercim\/wp-content\/uploads\/2025\/11\/1-15-768x201-31-670x201.jpg"},"resim1":{"file":"1-15-768x201-31-184x140.jpg","width":184,"height":140,"mime_type":"image\/jpeg","source_url":"https:\/\/kilosorunum.com\/habercim\/wp-content\/uploads\/2025\/11\/1-15-768x201-31-184x140.jpg"},"resim2":{"file":"1-15-768x201-31-216x103.jpg","width":216,"height":103,"mime_type":"image\/jpeg","source_url":"https:\/\/kilosorunum.com\/habercim\/wp-content\/uploads\/2025\/11\/1-15-768x201-31-216x103.jpg"},"resim3":{"file":"1-15-768x201-31-145x70.jpg","width":145,"height":70,"mime_type":"image\/jpeg","source_url":"https:\/\/kilosorunum.com\/habercim\/wp-content\/uploads\/2025\/11\/1-15-768x201-31-145x70.jpg"},"sagSlider":{"file":"1-15-768x201-31-300x150.jpg","width":300,"height":150,"mime_type":"image\/jpeg","source_url":"https:\/\/kilosorunum.com\/habercim\/wp-content\/uploads\/2025\/11\/1-15-768x201-31-300x150.jpg"},"yeniSlider":{"file":"1-15-768x201-31-500x201.jpg","width":500,"height":201,"mime_type":"image\/jpeg","source_url":"https:\/\/kilosorunum.com\/habercim\/wp-content\/uploads\/2025\/11\/1-15-768x201-31-500x201.jpg"},"full":{"file":"1-15-768x201-31.jpg","width":768,"height":201,"mime_type":"image\/jpeg","source_url":"https:\/\/kilosorunum.com\/habercim\/wp-content\/uploads\/2025\/11\/1-15-768x201-31.jpg"}},"image_meta":{"aperture":"0","credit":"","camera":"","caption":"","created_timestamp":"0","copyright":"","focal_length":"0","iso":"0","shutter_speed":"0","title":"","orientation":"0","keywords":[]}},"post":39921,"source_url":"https:\/\/kilosorunum.com\/habercim\/wp-content\/uploads\/2025\/11\/1-15-768x201-31.jpg","_links":{"self":[{"href":"https:\/\/kilosorunum.com\/habercim\/wp-json\/wp\/v2\/media\/39923"}],"collection":[{"href":"https:\/\/kilosorunum.com\/habercim\/wp-json\/wp\/v2\/media"}],"about":[{"href":"https:\/\/kilosorunum.com\/habercim\/wp-json\/wp\/v2\/types\/attachment"}],"author":[{"embeddable":true,"href":"https:\/\/kilosorunum.com\/habercim\/wp-json\/wp\/v2\/users\/2"}],"replies":[{"embeddable":true,"href":"https:\/\/kilosorunum.com\/habercim\/wp-json\/wp\/v2\/comments?post=39923"}]}}

<p>Balıkesir Sındırgı ilçesi merkezli 4,9 büyüklüğünde deprem meydana geldi. Deprem, İstanbul, İzmir ve çevre illerde hissedildi.<br />
Afet ve Acil Durum Yönetimi Başkanlığının (AFAD) internet sitesinde yer alan bilgiye göre, merkez üssü Sındırgı olan 4,9 büyüklüğünde sarsıntı kaydedildi.</p>
<p>Depremin 11,02 kilometre derinlikte meydana geldiği belirlendi.</p>
<p>Öte yandan sarsıntı, İstanbul, Bursa, İzmir ve çevre illerden de hissedildi.</p>
<p>“An itibarıyla olumsuz bir durum yoktur”<br />
Balıkesir Valisi İsmail Ustaoğlu, ABD merkezli X şirketinin sosyal medya platformundaki hesabından yaptığı açıklamada, depremden etkilenen vatandaşlara geçmiş olsun dileklerini ileterek şunları kaydetti:</p>
<p>“Sındırgı ilçemizde 4,9 büyüklüğünde bir deprem meydana gelmiştir. AFAD ve ilgili kurumlarımızın tüm ekipleri saha taramalarına başlamış ve çalışmalar devam etmektedir. An itibarıyla olumsuz bir durum yoktur.”</p>
<p>Tahliye edilen binanın çatısı kısmen çöktü<br />
Balıkesir Caddesi’nde daha önceki depremlerde tahliye kararı verilen bir binanın çatısı kısmen çöktü.</p>
<p>Ekipler, ağır hasarlı olduğu için yıkım kararı verilen binanın çevresinde güvenlik önlemlerini artırdı.</p>
<p>Depremin ardından AFAD ekiplerinin öncülüğünde bölgedeki hasar tespit ve tarama faaliyetleri sürüyor.</p>
<p>Mahalle sakinlerinden Mehmet Adışen, son zamanlarda şiddetli depremlerle yaşadıklarını hatırlatarak, “Bugün iki deprem oldu ve şiddetli hissettik. Binanın çatı kısmı da bu depremlerde iç tarafa çöktü” dedi.</p>
<p>Kaynak : trthaber.com</p>
