{"id":40279,"date":"2025-11-13T23:04:25","date_gmt":"2025-11-13T20:04:25","guid":{"rendered":"https:\/\/kilosorunum.com\/habercim\/wp-content\/uploads\/2025\/11\/1-11.jpg"},"modified":"2025-11-13T23:05:06","modified_gmt":"2025-11-13T20:05:06","slug":"1-4503","status":"inherit","type":"attachment","link":"https:\/\/kilosorunum.com\/habercim\/foto-galeri\/az-once-bir-ucak-daha\/attachment\/1-4503\/","title":{"rendered":"Az \u00f6nce bir u\u00e7ak daha"},"author":2,"comment_status":"open","ping_status":"closed","template":"","meta":[],"description":{"rendered":"<p class=\"attachment\"><a href='https:\/\/kilosorunum.com\/habercim\/wp-content\/uploads\/2025\/11\/1-11.jpg'><img width=\"300\" height=\"169\" src=\"https:\/\/kilosorunum.com\/habercim\/wp-content\/uploads\/2025\/11\/1-11-300x169.jpg\" class=\"attachment-medium size-medium\" alt=\"\" loading=\"lazy\" srcset=\"https:\/\/kilosorunum.com\/habercim\/wp-content\/uploads\/2025\/11\/1-11-300x169.jpg 300w, https:\/\/kilosorunum.com\/habercim\/wp-content\/uploads\/2025\/11\/1-11-1024x576.jpg 1024w, https:\/\/kilosorunum.com\/habercim\/wp-content\/uploads\/2025\/11\/1-11-768x432.jpg 768w, https:\/\/kilosorunum.com\/habercim\/wp-content\/uploads\/2025\/11\/1-11.jpg 1200w\" sizes=\"(max-width: 300px) 100vw, 300px\" \/><\/a><\/p>\n"},"caption":{"rendered":"<p>GM\u2019ye ait iki adet AT-802 tipi yang\u0131n s\u00f6nd\u00fcrme u\u00e7a\u011f\u0131, planlanm\u0131\u015f bak\u0131m faaliyeti kapsam\u0131nda 12 Kas\u0131m \u00c7ar\u015famba g\u00fcn\u00fc saat 10.24\u2019te \u00c7anakkale\u2019den H\u0131rvatistan\u2019\u0131n Zagreb kentine hareket etti.<br \/>\nMeteorolojik \u015fartlar nedeniyle geceyi Rejika Havaalan\u0131\u2019nda ge\u00e7iren u\u00e7aklar, bug\u00fcn (13 Kas\u0131m 2025 Per\u015fembe) T\u00fcrkiye saatiyle 17.38\u2019de Zagreb Havaalan\u0131\u2019na gitmek \u00fczere yeniden havaland\u0131.<br \/>\nAncak hava muhalefeti nedeniyle iki u\u00e7ak da d\u00f6n\u00fc\u015f karar\u0131 ald\u0131. D\u00f6n\u00fc\u015f rotas\u0131 s\u0131ras\u0131nda u\u00e7aklardan biri Rejika Havaalan\u0131\u2019na g\u00fcvenli \u015fekilde inerken, di\u011fer u\u00e7akla T\u00fcrkiye saatiyle 18.25\u2019te telsiz ba\u011flant\u0131s\u0131 kesildi.<br \/>\nKaybolan u\u00e7ak ve g\u00f6revli pilotla temas\u0131n yeniden sa\u011flanmas\u0131 i\u00e7in H\u0131rvatistan birimleriyle koordineli olarak arama kurtarma \u00e7al\u0131\u015fmalar\u0131 ba\u015flat\u0131ld\u0131.<br \/>\nOrman Genel M\u00fcd\u00fcrl\u00fc\u011f\u00fc, konuyla ilgili detaylar\u0131n netle\u015fmesinin ard\u0131ndan kamuoyuna bilgilendirme yap\u0131laca\u011f\u0131n\u0131 duyurdu.<br \/>\nACI HABER: 1 P\u0130LOTUMUZ \u015eEH\u0130T OLDU<br \/>\nTar\u0131m ve Orman Bakan\u0131 \u0130brahim Yumakl\u0131 sosyal medya hesab\u0131ndan ac\u0131 haberi duyurdu.<br \/>\nBakan Yumakl\u0131\u2019n\u0131n payla\u015f\u0131m\u0131 \u015fu \u015fekilde:<br \/>\n\u201cH\u0131rvatistan\u2019da telsiz irtibat\u0131 kesilen Orman Genel M\u00fcd\u00fcrl\u00fc\u011f\u00fcm\u00fcze ait yang\u0131n s\u00f6nd\u00fcrme u\u00e7a\u011f\u0131m\u0131z\u0131n enkaz\u0131na H\u0131rvatistan\u2019\u0131n Senj kenti yak\u0131nlar\u0131nda ula\u015f\u0131lm\u0131\u015ft\u0131r.<br \/>\nElim kazada \u015fehit olan pilotumuza Allah\u2019tan rahmet, ailesine ve sevenlerine ba\u015fsa\u011fl\u0131\u011f\u0131 ve sab\u0131r diliyorum.<br \/>\nOrman te\u015fkilat\u0131m\u0131z\u0131n ve aziz milletimizin ba\u015f\u0131 sa\u011f olsun.\u201d<\/p>\n<p>Kaynak : dahanekadar.net<\/p>\n"},"alt_text":"","media_type":"image","mime_type":"image\/jpeg","media_details":{"width":1200,"height":675,"file":"2025\/11\/1-11.jpg","sizes":{"medium":{"file":"1-11-300x169.jpg","width":300,"height":169,"mime_type":"image\/jpeg","source_url":"https:\/\/kilosorunum.com\/habercim\/wp-content\/uploads\/2025\/11\/1-11-300x169.jpg"},"large":{"file":"1-11-1024x576.jpg","width":1024,"height":576,"mime_type":"image\/jpeg","source_url":"https:\/\/kilosorunum.com\/habercim\/wp-content\/uploads\/2025\/11\/1-11-1024x576.jpg"},"thumbnail":{"file":"1-11-150x150.jpg","width":150,"height":150,"mime_type":"image\/jpeg","source_url":"https:\/\/kilosorunum.com\/habercim\/wp-content\/uploads\/2025\/11\/1-11-150x150.jpg"},"medium_large":{"file":"1-11-768x432.jpg","width":768,"height":432,"mime_type":"image\/jpeg","source_url":"https:\/\/kilosorunum.com\/habercim\/wp-content\/uploads\/2025\/11\/1-11-768x432.jpg"},"kucukResim":{"file":"1-11-80x50.jpg","width":80,"height":50,"mime_type":"image\/jpeg","source_url":"https:\/\/kilosorunum.com\/habercim\/wp-content\/uploads\/2025\/11\/1-11-80x50.jpg"},"sliderResim":{"file":"1-11-670x330.jpg","width":670,"height":330,"mime_type":"image\/jpeg","source_url":"https:\/\/kilosorunum.com\/habercim\/wp-content\/uploads\/2025\/11\/1-11-670x330.jpg"},"resim1":{"file":"1-11-184x140.jpg","width":184,"height":140,"mime_type":"image\/jpeg","source_url":"https:\/\/kilosorunum.com\/habercim\/wp-content\/uploads\/2025\/11\/1-11-184x140.jpg"},"resim2":{"file":"1-11-216x103.jpg","width":216,"height":103,"mime_type":"image\/jpeg","source_url":"https:\/\/kilosorunum.com\/habercim\/wp-content\/uploads\/2025\/11\/1-11-216x103.jpg"},"resim3":{"file":"1-11-145x70.jpg","width":145,"height":70,"mime_type":"image\/jpeg","source_url":"https:\/\/kilosorunum.com\/habercim\/wp-content\/uploads\/2025\/11\/1-11-145x70.jpg"},"sagSlider":{"file":"1-11-300x150.jpg","width":300,"height":150,"mime_type":"image\/jpeg","source_url":"https:\/\/kilosorunum.com\/habercim\/wp-content\/uploads\/2025\/11\/1-11-300x150.jpg"},"yeniSlider":{"file":"1-11-500x290.jpg","width":500,"height":290,"mime_type":"image\/jpeg","source_url":"https:\/\/kilosorunum.com\/habercim\/wp-content\/uploads\/2025\/11\/1-11-500x290.jpg"},"full":{"file":"1-11.jpg","width":1200,"height":675,"mime_type":"image\/jpeg","source_url":"https:\/\/kilosorunum.com\/habercim\/wp-content\/uploads\/2025\/11\/1-11.jpg"}},"image_meta":{"aperture":"0","credit":"","camera":"","caption":"","created_timestamp":"0","copyright":"","focal_length":"0","iso":"0","shutter_speed":"0","title":"","orientation":"0","keywords":[]}},"post":40277,"source_url":"https:\/\/kilosorunum.com\/habercim\/wp-content\/uploads\/2025\/11\/1-11.jpg","_links":{"self":[{"href":"https:\/\/kilosorunum.com\/habercim\/wp-json\/wp\/v2\/media\/40279"}],"collection":[{"href":"https:\/\/kilosorunum.com\/habercim\/wp-json\/wp\/v2\/media"}],"about":[{"href":"https:\/\/kilosorunum.com\/habercim\/wp-json\/wp\/v2\/types\/attachment"}],"author":[{"embeddable":true,"href":"https:\/\/kilosorunum.com\/habercim\/wp-json\/wp\/v2\/users\/2"}],"replies":[{"embeddable":true,"href":"https:\/\/kilosorunum.com\/habercim\/wp-json\/wp\/v2\/comments?post=40279"}]}}

Az önce bir uçak daha

<p>GM’ye ait iki adet AT-802 tipi yangın söndürme uçağı, planlanmış bakım faaliyeti kapsamında 12 Kasım Çarşamba günü saat 10.24’te Çanakkale’den Hırvatistan’ın Zagreb kentine hareket etti.<br />
Meteorolojik şartlar nedeniyle geceyi Rejika Havaalanı’nda geçiren uçaklar, bugün (13 Kasım 2025 Perşembe) Türkiye saatiyle 17.38’de Zagreb Havaalanı’na gitmek üzere yeniden havalandı.<br />
Ancak hava muhalefeti nedeniyle iki uçak da dönüş kararı aldı. Dönüş rotası sırasında uçaklardan biri Rejika Havaalanı’na güvenli şekilde inerken, diğer uçakla Türkiye saatiyle 18.25’te telsiz bağlantısı kesildi.<br />
Kaybolan uçak ve görevli pilotla temasın yeniden sağlanması için Hırvatistan birimleriyle koordineli olarak arama kurtarma çalışmaları başlatıldı.<br />
Orman Genel Müdürlüğü, konuyla ilgili detayların netleşmesinin ardından kamuoyuna bilgilendirme yapılacağını duyurdu.<br />
ACI HABER: 1 PİLOTUMUZ ŞEHİT OLDU<br />
Tarım ve Orman Bakanı İbrahim Yumaklı sosyal medya hesabından acı haberi duyurdu.<br />
Bakan Yumaklı’nın paylaşımı şu şekilde:<br />
“Hırvatistan’da telsiz irtibatı kesilen Orman Genel Müdürlüğümüze ait yangın söndürme uçağımızın enkazına Hırvatistan’ın Senj kenti yakınlarında ulaşılmıştır.<br />
Elim kazada şehit olan pilotumuza Allah’tan rahmet, ailesine ve sevenlerine başsağlığı ve sabır diliyorum.<br />
Orman teşkilatımızın ve aziz milletimizin başı sağ olsun.”</p>
<p>Kaynak : dahanekadar.net</p>
