{"id":41170,"date":"2025-12-11T19:30:08","date_gmt":"2025-12-11T16:30:08","guid":{"rendered":"https:\/\/kilosorunum.com\/habercim\/wp-content\/uploads\/2025\/12\/1-114.jpg"},"modified":"2025-12-11T19:30:48","modified_gmt":"2025-12-11T16:30:48","slug":"1-4633","status":"inherit","type":"attachment","link":"https:\/\/kilosorunum.com\/habercim\/foto-galeri\/afad-duyurusudur\/attachment\/1-4633\/","title":{"rendered":"AFAD duyurusudur"},"author":2,"comment_status":"open","ping_status":"closed","template":"","meta":[],"description":{"rendered":"<p class=\"attachment\"><a href='https:\/\/kilosorunum.com\/habercim\/wp-content\/uploads\/2025\/12\/1-114.jpg'><img width=\"300\" height=\"169\" src=\"https:\/\/kilosorunum.com\/habercim\/wp-content\/uploads\/2025\/12\/1-114-300x169.jpg\" class=\"attachment-medium size-medium\" alt=\"\" loading=\"lazy\" srcset=\"https:\/\/kilosorunum.com\/habercim\/wp-content\/uploads\/2025\/12\/1-114-300x169.jpg 300w, https:\/\/kilosorunum.com\/habercim\/wp-content\/uploads\/2025\/12\/1-114-1024x576.jpg 1024w, https:\/\/kilosorunum.com\/habercim\/wp-content\/uploads\/2025\/12\/1-114-768x432.jpg 768w, https:\/\/kilosorunum.com\/habercim\/wp-content\/uploads\/2025\/12\/1-114.jpg 1200w\" sizes=\"(max-width: 300px) 100vw, 300px\" \/><\/a><\/p>\n"},"caption":{"rendered":"<p>AFAD\u2019dan yap\u0131lan a\u00e7\u0131klamaya g\u00f6re Bal\u0131kesir S\u0131nd\u0131rg\u0131\u2019da 4.9 b\u00fcy\u00fckl\u00fc\u011f\u00fcnde deprem meydana geldi. \u0130\u00e7i\u015fleri Bakan\u0131 Ali Yerlikaya, sosyal medya hesab\u0131ndan yapt\u0131\u011f\u0131 a\u00e7\u0131klamada saha taramas\u0131n\u0131n ba\u015flat\u0131ld\u0131\u011f\u0131n\u0131 s\u00f6yledi.<br \/>\nAFAD, merkez \u00fcss\u00fc Bal\u0131kesir S\u0131nd\u0131rg\u0131 olan 4.9\u2019luk bir deprem meydana geldi\u011fini duyurdu. Saat 10.06\u2019da ger\u00e7ekle\u015fen depremin derinli\u011fi 6.97 km olarak kaydedildi. Bu depremin \u00e7evre illerden de hissedildi\u011fi \u00f6\u011frenildi.<br \/>\nAFAD: OLUMSUZ DURUM YOK<br \/>\nDepremin ard\u0131ndan AFAD\u2019dan yap\u0131lan a\u00e7\u0131klamada b\u00f6lgede olumsuz bir durum olmad\u0131\u011f\u0131 belirtildi. Payla\u015f\u0131lan mesajda \u201cBal\u0131kesir ilimizin S\u0131nd\u0131rg\u0131 il\u00e7esinde saat 10.06\u2019da meydana gelen 4.9 b\u00fcy\u00fckl\u00fc\u011f\u00fcndeki #deprem sonras\u0131, an itibar\u0131yla, olumsuz bir durum bulunmamaktad\u0131r. Saha tarama \u00e7al\u0131\u015fmalar\u0131 devam etmektedir. Etkilenen vatanda\u015flar\u0131m\u0131za ge\u00e7mi\u015f olsun dileklerimizi sunar\u0131z.\u201d ifadelerine yer verildi.<\/p>\n<p>BAKAN YERL\u0130KAYA: SAHA TARAMASI BA\u015eLADI<\/p>\n<p>\u0130\u00e7i\u015fleri Bakan\u0131 Ali Yerlikaya, 4.9\u2019luk depremin ard\u0131ndan sosyal medya hesab\u0131ndan a\u00e7\u0131klama yapt\u0131. Yerlikaya, payla\u015f\u0131m\u0131nda \u015fu ifadelere yer verdi:<\/p>\n<p>Bal\u0131kesir S\u0131nd\u0131rg\u0131\u2019da 4,9 b\u00fcy\u00fckl\u00fc\u011f\u00fcnde bir deprem meydan gelmi\u015ftir. \u00c7evre illerden de hissedilen depremle ilgili olarak, AFAD ve ilgili kurumlar\u0131m\u0131z\u0131n t\u00fcm ekipleri saha taramalar\u0131na derhal ba\u015flam\u0131\u015ft\u0131r.<\/p>\n<p>Depremden etkilenen vatanda\u015flar\u0131m\u0131za ge\u00e7mi\u015f olsun dileklerimi sunuyorum.<\/p>\n<p>Allah \u00fclkemizi ve milletimizi afetlerden korusun.<\/p>\n<p>Kaynak : hurriyet.com.tr<\/p>\n"},"alt_text":"","media_type":"image","mime_type":"image\/jpeg","media_details":{"width":1200,"height":675,"file":"2025\/12\/1-114.jpg","sizes":{"medium":{"file":"1-114-300x169.jpg","width":300,"height":169,"mime_type":"image\/jpeg","source_url":"https:\/\/kilosorunum.com\/habercim\/wp-content\/uploads\/2025\/12\/1-114-300x169.jpg"},"large":{"file":"1-114-1024x576.jpg","width":1024,"height":576,"mime_type":"image\/jpeg","source_url":"https:\/\/kilosorunum.com\/habercim\/wp-content\/uploads\/2025\/12\/1-114-1024x576.jpg"},"thumbnail":{"file":"1-114-150x150.jpg","width":150,"height":150,"mime_type":"image\/jpeg","source_url":"https:\/\/kilosorunum.com\/habercim\/wp-content\/uploads\/2025\/12\/1-114-150x150.jpg"},"medium_large":{"file":"1-114-768x432.jpg","width":768,"height":432,"mime_type":"image\/jpeg","source_url":"https:\/\/kilosorunum.com\/habercim\/wp-content\/uploads\/2025\/12\/1-114-768x432.jpg"},"kucukResim":{"file":"1-114-80x50.jpg","width":80,"height":50,"mime_type":"image\/jpeg","source_url":"https:\/\/kilosorunum.com\/habercim\/wp-content\/uploads\/2025\/12\/1-114-80x50.jpg"},"sliderResim":{"file":"1-114-670x330.jpg","width":670,"height":330,"mime_type":"image\/jpeg","source_url":"https:\/\/kilosorunum.com\/habercim\/wp-content\/uploads\/2025\/12\/1-114-670x330.jpg"},"resim1":{"file":"1-114-184x140.jpg","width":184,"height":140,"mime_type":"image\/jpeg","source_url":"https:\/\/kilosorunum.com\/habercim\/wp-content\/uploads\/2025\/12\/1-114-184x140.jpg"},"resim2":{"file":"1-114-216x103.jpg","width":216,"height":103,"mime_type":"image\/jpeg","source_url":"https:\/\/kilosorunum.com\/habercim\/wp-content\/uploads\/2025\/12\/1-114-216x103.jpg"},"resim3":{"file":"1-114-145x70.jpg","width":145,"height":70,"mime_type":"image\/jpeg","source_url":"https:\/\/kilosorunum.com\/habercim\/wp-content\/uploads\/2025\/12\/1-114-145x70.jpg"},"sagSlider":{"file":"1-114-300x150.jpg","width":300,"height":150,"mime_type":"image\/jpeg","source_url":"https:\/\/kilosorunum.com\/habercim\/wp-content\/uploads\/2025\/12\/1-114-300x150.jpg"},"yeniSlider":{"file":"1-114-500x290.jpg","width":500,"height":290,"mime_type":"image\/jpeg","source_url":"https:\/\/kilosorunum.com\/habercim\/wp-content\/uploads\/2025\/12\/1-114-500x290.jpg"},"full":{"file":"1-114.jpg","width":1200,"height":675,"mime_type":"image\/jpeg","source_url":"https:\/\/kilosorunum.com\/habercim\/wp-content\/uploads\/2025\/12\/1-114.jpg"}},"image_meta":{"aperture":"0","credit":"","camera":"","caption":"","created_timestamp":"0","copyright":"","focal_length":"0","iso":"0","shutter_speed":"0","title":"","orientation":"0","keywords":[]}},"post":41168,"source_url":"https:\/\/kilosorunum.com\/habercim\/wp-content\/uploads\/2025\/12\/1-114.jpg","_links":{"self":[{"href":"https:\/\/kilosorunum.com\/habercim\/wp-json\/wp\/v2\/media\/41170"}],"collection":[{"href":"https:\/\/kilosorunum.com\/habercim\/wp-json\/wp\/v2\/media"}],"about":[{"href":"https:\/\/kilosorunum.com\/habercim\/wp-json\/wp\/v2\/types\/attachment"}],"author":[{"embeddable":true,"href":"https:\/\/kilosorunum.com\/habercim\/wp-json\/wp\/v2\/users\/2"}],"replies":[{"embeddable":true,"href":"https:\/\/kilosorunum.com\/habercim\/wp-json\/wp\/v2\/comments?post=41170"}]}}

<p>AFAD’dan yapılan açıklamaya göre Balıkesir Sındırgı’da 4.9 büyüklüğünde deprem meydana geldi. İçişleri Bakanı Ali Yerlikaya, sosyal medya hesabından yaptığı açıklamada saha taramasının başlatıldığını söyledi.<br />
AFAD, merkez üssü Balıkesir Sındırgı olan 4.9’luk bir deprem meydana geldiğini duyurdu. Saat 10.06’da gerçekleşen depremin derinliği 6.97 km olarak kaydedildi. Bu depremin çevre illerden de hissedildiği öğrenildi.<br />
AFAD: OLUMSUZ DURUM YOK<br />
Depremin ardından AFAD’dan yapılan açıklamada bölgede olumsuz bir durum olmadığı belirtildi. Paylaşılan mesajda “Balıkesir ilimizin Sındırgı ilçesinde saat 10.06’da meydana gelen 4.9 büyüklüğündeki #deprem sonrası, an itibarıyla, olumsuz bir durum bulunmamaktadır. Saha tarama çalışmaları devam etmektedir. Etkilenen vatandaşlarımıza geçmiş olsun dileklerimizi sunarız.” ifadelerine yer verildi.</p>
<p>BAKAN YERLİKAYA: SAHA TARAMASI BAŞLADI</p>
<p>İçişleri Bakanı Ali Yerlikaya, 4.9’luk depremin ardından sosyal medya hesabından açıklama yaptı. Yerlikaya, paylaşımında şu ifadelere yer verdi:</p>
<p>Balıkesir Sındırgı’da 4,9 büyüklüğünde bir deprem meydan gelmiştir. Çevre illerden de hissedilen depremle ilgili olarak, AFAD ve ilgili kurumlarımızın tüm ekipleri saha taramalarına derhal başlamıştır.</p>
<p>Depremden etkilenen vatandaşlarımıza geçmiş olsun dileklerimi sunuyorum.</p>
<p>Allah ülkemizi ve milletimizi afetlerden korusun.</p>
<p>Kaynak : hurriyet.com.tr</p>
