{"id":41225,"date":"2025-12-13T17:51:33","date_gmt":"2025-12-13T14:51:33","guid":{"rendered":"https:\/\/kilosorunum.com\/habercim\/wp-content\/uploads\/2025\/12\/1-136.jpg"},"modified":"2025-12-13T17:52:52","modified_gmt":"2025-12-13T14:52:52","slug":"1-4655","status":"inherit","type":"attachment","link":"https:\/\/kilosorunum.com\/habercim\/foto-galeri\/bakan-simsek-emekli-maaslari\/attachment\/1-4655\/","title":{"rendered":"Bakan \u015eim\u015fek Emekli Maa\u015flar\u0131"},"author":2,"comment_status":"open","ping_status":"closed","template":"","meta":[],"description":{"rendered":"<p class=\"attachment\"><a href='https:\/\/kilosorunum.com\/habercim\/wp-content\/uploads\/2025\/12\/1-136.jpg'><img width=\"300\" height=\"169\" src=\"https:\/\/kilosorunum.com\/habercim\/wp-content\/uploads\/2025\/12\/1-136-300x169.jpg\" class=\"attachment-medium size-medium\" alt=\"\" loading=\"lazy\" srcset=\"https:\/\/kilosorunum.com\/habercim\/wp-content\/uploads\/2025\/12\/1-136-300x169.jpg 300w, https:\/\/kilosorunum.com\/habercim\/wp-content\/uploads\/2025\/12\/1-136-1024x576.jpg 1024w, https:\/\/kilosorunum.com\/habercim\/wp-content\/uploads\/2025\/12\/1-136-768x432.jpg 768w, https:\/\/kilosorunum.com\/habercim\/wp-content\/uploads\/2025\/12\/1-136.jpg 1200w\" sizes=\"(max-width: 300px) 100vw, 300px\" \/><\/a><\/p>\n"},"caption":{"rendered":"<p>Aral\u0131k ay\u0131 enflasyonunun y\u00fczde 1 a\u00e7\u0131klanmas\u0131 durumunda, toplam enflasyon y\u00fczde 12,31 olacak. Emekli maa\u015f\u0131 hesaplamas\u0131nda enflasyon fark\u0131na g\u00f6re de\u011fil, toplam enflasyon oran\u0131na g\u00f6re zam yap\u0131l\u0131yor.<\/p>\n<p>B\u00f6ylece SSK ve Ba\u011f-Kur emeklilerinin maa\u015f\u0131na y\u00fczde 12,31 oran\u0131nda zam yap\u0131lacak.<\/p>\n<p>EN D\u00dc\u015e\u00dcK EMEKL\u0130 MAA\u015eI NE KADAR OLACAK?<br \/>\nH\u00fck\u00fcmet taraf\u0131ndan ge\u00e7ti\u011fimiz senelerde en d\u00fc\u015f\u00fck emekli ayl\u0131klar\u0131na g\u00fcncel zam oranlar\u0131 \u00fczerinden art\u0131\u015f yap\u0131lm\u0131\u015ft\u0131. En d\u00fc\u015f\u00fck emekli maa\u015f\u0131 \u015fuan 16 bin 881 lira seviyelerinde bulunuyor.<\/p>\n<p>Bakan \u015eim\u015fek\u2019in dedi\u011fi gibi y\u0131l sonu enflasyonunun y\u00fczde 31 seviyelerinde a\u00e7\u0131klanmas\u0131 durumunda, aral\u0131k ay\u0131nda ayl\u0131k enflasyon 1 civar\u0131nda olacak. Bu hesaplamalara g\u00f6re ise 2026 ocak ay\u0131nda en d\u00fc\u015f\u00fck emekli maa\u015flar\u0131 18 bin 959 liraya y\u00fckselecek.<\/p>\n<p>Kaynak : cumhuriyet.com.tr<\/p>\n"},"alt_text":"","media_type":"image","mime_type":"image\/jpeg","media_details":{"width":1200,"height":675,"file":"2025\/12\/1-136.jpg","sizes":{"medium":{"file":"1-136-300x169.jpg","width":300,"height":169,"mime_type":"image\/jpeg","source_url":"https:\/\/kilosorunum.com\/habercim\/wp-content\/uploads\/2025\/12\/1-136-300x169.jpg"},"large":{"file":"1-136-1024x576.jpg","width":1024,"height":576,"mime_type":"image\/jpeg","source_url":"https:\/\/kilosorunum.com\/habercim\/wp-content\/uploads\/2025\/12\/1-136-1024x576.jpg"},"thumbnail":{"file":"1-136-150x150.jpg","width":150,"height":150,"mime_type":"image\/jpeg","source_url":"https:\/\/kilosorunum.com\/habercim\/wp-content\/uploads\/2025\/12\/1-136-150x150.jpg"},"medium_large":{"file":"1-136-768x432.jpg","width":768,"height":432,"mime_type":"image\/jpeg","source_url":"https:\/\/kilosorunum.com\/habercim\/wp-content\/uploads\/2025\/12\/1-136-768x432.jpg"},"kucukResim":{"file":"1-136-80x50.jpg","width":80,"height":50,"mime_type":"image\/jpeg","source_url":"https:\/\/kilosorunum.com\/habercim\/wp-content\/uploads\/2025\/12\/1-136-80x50.jpg"},"sliderResim":{"file":"1-136-670x330.jpg","width":670,"height":330,"mime_type":"image\/jpeg","source_url":"https:\/\/kilosorunum.com\/habercim\/wp-content\/uploads\/2025\/12\/1-136-670x330.jpg"},"resim1":{"file":"1-136-184x140.jpg","width":184,"height":140,"mime_type":"image\/jpeg","source_url":"https:\/\/kilosorunum.com\/habercim\/wp-content\/uploads\/2025\/12\/1-136-184x140.jpg"},"resim2":{"file":"1-136-216x103.jpg","width":216,"height":103,"mime_type":"image\/jpeg","source_url":"https:\/\/kilosorunum.com\/habercim\/wp-content\/uploads\/2025\/12\/1-136-216x103.jpg"},"resim3":{"file":"1-136-145x70.jpg","width":145,"height":70,"mime_type":"image\/jpeg","source_url":"https:\/\/kilosorunum.com\/habercim\/wp-content\/uploads\/2025\/12\/1-136-145x70.jpg"},"sagSlider":{"file":"1-136-300x150.jpg","width":300,"height":150,"mime_type":"image\/jpeg","source_url":"https:\/\/kilosorunum.com\/habercim\/wp-content\/uploads\/2025\/12\/1-136-300x150.jpg"},"yeniSlider":{"file":"1-136-500x290.jpg","width":500,"height":290,"mime_type":"image\/jpeg","source_url":"https:\/\/kilosorunum.com\/habercim\/wp-content\/uploads\/2025\/12\/1-136-500x290.jpg"},"full":{"file":"1-136.jpg","width":1200,"height":675,"mime_type":"image\/jpeg","source_url":"https:\/\/kilosorunum.com\/habercim\/wp-content\/uploads\/2025\/12\/1-136.jpg"}},"image_meta":{"aperture":"0","credit":"","camera":"","caption":"","created_timestamp":"0","copyright":"","focal_length":"0","iso":"0","shutter_speed":"0","title":"","orientation":"0","keywords":[]}},"post":41223,"source_url":"https:\/\/kilosorunum.com\/habercim\/wp-content\/uploads\/2025\/12\/1-136.jpg","_links":{"self":[{"href":"https:\/\/kilosorunum.com\/habercim\/wp-json\/wp\/v2\/media\/41225"}],"collection":[{"href":"https:\/\/kilosorunum.com\/habercim\/wp-json\/wp\/v2\/media"}],"about":[{"href":"https:\/\/kilosorunum.com\/habercim\/wp-json\/wp\/v2\/types\/attachment"}],"author":[{"embeddable":true,"href":"https:\/\/kilosorunum.com\/habercim\/wp-json\/wp\/v2\/users\/2"}],"replies":[{"embeddable":true,"href":"https:\/\/kilosorunum.com\/habercim\/wp-json\/wp\/v2\/comments?post=41225"}]}}

Bakan Şimşek Emekli Maaşları

<p>Aralık ayı enflasyonunun yüzde 1 açıklanması durumunda, toplam enflasyon yüzde 12,31 olacak. Emekli maaşı hesaplamasında enflasyon farkına göre değil, toplam enflasyon oranına göre zam yapılıyor.</p>
<p>Böylece SSK ve Bağ-Kur emeklilerinin maaşına yüzde 12,31 oranında zam yapılacak.</p>
<p>EN DÜŞÜK EMEKLİ MAAŞI NE KADAR OLACAK?<br />
Hükümet tarafından geçtiğimiz senelerde en düşük emekli aylıklarına güncel zam oranları üzerinden artış yapılmıştı. En düşük emekli maaşı şuan 16 bin 881 lira seviyelerinde bulunuyor.</p>
<p>Bakan Şimşek’in dediği gibi yıl sonu enflasyonunun yüzde 31 seviyelerinde açıklanması durumunda, aralık ayında aylık enflasyon 1 civarında olacak. Bu hesaplamalara göre ise 2026 ocak ayında en düşük emekli maaşları 18 bin 959 liraya yükselecek.</p>
<p>Kaynak : cumhuriyet.com.tr</p>
