{"id":41240,"date":"2025-12-13T21:07:11","date_gmt":"2025-12-13T18:07:11","guid":{"rendered":"https:\/\/kilosorunum.com\/habercim\/wp-content\/uploads\/2025\/12\/1-142.jpg"},"modified":"2025-12-13T21:08:01","modified_gmt":"2025-12-13T18:08:01","slug":"1-4661","status":"inherit","type":"attachment","link":"https:\/\/kilosorunum.com\/habercim\/foto-galeri\/2026in-yarismacilari\/attachment\/1-4661\/","title":{"rendered":"2026\u2019\u0131n yar\u0131\u015fmac\u0131lar\u0131"},"author":2,"comment_status":"open","ping_status":"closed","template":"","meta":[],"description":{"rendered":"<p class=\"attachment\"><a href='https:\/\/kilosorunum.com\/habercim\/wp-content\/uploads\/2025\/12\/1-142.jpg'><img width=\"300\" height=\"169\" src=\"https:\/\/kilosorunum.com\/habercim\/wp-content\/uploads\/2025\/12\/1-142-300x169.jpg\" class=\"attachment-medium size-medium\" alt=\"\" loading=\"lazy\" srcset=\"https:\/\/kilosorunum.com\/habercim\/wp-content\/uploads\/2025\/12\/1-142-300x169.jpg 300w, https:\/\/kilosorunum.com\/habercim\/wp-content\/uploads\/2025\/12\/1-142-1024x576.jpg 1024w, https:\/\/kilosorunum.com\/habercim\/wp-content\/uploads\/2025\/12\/1-142-768x432.jpg 768w, https:\/\/kilosorunum.com\/habercim\/wp-content\/uploads\/2025\/12\/1-142.jpg 1200w\" sizes=\"(max-width: 300px) 100vw, 300px\" \/><\/a><\/p>\n"},"caption":{"rendered":"<p>TV 8 ekranlar\u0131nda seyirci ile bulu\u015fan ve en \u00e7ok izlenen yar\u0131\u015fmalardan biri olan Survivor i\u00e7in geri say\u0131m ba\u015flad\u0131. Yar\u0131\u015fmac\u0131 kadrosunun olu\u015fmaya ba\u015flad\u0131\u011f\u0131 Survivor 2026\u2019da ilgin\u00e7 isimler yer al\u0131yor.<\/p>\n<p>2026 SURV\u0130VOR YARI\u015eMACILARI<\/p>\n<p>\u0130\u015fte o isimler: Bayhan, Keremcem, Dilan \u00c7\u0131tak ve Mert Nobre.<\/p>\n<p>SURV\u0130VOR NE ZAMAN BA\u015eLAYACAK?<\/p>\n<p>Peki merakla beklenen Survivor 2026 ne zaman ba\u015flayacak? Survivor 2026\u2019\u0131n ne zaman ba\u015flayaca\u011f\u0131 hen\u00fcz a\u00e7\u0131klanmad\u0131. Ge\u00e7en y\u0131l 1 Ocak\u2019ta ba\u015flayan yar\u0131\u015fman\u0131n bu sene de Ocak ay\u0131nda ba\u015flamas\u0131 bekleniyor.<\/p>\n<p>Kaynak : gazetegercek.com.tr<\/p>\n"},"alt_text":"","media_type":"image","mime_type":"image\/jpeg","media_details":{"width":1200,"height":675,"file":"2025\/12\/1-142.jpg","sizes":{"medium":{"file":"1-142-300x169.jpg","width":300,"height":169,"mime_type":"image\/jpeg","source_url":"https:\/\/kilosorunum.com\/habercim\/wp-content\/uploads\/2025\/12\/1-142-300x169.jpg"},"large":{"file":"1-142-1024x576.jpg","width":1024,"height":576,"mime_type":"image\/jpeg","source_url":"https:\/\/kilosorunum.com\/habercim\/wp-content\/uploads\/2025\/12\/1-142-1024x576.jpg"},"thumbnail":{"file":"1-142-150x150.jpg","width":150,"height":150,"mime_type":"image\/jpeg","source_url":"https:\/\/kilosorunum.com\/habercim\/wp-content\/uploads\/2025\/12\/1-142-150x150.jpg"},"medium_large":{"file":"1-142-768x432.jpg","width":768,"height":432,"mime_type":"image\/jpeg","source_url":"https:\/\/kilosorunum.com\/habercim\/wp-content\/uploads\/2025\/12\/1-142-768x432.jpg"},"kucukResim":{"file":"1-142-80x50.jpg","width":80,"height":50,"mime_type":"image\/jpeg","source_url":"https:\/\/kilosorunum.com\/habercim\/wp-content\/uploads\/2025\/12\/1-142-80x50.jpg"},"sliderResim":{"file":"1-142-670x330.jpg","width":670,"height":330,"mime_type":"image\/jpeg","source_url":"https:\/\/kilosorunum.com\/habercim\/wp-content\/uploads\/2025\/12\/1-142-670x330.jpg"},"resim1":{"file":"1-142-184x140.jpg","width":184,"height":140,"mime_type":"image\/jpeg","source_url":"https:\/\/kilosorunum.com\/habercim\/wp-content\/uploads\/2025\/12\/1-142-184x140.jpg"},"resim2":{"file":"1-142-216x103.jpg","width":216,"height":103,"mime_type":"image\/jpeg","source_url":"https:\/\/kilosorunum.com\/habercim\/wp-content\/uploads\/2025\/12\/1-142-216x103.jpg"},"resim3":{"file":"1-142-145x70.jpg","width":145,"height":70,"mime_type":"image\/jpeg","source_url":"https:\/\/kilosorunum.com\/habercim\/wp-content\/uploads\/2025\/12\/1-142-145x70.jpg"},"sagSlider":{"file":"1-142-300x150.jpg","width":300,"height":150,"mime_type":"image\/jpeg","source_url":"https:\/\/kilosorunum.com\/habercim\/wp-content\/uploads\/2025\/12\/1-142-300x150.jpg"},"yeniSlider":{"file":"1-142-500x290.jpg","width":500,"height":290,"mime_type":"image\/jpeg","source_url":"https:\/\/kilosorunum.com\/habercim\/wp-content\/uploads\/2025\/12\/1-142-500x290.jpg"},"full":{"file":"1-142.jpg","width":1200,"height":675,"mime_type":"image\/jpeg","source_url":"https:\/\/kilosorunum.com\/habercim\/wp-content\/uploads\/2025\/12\/1-142.jpg"}},"image_meta":{"aperture":"0","credit":"","camera":"","caption":"","created_timestamp":"0","copyright":"","focal_length":"0","iso":"0","shutter_speed":"0","title":"","orientation":"0","keywords":[]}},"post":41238,"source_url":"https:\/\/kilosorunum.com\/habercim\/wp-content\/uploads\/2025\/12\/1-142.jpg","_links":{"self":[{"href":"https:\/\/kilosorunum.com\/habercim\/wp-json\/wp\/v2\/media\/41240"}],"collection":[{"href":"https:\/\/kilosorunum.com\/habercim\/wp-json\/wp\/v2\/media"}],"about":[{"href":"https:\/\/kilosorunum.com\/habercim\/wp-json\/wp\/v2\/types\/attachment"}],"author":[{"embeddable":true,"href":"https:\/\/kilosorunum.com\/habercim\/wp-json\/wp\/v2\/users\/2"}],"replies":[{"embeddable":true,"href":"https:\/\/kilosorunum.com\/habercim\/wp-json\/wp\/v2\/comments?post=41240"}]}}

2026’ın yarışmacıları

<p>TV 8 ekranlarında seyirci ile buluşan ve en çok izlenen yarışmalardan biri olan Survivor için geri sayım başladı. Yarışmacı kadrosunun oluşmaya başladığı Survivor 2026’da ilginç isimler yer alıyor.</p>
<p>2026 SURVİVOR YARIŞMACILARI</p>
<p>İşte o isimler: Bayhan, Keremcem, Dilan Çıtak ve Mert Nobre.</p>
<p>SURVİVOR NE ZAMAN BAŞLAYACAK?</p>
<p>Peki merakla beklenen Survivor 2026 ne zaman başlayacak? Survivor 2026’ın ne zaman başlayacağı henüz açıklanmadı. Geçen yıl 1 Ocak’ta başlayan yarışmanın bu sene de Ocak ayında başlaması bekleniyor.</p>
<p>Kaynak : gazetegercek.com.tr</p>
