{"id":41630,"date":"2025-12-26T16:17:39","date_gmt":"2025-12-26T13:17:39","guid":{"rendered":"https:\/\/kilosorunum.com\/habercim\/wp-content\/uploads\/2025\/12\/PARA-29.webp"},"modified":"2025-12-26T16:18:08","modified_gmt":"2025-12-26T13:18:08","slug":"para-249","status":"inherit","type":"attachment","link":"https:\/\/kilosorunum.com\/habercim\/foto-galeri\/emekliler-icin-ozel\/attachment\/para-249\/","title":{"rendered":"Emekliler i\u00e7in \u00f6zel"},"author":2,"comment_status":"open","ping_status":"closed","template":"","meta":[],"description":{"rendered":"<p class=\"attachment\"><a href='https:\/\/kilosorunum.com\/habercim\/wp-content\/uploads\/2025\/12\/PARA-29.webp'><img width=\"300\" height=\"150\" src=\"https:\/\/kilosorunum.com\/habercim\/wp-content\/uploads\/2025\/12\/PARA-29-300x150.webp\" class=\"attachment-medium size-medium\" alt=\"\" loading=\"lazy\" srcset=\"https:\/\/kilosorunum.com\/habercim\/wp-content\/uploads\/2025\/12\/PARA-29-300x150.webp 300w, https:\/\/kilosorunum.com\/habercim\/wp-content\/uploads\/2025\/12\/PARA-29.webp 768w\" sizes=\"(max-width: 300px) 100vw, 300px\" \/><\/a><\/p>\n"},"caption":{"rendered":"<p>Milyonlarca memur ve emekli, 2026 y\u0131l\u0131n\u0131n ilk maa\u015f art\u0131\u015f\u0131n\u0131 merakla bekliyor. Ocak ay\u0131nda yap\u0131lacak zamla birlikte maa\u015flar yeniden belirlenecek, en d\u00fc\u015f\u00fck emekli ayl\u0131\u011f\u0131 da buna g\u00f6re g\u00fcncellenecek.<\/p>\n<p>devam\u0131 sonraki sayfada\u2026 g\u00f6rsel \u00fczerinden do2&#8217;kununuz ge\u00e7ebilirsiniz&#8230;<\/p>\n"},"alt_text":"","media_type":"image","mime_type":"image\/webp","media_details":{"width":768,"height":384,"file":"2025\/12\/PARA-29.webp","sizes":{"medium":{"file":"PARA-29-300x150.webp","width":300,"height":150,"mime_type":"image\/webp","source_url":"https:\/\/kilosorunum.com\/habercim\/wp-content\/uploads\/2025\/12\/PARA-29-300x150.webp"},"thumbnail":{"file":"PARA-29-150x150.webp","width":150,"height":150,"mime_type":"image\/webp","source_url":"https:\/\/kilosorunum.com\/habercim\/wp-content\/uploads\/2025\/12\/PARA-29-150x150.webp"},"kucukResim":{"file":"PARA-29-80x50.webp","width":80,"height":50,"mime_type":"image\/webp","source_url":"https:\/\/kilosorunum.com\/habercim\/wp-content\/uploads\/2025\/12\/PARA-29-80x50.webp"},"sliderResim":{"file":"PARA-29-670x330.webp","width":670,"height":330,"mime_type":"image\/webp","source_url":"https:\/\/kilosorunum.com\/habercim\/wp-content\/uploads\/2025\/12\/PARA-29-670x330.webp"},"resim1":{"file":"PARA-29-184x140.webp","width":184,"height":140,"mime_type":"image\/webp","source_url":"https:\/\/kilosorunum.com\/habercim\/wp-content\/uploads\/2025\/12\/PARA-29-184x140.webp"},"resim2":{"file":"PARA-29-216x103.webp","width":216,"height":103,"mime_type":"image\/webp","source_url":"https:\/\/kilosorunum.com\/habercim\/wp-content\/uploads\/2025\/12\/PARA-29-216x103.webp"},"resim3":{"file":"PARA-29-145x70.webp","width":145,"height":70,"mime_type":"image\/webp","source_url":"https:\/\/kilosorunum.com\/habercim\/wp-content\/uploads\/2025\/12\/PARA-29-145x70.webp"},"sagSlider":{"file":"PARA-29-300x150.webp","width":300,"height":150,"mime_type":"image\/webp","source_url":"https:\/\/kilosorunum.com\/habercim\/wp-content\/uploads\/2025\/12\/PARA-29-300x150.webp"},"yeniSlider":{"file":"PARA-29-500x290.webp","width":500,"height":290,"mime_type":"image\/webp","source_url":"https:\/\/kilosorunum.com\/habercim\/wp-content\/uploads\/2025\/12\/PARA-29-500x290.webp"},"full":{"file":"PARA-29.webp","width":768,"height":384,"mime_type":"image\/webp","source_url":"https:\/\/kilosorunum.com\/habercim\/wp-content\/uploads\/2025\/12\/PARA-29.webp"}},"image_meta":{"aperture":"0","credit":"","camera":"","caption":"","created_timestamp":"0","copyright":"","focal_length":"0","iso":"0","shutter_speed":"0","title":"","orientation":"0","keywords":[]}},"post":41628,"source_url":"https:\/\/kilosorunum.com\/habercim\/wp-content\/uploads\/2025\/12\/PARA-29.webp","_links":{"self":[{"href":"https:\/\/kilosorunum.com\/habercim\/wp-json\/wp\/v2\/media\/41630"}],"collection":[{"href":"https:\/\/kilosorunum.com\/habercim\/wp-json\/wp\/v2\/media"}],"about":[{"href":"https:\/\/kilosorunum.com\/habercim\/wp-json\/wp\/v2\/types\/attachment"}],"author":[{"embeddable":true,"href":"https:\/\/kilosorunum.com\/habercim\/wp-json\/wp\/v2\/users\/2"}],"replies":[{"embeddable":true,"href":"https:\/\/kilosorunum.com\/habercim\/wp-json\/wp\/v2\/comments?post=41630"}]}}

Emekliler için özel

<p>Milyonlarca memur ve emekli, 2026 yılının ilk maaş artışını merakla bekliyor. Ocak ayında yapılacak zamla birlikte maaşlar yeniden belirlenecek, en düşük emekli aylığı da buna göre güncellenecek.</p>
<p>devamı sonraki sayfada… görsel üzerinden do2&#8217;kununuz geçebilirsiniz&#8230;</p>
