{"id":41919,"date":"2026-01-03T16:04:35","date_gmt":"2026-01-03T13:04:35","guid":{"rendered":"https:\/\/kilosorunum.com\/habercim\/wp-content\/uploads\/2026\/01\/1-35.jpg"},"modified":"2026-01-03T16:05:06","modified_gmt":"2026-01-03T13:05:06","slug":"1-4830","status":"inherit","type":"attachment","link":"https:\/\/kilosorunum.com\/habercim\/foto-galeri\/24-saatlik-2\/attachment\/1-4830\/","title":{"rendered":"24 Saatlik"},"author":2,"comment_status":"open","ping_status":"closed","template":"","meta":[],"description":{"rendered":"<p class=\"attachment\"><a href='https:\/\/kilosorunum.com\/habercim\/wp-content\/uploads\/2026\/01\/1-35.jpg'><img width=\"300\" height=\"169\" src=\"https:\/\/kilosorunum.com\/habercim\/wp-content\/uploads\/2026\/01\/1-35-300x169.jpg\" class=\"attachment-medium size-medium\" alt=\"\" loading=\"lazy\" srcset=\"https:\/\/kilosorunum.com\/habercim\/wp-content\/uploads\/2026\/01\/1-35-300x169.jpg 300w, https:\/\/kilosorunum.com\/habercim\/wp-content\/uploads\/2026\/01\/1-35-1024x576.jpg 1024w, https:\/\/kilosorunum.com\/habercim\/wp-content\/uploads\/2026\/01\/1-35-768x432.jpg 768w, https:\/\/kilosorunum.com\/habercim\/wp-content\/uploads\/2026\/01\/1-35.jpg 1200w\" sizes=\"(max-width: 300px) 100vw, 300px\" \/><\/a><\/p>\n"},"caption":{"rendered":"<p>\u0130ZM\u0130R\u2019DE ARIZALARDAN KAYNAKLANAN<br \/>\nPLANLI SU KES\u0130NT\u0130LER\u0130:<br \/>\nAL\u0130A\u011eA SU KES\u0130NT\u0130S\u0130<br \/>\nKesinti S\u00fcresi: 03.01.2026 saat 09:36 ile 11:36 aras\u0131nda yakla\u015f\u0131k 2 saat su kesintisi olacakt\u0131r.<\/p>\n<p>Etkilenecek mahalleler: \u015eAKRAN HASB\u0130 EFEND\u0130<\/p>\n<p>Ar\u0131za nedeni: Ana Boru Ar\u0131zas\u0131<\/p>\n<p>BUCA SU KES\u0130NT\u0130S\u0130<br \/>\nKesinti S\u00fcresi: 03.01.2026 saat 10:00 ile 11:00 aras\u0131nda yakla\u015f\u0131k 1 saat su kesintisi olacakt\u0131r.<\/p>\n<p>Etkilenecek mahalleler: YE\u015e\u0130LBA\u011eLAR<\/p>\n<p>Ar\u0131za nedeni: Ana Boru Ar\u0131zas\u0131<\/p>\n<p>KINIK SU KES\u0130NT\u0130S\u0130<br \/>\nKesinti S\u00fcresi: 03.01.2026 saat 08:20 ile 10:20 aras\u0131nda yakla\u015f\u0131k 2 saat su kesintisi olacakt\u0131r.<\/p>\n<p>Etkilenecek mahalleler: A\u015eA\u011eI<\/p>\n<p>Ar\u0131za nedeni: Ana Boru Ar\u0131zas\u0131<\/p>\n<p>K\u0130RAZ SU KES\u0130NT\u0130S\u0130<br \/>\nKesinti S\u00fcresi: 03.01.2026 saat 09:46 ile 13:00 aras\u0131nda yakla\u015f\u0131k 3 saat su kesintisi olacakt\u0131r.<\/p>\n<p>Etkilenecek mahalleler: \u015eEMS\u0130LER<\/p>\n<p>Ar\u0131za nedeni: Pompa Ar\u0131zas\u0131<\/p>\n<p>SEL\u00c7UK SU KES\u0130NT\u0130S\u0130<br \/>\nKesinti S\u00fcresi: 03.01.2026 saat 00:00 ile 12:00 aras\u0131nda yakla\u015f\u0131k 12 saat su kesintisi olacakt\u0131r.<\/p>\n<p>Etkilenecek mahalleler: G\u00d6K\u00c7EALAN<\/p>\n<p>Ar\u0131za nedeni: Elektrik Ar\u0131zas\u0131<\/p>\n<p>URLA SU KES\u0130NT\u0130S\u0130<br \/>\nKesinti S\u00fcresi: 03.01.2026 saat 09:35 ile 11:34 aras\u0131nda yakla\u015f\u0131k 2 saat su kesintisi olacakt\u0131r.<\/p>\n<p>Etkilenecek mahalleler: ALTINTA\u015e<\/p>\n<p>Ar\u0131za nedeni: Ana Boru Ar\u0131zas\u0131<\/p>\n<p>BAYRAKLI SU KES\u0130NT\u0130S\u0130<br \/>\nPlanl\u0131 bir su kesintisi bilgisi bulunmamaktad\u0131r\u2026<\/p>\n<p>Kesinti S\u00fcresi:<\/p>\n<p>Etkilenecek mahalleler:<\/p>\n<p>Ar\u0131za nedeni:<\/p>\n<p>BAYRAKLI SU KES\u0130NT\u0130S\u0130<br \/>\nPlanl\u0131 bir su kesintisi bilgisi bulunmamaktad\u0131r\u2026<\/p>\n<p>Kesinti S\u00fcresi:<\/p>\n<p>Etkilenecek mahalleler:<\/p>\n<p>Ar\u0131za nedeni:<\/p>\n<p>KAR\u015eIYAKA SU KES\u0130NT\u0130S\u0130<br \/>\nPlanl\u0131 bir su kesintisi bilgisi bulunmamaktad\u0131r\u2026<\/p>\n<p>Kesinti S\u00fcresi:<\/p>\n<p>Etkilenecek mahalleler:<\/p>\n<p>Ar\u0131za nedeni:<\/p>\n<p>\u00d6DEM\u0130\u015e SU KES\u0130NT\u0130S\u0130<br \/>\nPlanl\u0131 bir su kesintisi bilgisi bulunmamaktad\u0131r\u2026<\/p>\n<p>Kesinti S\u00fcresi:<\/p>\n<p>Etkilenecek mahalleler:<\/p>\n<p>Ar\u0131za nedeni:<\/p>\n<p>\u00c7E\u015eME SU KES\u0130NT\u0130S\u0130<br \/>\nPlanl\u0131 bir su kesintisi bilgisi bulunmamaktad\u0131r\u2026<\/p>\n<p>Kesinti S\u00fcresi:<\/p>\n<p>Etkilenecek mahalleler:<\/p>\n<p>Ar\u0131za nedeni:<\/p>\n<p>MENDERES SU KES\u0130NT\u0130S\u0130<br \/>\nPlanl\u0131 bir su kesintisi bilgisi bulunmamaktad\u0131r\u2026<\/p>\n<p>Kesinti S\u00fcresi:<\/p>\n<p>Etkilenecek mahalleler:<\/p>\n<p>Ar\u0131za nedeni:<\/p>\n<p>D\u0130K\u0130L\u0130 SU KES\u0130NT\u0130S\u0130<br \/>\nPlanl\u0131 bir su kesintisi bilgisi bulunmamaktad\u0131r\u2026<\/p>\n<p>Kesinti S\u00fcresi:<\/p>\n<p>Etkilenecek mahalleler:<\/p>\n<p>Ar\u0131za nedeni:<\/p>\n<p>FO\u00c7A SU KES\u0130NT\u0130S\u0130<br \/>\nPlanl\u0131 bir su kesintisi bilgisi bulunmamaktad\u0131r\u2026<\/p>\n<p>Kesinti S\u00fcresi:<\/p>\n<p>Etkilenecek mahalleler:<\/p>\n<p>Ar\u0131za nedeni:<\/p>\n<p>SEFER\u0130H\u0130SAR SU KES\u0130NT\u0130S\u0130<br \/>\nPlanl\u0131 bir su kesintisi bilgisi bulunmamaktad\u0131r\u2026<\/p>\n<p>Kesinti S\u00fcresi:<\/p>\n<p>Etkilenecek mahalleler:<\/p>\n<p>Ar\u0131za nedeni:<\/p>\n<p>BORNOVA SU KES\u0130NT\u0130S\u0130<br \/>\nPlanl\u0131 bir su kesintisi bilgisi bulunmamaktad\u0131r\u2026<\/p>\n<p>Kesinti S\u00fcresi:<\/p>\n<p>Etkilenecek mahalleler:<\/p>\n<p>Ar\u0131za nedeni:<\/p>\n<p>KONAK SU KES\u0130NT\u0130S\u0130<br \/>\nPlanl\u0131 bir su kesintisi bilgisi bulunmamaktad\u0131r\u2026<\/p>\n<p>Kesinti S\u00fcresi:<\/p>\n<p>Etkilenecek mahalleler:<\/p>\n<p>Ar\u0131za nedeni:<\/p>\n<p>KARABA\u011eLAR SU KES\u0130NT\u0130S\u0130<br \/>\nPlanl\u0131 bir su kesintisi bilgisi bulunmamaktad\u0131r\u2026<\/p>\n<p>Kesinti S\u00fcresi:<\/p>\n<p>Etkilenecek mahalleler:<\/p>\n<p>Ar\u0131za nedeni:<\/p>\n<p>\u00c7\u0130\u011eL\u0130 SU KES\u0130NT\u0130S\u0130<br \/>\nPlanl\u0131 bir su kesintisi bilgisi bulunmamaktad\u0131r\u2026<\/p>\n<p>Kesinti S\u00fcresi:<\/p>\n<p>Etkilenecek mahalleler:<\/p>\n<p>Ar\u0131za nedeni:<\/p>\n<p>GAZ\u0130EM\u0130R SU KES\u0130NT\u0130S\u0130<br \/>\nPlanl\u0131 bir su kesintisi bilgisi bulunmamaktad\u0131r\u2026<\/p>\n<p>Kesinti S\u00fcresi:<\/p>\n<p>Etkilenecek mahalleler:<\/p>\n<p>Ar\u0131za nedeni:<\/p>\n<p>MENEMEN SU KES\u0130NT\u0130S\u0130<br \/>\nPlanl\u0131 bir su kesintisi bilgisi bulunmamaktad\u0131r\u2026<\/p>\n<p>Kesinti S\u00fcresi:<\/p>\n<p>Etkilenecek mahalleler:<\/p>\n<p>Ar\u0131za nedeni:<\/p>\n<p>KEMALPA\u015eA SU KES\u0130NT\u0130S\u0130<br \/>\nPlanl\u0131 bir su kesintisi bilgisi bulunmamaktad\u0131r\u2026<\/p>\n<p>Kesinti S\u00fcresi:<\/p>\n<p>Etkilenecek mahalleler:<\/p>\n<p>Ar\u0131za nedeni:<\/p>\n<p>BEYDA\u011e SU KES\u0130NT\u0130S\u0130<br \/>\nPlanl\u0131 bir su kesintisi bilgisi bulunmamaktad\u0131r\u2026<\/p>\n<p>Kesinti S\u00fcresi:<\/p>\n<p>Etkilenecek mahalleler:<\/p>\n<p>Ar\u0131za nedeni:<\/p>\n<p>G\u00dcZELBAH\u00c7E SU KES\u0130NT\u0130S\u0130<br \/>\nPlanl\u0131 bir su kesintisi bilgisi bulunmamaktad\u0131r\u2026<\/p>\n<p>Kesinti S\u00fcresi:<\/p>\n<p>Etkilenecek mahalleler:<\/p>\n<p>Ar\u0131za nedeni:<\/p>\n<p>TORBALI SU KES\u0130NT\u0130S\u0130<br \/>\nPlanl\u0131 bir su kesintisi bilgisi bulunmamaktad\u0131r\u2026<\/p>\n<p>Kesinti S\u00fcresi:<\/p>\n<p>Etkilenecek mahalleler:<\/p>\n<p>Ar\u0131za nedeni:<\/p>\n<p>T\u0130RE SU KES\u0130NT\u0130S\u0130<br \/>\nPlanl\u0131 bir su kesintisi bilgisi bulunmamaktad\u0131r\u2026<\/p>\n<p>Kesinti S\u00fcresi:<\/p>\n<p>Etkilenecek mahalleler:<\/p>\n<p>Ar\u0131za nedeni:<\/p>\n<p>NARLIDERE SU KES\u0130NT\u0130S\u0130<br \/>\nPlanl\u0131 bir su kesintisi bilgisi bulunmamaktad\u0131r\u2026<\/p>\n<p>Kesinti S\u00fcresi:<\/p>\n<p>Etkilenecek mahalleler:<\/p>\n<p>Ar\u0131za nedeni:<\/p>\n<p>BERGAMA SU KES\u0130NT\u0130S\u0130<br \/>\nPlanl\u0131 bir su kesintisi bilgisi bulunmamaktad\u0131r\u2026<\/p>\n<p>Kesinti S\u00fcresi:<\/p>\n<p>Etkilenecek mahalleler:<\/p>\n<p>Ar\u0131za nedeni:<\/p>\n<p>BAYINDIR SU KES\u0130NT\u0130S\u0130<br \/>\nPlanl\u0131 bir su kesintisi bilgisi bulunmamaktad\u0131r\u2026<\/p>\n<p>Kesinti S\u00fcresi:<\/p>\n<p>Etkilenecek mahalleler:<\/p>\n<p>Ar\u0131za nedeni:<\/p>\n<p>KARABURUN SU KES\u0130NT\u0130S\u0130<br \/>\nPlanl\u0131 bir su kesintisi bilgisi bulunmamaktad\u0131r\u2026<\/p>\n<p>Kesinti S\u00fcresi:<\/p>\n<p>Etkilenecek mahalleler:<\/p>\n<p>Ar\u0131za nedeni:<\/p>\n<p>BAL\u00c7OVA SU KES\u0130NT\u0130S\u0130<br \/>\nPlanl\u0131 bir su kesintisi bilgisi bulunmamaktad\u0131r\u2026<\/p>\n<p>Kesinti S\u00fcresi:<\/p>\n<p>Etkilenecek mahalleler:<\/p>\n<p>Ar\u0131za nedeni:<\/p>\n"},"alt_text":"","media_type":"image","mime_type":"image\/jpeg","media_details":{"width":1200,"height":675,"file":"2026\/01\/1-35.jpg","sizes":{"medium":{"file":"1-35-300x169.jpg","width":300,"height":169,"mime_type":"image\/jpeg","source_url":"https:\/\/kilosorunum.com\/habercim\/wp-content\/uploads\/2026\/01\/1-35-300x169.jpg"},"large":{"file":"1-35-1024x576.jpg","width":1024,"height":576,"mime_type":"image\/jpeg","source_url":"https:\/\/kilosorunum.com\/habercim\/wp-content\/uploads\/2026\/01\/1-35-1024x576.jpg"},"thumbnail":{"file":"1-35-150x150.jpg","width":150,"height":150,"mime_type":"image\/jpeg","source_url":"https:\/\/kilosorunum.com\/habercim\/wp-content\/uploads\/2026\/01\/1-35-150x150.jpg"},"medium_large":{"file":"1-35-768x432.jpg","width":768,"height":432,"mime_type":"image\/jpeg","source_url":"https:\/\/kilosorunum.com\/habercim\/wp-content\/uploads\/2026\/01\/1-35-768x432.jpg"},"kucukResim":{"file":"1-35-80x50.jpg","width":80,"height":50,"mime_type":"image\/jpeg","source_url":"https:\/\/kilosorunum.com\/habercim\/wp-content\/uploads\/2026\/01\/1-35-80x50.jpg"},"sliderResim":{"file":"1-35-670x330.jpg","width":670,"height":330,"mime_type":"image\/jpeg","source_url":"https:\/\/kilosorunum.com\/habercim\/wp-content\/uploads\/2026\/01\/1-35-670x330.jpg"},"resim1":{"file":"1-35-184x140.jpg","width":184,"height":140,"mime_type":"image\/jpeg","source_url":"https:\/\/kilosorunum.com\/habercim\/wp-content\/uploads\/2026\/01\/1-35-184x140.jpg"},"resim2":{"file":"1-35-216x103.jpg","width":216,"height":103,"mime_type":"image\/jpeg","source_url":"https:\/\/kilosorunum.com\/habercim\/wp-content\/uploads\/2026\/01\/1-35-216x103.jpg"},"resim3":{"file":"1-35-145x70.jpg","width":145,"height":70,"mime_type":"image\/jpeg","source_url":"https:\/\/kilosorunum.com\/habercim\/wp-content\/uploads\/2026\/01\/1-35-145x70.jpg"},"sagSlider":{"file":"1-35-300x150.jpg","width":300,"height":150,"mime_type":"image\/jpeg","source_url":"https:\/\/kilosorunum.com\/habercim\/wp-content\/uploads\/2026\/01\/1-35-300x150.jpg"},"yeniSlider":{"file":"1-35-500x290.jpg","width":500,"height":290,"mime_type":"image\/jpeg","source_url":"https:\/\/kilosorunum.com\/habercim\/wp-content\/uploads\/2026\/01\/1-35-500x290.jpg"},"full":{"file":"1-35.jpg","width":1200,"height":675,"mime_type":"image\/jpeg","source_url":"https:\/\/kilosorunum.com\/habercim\/wp-content\/uploads\/2026\/01\/1-35.jpg"}},"image_meta":{"aperture":"0","credit":"","camera":"","caption":"","created_timestamp":"0","copyright":"","focal_length":"0","iso":"0","shutter_speed":"0","title":"","orientation":"0","keywords":[]}},"post":41917,"source_url":"https:\/\/kilosorunum.com\/habercim\/wp-content\/uploads\/2026\/01\/1-35.jpg","_links":{"self":[{"href":"https:\/\/kilosorunum.com\/habercim\/wp-json\/wp\/v2\/media\/41919"}],"collection":[{"href":"https:\/\/kilosorunum.com\/habercim\/wp-json\/wp\/v2\/media"}],"about":[{"href":"https:\/\/kilosorunum.com\/habercim\/wp-json\/wp\/v2\/types\/attachment"}],"author":[{"embeddable":true,"href":"https:\/\/kilosorunum.com\/habercim\/wp-json\/wp\/v2\/users\/2"}],"replies":[{"embeddable":true,"href":"https:\/\/kilosorunum.com\/habercim\/wp-json\/wp\/v2\/comments?post=41919"}]}}

<p>İZMİR’DE ARIZALARDAN KAYNAKLANAN<br />
PLANLI SU KESİNTİLERİ:<br />
ALİAĞA SU KESİNTİSİ<br />
Kesinti Süresi: 03.01.2026 saat 09:36 ile 11:36 arasında yaklaşık 2 saat su kesintisi olacaktır.</p>
<p>Etkilenecek mahalleler: ŞAKRAN HASBİ EFENDİ</p>
<p>Arıza nedeni: Ana Boru Arızası</p>
<p>BUCA SU KESİNTİSİ<br />
Kesinti Süresi: 03.01.2026 saat 10:00 ile 11:00 arasında yaklaşık 1 saat su kesintisi olacaktır.</p>
<p>Etkilenecek mahalleler: YEŞİLBAĞLAR</p>
<p>Arıza nedeni: Ana Boru Arızası</p>
<p>KINIK SU KESİNTİSİ<br />
Kesinti Süresi: 03.01.2026 saat 08:20 ile 10:20 arasında yaklaşık 2 saat su kesintisi olacaktır.</p>
<p>Etkilenecek mahalleler: AŞAĞI</p>
<p>Arıza nedeni: Ana Boru Arızası</p>
<p>KİRAZ SU KESİNTİSİ<br />
Kesinti Süresi: 03.01.2026 saat 09:46 ile 13:00 arasında yaklaşık 3 saat su kesintisi olacaktır.</p>
<p>Etkilenecek mahalleler: ŞEMSİLER</p>
<p>Arıza nedeni: Pompa Arızası</p>
<p>SELÇUK SU KESİNTİSİ<br />
Kesinti Süresi: 03.01.2026 saat 00:00 ile 12:00 arasında yaklaşık 12 saat su kesintisi olacaktır.</p>
<p>Etkilenecek mahalleler: GÖKÇEALAN</p>
<p>Arıza nedeni: Elektrik Arızası</p>
<p>URLA SU KESİNTİSİ<br />
Kesinti Süresi: 03.01.2026 saat 09:35 ile 11:34 arasında yaklaşık 2 saat su kesintisi olacaktır.</p>
<p>Etkilenecek mahalleler: ALTINTAŞ</p>
<p>Arıza nedeni: Ana Boru Arızası</p>
<p>BAYRAKLI SU KESİNTİSİ<br />
Planlı bir su kesintisi bilgisi bulunmamaktadır…</p>
<p>Kesinti Süresi:</p>
<p>Etkilenecek mahalleler:</p>
<p>Arıza nedeni:</p>
<p>BAYRAKLI SU KESİNTİSİ<br />
Planlı bir su kesintisi bilgisi bulunmamaktadır…</p>
<p>Kesinti Süresi:</p>
<p>Etkilenecek mahalleler:</p>
<p>Arıza nedeni:</p>
<p>KARŞIYAKA SU KESİNTİSİ<br />
Planlı bir su kesintisi bilgisi bulunmamaktadır…</p>
<p>Kesinti Süresi:</p>
<p>Etkilenecek mahalleler:</p>
<p>Arıza nedeni:</p>
<p>ÖDEMİŞ SU KESİNTİSİ<br />
Planlı bir su kesintisi bilgisi bulunmamaktadır…</p>
<p>Kesinti Süresi:</p>
<p>Etkilenecek mahalleler:</p>
<p>Arıza nedeni:</p>
<p>ÇEŞME SU KESİNTİSİ<br />
Planlı bir su kesintisi bilgisi bulunmamaktadır…</p>
<p>Kesinti Süresi:</p>
<p>Etkilenecek mahalleler:</p>
<p>Arıza nedeni:</p>
<p>MENDERES SU KESİNTİSİ<br />
Planlı bir su kesintisi bilgisi bulunmamaktadır…</p>
<p>Kesinti Süresi:</p>
<p>Etkilenecek mahalleler:</p>
<p>Arıza nedeni:</p>
<p>DİKİLİ SU KESİNTİSİ<br />
Planlı bir su kesintisi bilgisi bulunmamaktadır…</p>
<p>Kesinti Süresi:</p>
<p>Etkilenecek mahalleler:</p>
<p>Arıza nedeni:</p>
<p>FOÇA SU KESİNTİSİ<br />
Planlı bir su kesintisi bilgisi bulunmamaktadır…</p>
<p>Kesinti Süresi:</p>
<p>Etkilenecek mahalleler:</p>
<p>Arıza nedeni:</p>
<p>SEFERİHİSAR SU KESİNTİSİ<br />
Planlı bir su kesintisi bilgisi bulunmamaktadır…</p>
<p>Kesinti Süresi:</p>
<p>Etkilenecek mahalleler:</p>
<p>Arıza nedeni:</p>
<p>BORNOVA SU KESİNTİSİ<br />
Planlı bir su kesintisi bilgisi bulunmamaktadır…</p>
<p>Kesinti Süresi:</p>
<p>Etkilenecek mahalleler:</p>
<p>Arıza nedeni:</p>
<p>KONAK SU KESİNTİSİ<br />
Planlı bir su kesintisi bilgisi bulunmamaktadır…</p>
<p>Kesinti Süresi:</p>
<p>Etkilenecek mahalleler:</p>
<p>Arıza nedeni:</p>
<p>KARABAĞLAR SU KESİNTİSİ<br />
Planlı bir su kesintisi bilgisi bulunmamaktadır…</p>
<p>Kesinti Süresi:</p>
<p>Etkilenecek mahalleler:</p>
<p>Arıza nedeni:</p>
<p>ÇİĞLİ SU KESİNTİSİ<br />
Planlı bir su kesintisi bilgisi bulunmamaktadır…</p>
<p>Kesinti Süresi:</p>
<p>Etkilenecek mahalleler:</p>
<p>Arıza nedeni:</p>
<p>GAZİEMİR SU KESİNTİSİ<br />
Planlı bir su kesintisi bilgisi bulunmamaktadır…</p>
<p>Kesinti Süresi:</p>
<p>Etkilenecek mahalleler:</p>
<p>Arıza nedeni:</p>
<p>MENEMEN SU KESİNTİSİ<br />
Planlı bir su kesintisi bilgisi bulunmamaktadır…</p>
<p>Kesinti Süresi:</p>
<p>Etkilenecek mahalleler:</p>
<p>Arıza nedeni:</p>
<p>KEMALPAŞA SU KESİNTİSİ<br />
Planlı bir su kesintisi bilgisi bulunmamaktadır…</p>
<p>Kesinti Süresi:</p>
<p>Etkilenecek mahalleler:</p>
<p>Arıza nedeni:</p>
<p>BEYDAĞ SU KESİNTİSİ<br />
Planlı bir su kesintisi bilgisi bulunmamaktadır…</p>
<p>Kesinti Süresi:</p>
<p>Etkilenecek mahalleler:</p>
<p>Arıza nedeni:</p>
<p>GÜZELBAHÇE SU KESİNTİSİ<br />
Planlı bir su kesintisi bilgisi bulunmamaktadır…</p>
<p>Kesinti Süresi:</p>
<p>Etkilenecek mahalleler:</p>
<p>Arıza nedeni:</p>
<p>TORBALI SU KESİNTİSİ<br />
Planlı bir su kesintisi bilgisi bulunmamaktadır…</p>
<p>Kesinti Süresi:</p>
<p>Etkilenecek mahalleler:</p>
<p>Arıza nedeni:</p>
<p>TİRE SU KESİNTİSİ<br />
Planlı bir su kesintisi bilgisi bulunmamaktadır…</p>
<p>Kesinti Süresi:</p>
<p>Etkilenecek mahalleler:</p>
<p>Arıza nedeni:</p>
<p>NARLIDERE SU KESİNTİSİ<br />
Planlı bir su kesintisi bilgisi bulunmamaktadır…</p>
<p>Kesinti Süresi:</p>
<p>Etkilenecek mahalleler:</p>
<p>Arıza nedeni:</p>
<p>BERGAMA SU KESİNTİSİ<br />
Planlı bir su kesintisi bilgisi bulunmamaktadır…</p>
<p>Kesinti Süresi:</p>
<p>Etkilenecek mahalleler:</p>
<p>Arıza nedeni:</p>
<p>BAYINDIR SU KESİNTİSİ<br />
Planlı bir su kesintisi bilgisi bulunmamaktadır…</p>
<p>Kesinti Süresi:</p>
<p>Etkilenecek mahalleler:</p>
<p>Arıza nedeni:</p>
<p>KARABURUN SU KESİNTİSİ<br />
Planlı bir su kesintisi bilgisi bulunmamaktadır…</p>
<p>Kesinti Süresi:</p>
<p>Etkilenecek mahalleler:</p>
<p>Arıza nedeni:</p>
<p>BALÇOVA SU KESİNTİSİ<br />
Planlı bir su kesintisi bilgisi bulunmamaktadır…</p>
<p>Kesinti Süresi:</p>
<p>Etkilenecek mahalleler:</p>
<p>Arıza nedeni:</p>
