{"id":42313,"date":"2026-01-13T19:03:18","date_gmt":"2026-01-13T16:03:18","guid":{"rendered":"https:\/\/kilosorunum.com\/habercim\/wp-content\/uploads\/2026\/01\/1-15-768x201-21.jpg"},"modified":"2026-01-13T19:04:11","modified_gmt":"2026-01-13T16:04:11","slug":"1-15-768x201-1856","status":"inherit","type":"attachment","link":"https:\/\/kilosorunum.com\/habercim\/foto-galeri\/sener-usumezsoy-canli-yayinda\/attachment\/1-15-768x201-1856\/","title":{"rendered":"\u015eener \u00dc\u015f\u00fcmezsoy canl\u0131 yay\u0131nda"},"author":2,"comment_status":"open","ping_status":"closed","template":"","meta":[],"description":{"rendered":"<p class=\"attachment\"><a href='https:\/\/kilosorunum.com\/habercim\/wp-content\/uploads\/2026\/01\/1-15-768x201-21.jpg'><img width=\"300\" height=\"79\" src=\"https:\/\/kilosorunum.com\/habercim\/wp-content\/uploads\/2026\/01\/1-15-768x201-21-300x79.jpg\" class=\"attachment-medium size-medium\" alt=\"\" loading=\"lazy\" srcset=\"https:\/\/kilosorunum.com\/habercim\/wp-content\/uploads\/2026\/01\/1-15-768x201-21-300x79.jpg 300w, https:\/\/kilosorunum.com\/habercim\/wp-content\/uploads\/2026\/01\/1-15-768x201-21.jpg 768w\" sizes=\"(max-width: 300px) 100vw, 300px\" \/><\/a><\/p>\n"},"caption":{"rendered":"<p>New York Times\u2019\u0131n Science dergisinde yay\u0131mlanan bir makaleye dayand\u0131rd\u0131\u011f\u0131 \u201cMarmara\u2019da b\u00fcy\u00fck deprem \u0130stanbul\u2019a do\u011fru ilerliyor\u201d iddias\u0131 kamuoyunda geni\u015f yank\u0131 uyand\u0131rd\u0131.<br \/>\nA Haber\u2019de konu\u015fan Prof. Dr. \u015eener \u00dc\u015f\u00fcmezsoy, s\u00f6z konusu haberin bilimsel dayana\u011f\u0131n\u0131n olmad\u0131\u011f\u0131n\u0131 belirterek, Bat\u0131 kaynakl\u0131 her \u00e7al\u0131\u015fman\u0131n sorgulanmadan kabul edilmesine kar\u015f\u0131 \u00e7\u0131kt\u0131.<br \/>\n\u201c7 b\u00fcy\u00fckl\u00fc\u011f\u00fcnde deprem beklentisi ger\u00e7ek\u00e7i de\u011fil\u201d<br \/>\n\u00dc\u015f\u00fcmezsoy, Marmara Denizi\u2019nde 7 ve \u00fczeri b\u00fcy\u00fckl\u00fckte bir depremin beklendi\u011fi y\u00f6n\u00fcndeki iddialar\u0131n mevcut jeolojik verilerle \u00f6rt\u00fc\u015fmedi\u011fini vurgulad\u0131.<br \/>\n1999 Marmara Depremi\u2019nden sonra b\u00f6lgede beklenen ana k\u0131r\u0131lman\u0131n ger\u00e7ekle\u015fti\u011fini savunan \u00dc\u015f\u00fcmezsoy, \u201cBundan sonra Marmara\u2019da ayn\u0131 \u00f6l\u00e7ekte bir b\u00fcy\u00fck deprem beklentisi yok\u201d dedi.<br \/>\nGe\u00e7mi\u015fte yay\u0131mlanan baz\u0131 uluslararas\u0131 \u00e7al\u0131\u015fmalarda \u00f6ne s\u00fcr\u00fclen \u201cdo\u011fudan bat\u0131ya ilerleyen deprem zinciri\u201d tezinin ger\u00e7ekle\u015fmedi\u011fini ifade eden \u00dc\u015f\u00fcmezsoy, bu \u00e7al\u0131\u015fmalar\u0131n \u00f6nemli b\u00f6l\u00fcm\u00fcn\u00fcn zamanla ge\u00e7ersiz kald\u0131\u011f\u0131n\u0131 s\u00f6yledi.<br \/>\n\u00dc\u015f\u00fcmezsoy, Adalar fay\u0131 ve \u0130znik G\u00f6l\u00fc \u00e7evresindeki faylar\u0131n aktif olmad\u0131\u011f\u0131na dikkat \u00e7ekerek, Marmara\u2019da b\u00fcy\u00fck bir deprem senaryosunun bu faylar \u00fczerinden kurulamayaca\u011f\u0131n\u0131 belirtti.<br \/>\nDeprem tart\u0131\u015fmalar\u0131nda pop\u00fclist ve korku odakl\u0131 yakla\u015f\u0131mlar\u0131n toplumu gereksiz pani\u011fe s\u00fcr\u00fckledi\u011fini dile getiren \u00dc\u015f\u00fcmezsoy, bilimsel veriler d\u0131\u015f\u0131ndaki senaryolara itibar edilmemesi gerekti\u011fini s\u00f6yledi.<br \/>\n\u00dc\u015f\u00fcmezsoy, deprem ger\u00e7e\u011finin bilimsel temelde ele al\u0131nmas\u0131 gerekti\u011fini vurgulayarak, kamuoyunun sansasyonel haberler yerine uzman g\u00f6r\u00fc\u015flerine odaklanmas\u0131n\u0131n \u00f6nemine dikkat \u00e7ekti.<\/p>\n<p>Kaynak : gzt.com<\/p>\n"},"alt_text":"","media_type":"image","mime_type":"image\/jpeg","media_details":{"width":768,"height":201,"file":"2026\/01\/1-15-768x201-21.jpg","sizes":{"medium":{"file":"1-15-768x201-21-300x79.jpg","width":300,"height":79,"mime_type":"image\/jpeg","source_url":"https:\/\/kilosorunum.com\/habercim\/wp-content\/uploads\/2026\/01\/1-15-768x201-21-300x79.jpg"},"thumbnail":{"file":"1-15-768x201-21-150x150.jpg","width":150,"height":150,"mime_type":"image\/jpeg","source_url":"https:\/\/kilosorunum.com\/habercim\/wp-content\/uploads\/2026\/01\/1-15-768x201-21-150x150.jpg"},"kucukResim":{"file":"1-15-768x201-21-80x50.jpg","width":80,"height":50,"mime_type":"image\/jpeg","source_url":"https:\/\/kilosorunum.com\/habercim\/wp-content\/uploads\/2026\/01\/1-15-768x201-21-80x50.jpg"},"sliderResim":{"file":"1-15-768x201-21-670x201.jpg","width":670,"height":201,"mime_type":"image\/jpeg","source_url":"https:\/\/kilosorunum.com\/habercim\/wp-content\/uploads\/2026\/01\/1-15-768x201-21-670x201.jpg"},"resim1":{"file":"1-15-768x201-21-184x140.jpg","width":184,"height":140,"mime_type":"image\/jpeg","source_url":"https:\/\/kilosorunum.com\/habercim\/wp-content\/uploads\/2026\/01\/1-15-768x201-21-184x140.jpg"},"resim2":{"file":"1-15-768x201-21-216x103.jpg","width":216,"height":103,"mime_type":"image\/jpeg","source_url":"https:\/\/kilosorunum.com\/habercim\/wp-content\/uploads\/2026\/01\/1-15-768x201-21-216x103.jpg"},"resim3":{"file":"1-15-768x201-21-145x70.jpg","width":145,"height":70,"mime_type":"image\/jpeg","source_url":"https:\/\/kilosorunum.com\/habercim\/wp-content\/uploads\/2026\/01\/1-15-768x201-21-145x70.jpg"},"sagSlider":{"file":"1-15-768x201-21-300x150.jpg","width":300,"height":150,"mime_type":"image\/jpeg","source_url":"https:\/\/kilosorunum.com\/habercim\/wp-content\/uploads\/2026\/01\/1-15-768x201-21-300x150.jpg"},"yeniSlider":{"file":"1-15-768x201-21-500x201.jpg","width":500,"height":201,"mime_type":"image\/jpeg","source_url":"https:\/\/kilosorunum.com\/habercim\/wp-content\/uploads\/2026\/01\/1-15-768x201-21-500x201.jpg"},"full":{"file":"1-15-768x201-21.jpg","width":768,"height":201,"mime_type":"image\/jpeg","source_url":"https:\/\/kilosorunum.com\/habercim\/wp-content\/uploads\/2026\/01\/1-15-768x201-21.jpg"}},"image_meta":{"aperture":"0","credit":"","camera":"","caption":"","created_timestamp":"0","copyright":"","focal_length":"0","iso":"0","shutter_speed":"0","title":"","orientation":"0","keywords":[]}},"post":42311,"source_url":"https:\/\/kilosorunum.com\/habercim\/wp-content\/uploads\/2026\/01\/1-15-768x201-21.jpg","_links":{"self":[{"href":"https:\/\/kilosorunum.com\/habercim\/wp-json\/wp\/v2\/media\/42313"}],"collection":[{"href":"https:\/\/kilosorunum.com\/habercim\/wp-json\/wp\/v2\/media"}],"about":[{"href":"https:\/\/kilosorunum.com\/habercim\/wp-json\/wp\/v2\/types\/attachment"}],"author":[{"embeddable":true,"href":"https:\/\/kilosorunum.com\/habercim\/wp-json\/wp\/v2\/users\/2"}],"replies":[{"embeddable":true,"href":"https:\/\/kilosorunum.com\/habercim\/wp-json\/wp\/v2\/comments?post=42313"}]}}

Şener Üşümezsoy canlı yayında

<p>New York Times’ın Science dergisinde yayımlanan bir makaleye dayandırdığı “Marmara’da büyük deprem İstanbul’a doğru ilerliyor” iddiası kamuoyunda geniş yankı uyandırdı.<br />
A Haber’de konuşan Prof. Dr. Şener Üşümezsoy, söz konusu haberin bilimsel dayanağının olmadığını belirterek, Batı kaynaklı her çalışmanın sorgulanmadan kabul edilmesine karşı çıktı.<br />
“7 büyüklüğünde deprem beklentisi gerçekçi değil”<br />
Üşümezsoy, Marmara Denizi’nde 7 ve üzeri büyüklükte bir depremin beklendiği yönündeki iddiaların mevcut jeolojik verilerle örtüşmediğini vurguladı.<br />
1999 Marmara Depremi’nden sonra bölgede beklenen ana kırılmanın gerçekleştiğini savunan Üşümezsoy, “Bundan sonra Marmara’da aynı ölçekte bir büyük deprem beklentisi yok” dedi.<br />
Geçmişte yayımlanan bazı uluslararası çalışmalarda öne sürülen “doğudan batıya ilerleyen deprem zinciri” tezinin gerçekleşmediğini ifade eden Üşümezsoy, bu çalışmaların önemli bölümünün zamanla geçersiz kaldığını söyledi.<br />
Üşümezsoy, Adalar fayı ve İznik Gölü çevresindeki fayların aktif olmadığına dikkat çekerek, Marmara’da büyük bir deprem senaryosunun bu faylar üzerinden kurulamayacağını belirtti.<br />
Deprem tartışmalarında popülist ve korku odaklı yaklaşımların toplumu gereksiz paniğe sürüklediğini dile getiren Üşümezsoy, bilimsel veriler dışındaki senaryolara itibar edilmemesi gerektiğini söyledi.<br />
Üşümezsoy, deprem gerçeğinin bilimsel temelde ele alınması gerektiğini vurgulayarak, kamuoyunun sansasyonel haberler yerine uzman görüşlerine odaklanmasının önemine dikkat çekti.</p>
<p>Kaynak : gzt.com</p>
