{"id":42862,"date":"2026-01-28T01:31:14","date_gmt":"2026-01-27T22:31:14","guid":{"rendered":"https:\/\/kilosorunum.com\/habercim\/wp-content\/uploads\/2026\/01\/1-325.jpg"},"modified":"2026-01-28T01:33:38","modified_gmt":"2026-01-27T22:33:38","slug":"1-5120","status":"inherit","type":"attachment","link":"https:\/\/kilosorunum.com\/habercim\/foto-galeri\/su-kesintisi-olacak-illerimiz-2\/attachment\/1-5120\/","title":{"rendered":"Su kesintisi olacak illerimiz"},"author":2,"comment_status":"open","ping_status":"closed","template":"","meta":[],"description":{"rendered":"<p class=\"attachment\"><a href='https:\/\/kilosorunum.com\/habercim\/wp-content\/uploads\/2026\/01\/1-325.jpg'><img width=\"300\" height=\"169\" src=\"https:\/\/kilosorunum.com\/habercim\/wp-content\/uploads\/2026\/01\/1-325-300x169.jpg\" class=\"attachment-medium size-medium\" alt=\"\" loading=\"lazy\" srcset=\"https:\/\/kilosorunum.com\/habercim\/wp-content\/uploads\/2026\/01\/1-325-300x169.jpg 300w, https:\/\/kilosorunum.com\/habercim\/wp-content\/uploads\/2026\/01\/1-325-1024x576.jpg 1024w, https:\/\/kilosorunum.com\/habercim\/wp-content\/uploads\/2026\/01\/1-325-768x432.jpg 768w, https:\/\/kilosorunum.com\/habercim\/wp-content\/uploads\/2026\/01\/1-325.jpg 1200w\" sizes=\"(max-width: 300px) 100vw, 300px\" \/><\/a><\/p>\n"},"caption":{"rendered":"<p>FO\u00c7A CUMHUR\u0130YET, FAT\u0130H, FEVZ\u0130 \u00c7AKMAK, KOZBEYL\u0130, MUSTAFA KEMAL ATAT\u00dcRK 27.01.2026 saat 08:08 ile 15:00 aras\u0131nda yakla\u015f\u0131k 7 saat su kesintisi olacakt\u0131r. Elektrik Ar\u0131zas\u0131 YEN\u0130FO\u00c7A B\u00d6LGES\u0130 TAMAMI ETK\u0130LEN\u0130R.<br \/>\nK\u0130RAZ YEN\u0130 27.01.2026 saat 08:00 ile 13:00 aras\u0131nda yakla\u015f\u0131k 5 saat su kesintisi olacakt\u0131r. Ana Boru Ar\u0131zas\u0131 MEYDANA GELEN ANA BORU ARIZASI NEDEN\u0130YLE B\u00d6LGEDE SU KES\u0130NT\u0130S\u0130 YA\u015eANACAKTIR.<br \/>\nURLA BARBAROS 26.01.2026 saat 22:38 ile 27.01.2026 saat 10:00 aras\u0131nda yakla\u015f\u0131k 11 saat su kesintisi olacakt\u0131r. Elektrik Ar\u0131zas\u0131 GED\u0130Z ELEKTR\u0130K ARIZASI NEDEN\u0130 \u0130LE SU KES\u0130NT\u0130S\u0130 YA\u015eANACAKTIR.<br \/>\nURLA SIRA 26.01.2026 saat 20:15 ile 27.01.2026 saat 14:16 aras\u0131nda yakla\u015f\u0131k 18 saat su kesintisi olacakt\u0131r. Ana Boru Ar\u0131zas\u0131 ANABORU ARIZASINDAN DOLAYI KIVRAK SK.ER\u0130N\u00c7 SK.UZUN SK.SO\u011eANLI SK.D\u00d6RTYOL SK.ATAY.<br \/>\n\u00d6DEM\u0130\u015e SU\u00c7IKTI 26.01.2026 saat 17:46 ile 27.01.2026 saat 12:00 aras\u0131nda yakla\u015f\u0131k 18 saat su kesintisi olacakt\u0131r.<br \/>\n\u00d6DEM\u0130\u015e \u00c7A\u011eLAYAN 26.01.2026 saat 15:09 ile 27.01.2026 saat 12:00 aras\u0131nda yakla\u015f\u0131k 21 saat su kesintisi olacakt\u0131r.<br \/>\nK\u00dc\u00c7\u00dcK\u00c7EKMECE SU KES\u0130NT\u0130S\u0130<br \/>\n\u0130SK\u0130 K\u00fc\u00e7\u00fck\u00e7ekmece su kesintisi listesi a\u00e7\u0131kland\u0131:<\/p>\n<p>Etkilenen Mahalle: TEVF\u0130KBEY MAHALLES\u0130<\/p>\n<p>Ar\u0131za A\u00e7\u0131klamas\u0131: \u0130\u00c7ME SUYU HATLARINDA MEYDANA GELEN ARIZA SEBEB\u0130YLE 100 MM \u00c7APLI \u015eEBEKE HATTI ARIZASI<\/p>\n<p>Ba\u015flama Tarihi: 27.01.2026 12:44:30<\/p>\n<p>Tahmini Biti\u015f Tarihi: 27.01.2026 17:00<\/p>\n<p>Detayl\u0131 Bilgi \u0130\u00e7in: ALO 185<\/p>\n"},"alt_text":"","media_type":"image","mime_type":"image\/jpeg","media_details":{"width":1200,"height":675,"file":"2026\/01\/1-325.jpg","sizes":{"medium":{"file":"1-325-300x169.jpg","width":300,"height":169,"mime_type":"image\/jpeg","source_url":"https:\/\/kilosorunum.com\/habercim\/wp-content\/uploads\/2026\/01\/1-325-300x169.jpg"},"large":{"file":"1-325-1024x576.jpg","width":1024,"height":576,"mime_type":"image\/jpeg","source_url":"https:\/\/kilosorunum.com\/habercim\/wp-content\/uploads\/2026\/01\/1-325-1024x576.jpg"},"thumbnail":{"file":"1-325-150x150.jpg","width":150,"height":150,"mime_type":"image\/jpeg","source_url":"https:\/\/kilosorunum.com\/habercim\/wp-content\/uploads\/2026\/01\/1-325-150x150.jpg"},"medium_large":{"file":"1-325-768x432.jpg","width":768,"height":432,"mime_type":"image\/jpeg","source_url":"https:\/\/kilosorunum.com\/habercim\/wp-content\/uploads\/2026\/01\/1-325-768x432.jpg"},"kucukResim":{"file":"1-325-80x50.jpg","width":80,"height":50,"mime_type":"image\/jpeg","source_url":"https:\/\/kilosorunum.com\/habercim\/wp-content\/uploads\/2026\/01\/1-325-80x50.jpg"},"sliderResim":{"file":"1-325-670x330.jpg","width":670,"height":330,"mime_type":"image\/jpeg","source_url":"https:\/\/kilosorunum.com\/habercim\/wp-content\/uploads\/2026\/01\/1-325-670x330.jpg"},"resim1":{"file":"1-325-184x140.jpg","width":184,"height":140,"mime_type":"image\/jpeg","source_url":"https:\/\/kilosorunum.com\/habercim\/wp-content\/uploads\/2026\/01\/1-325-184x140.jpg"},"resim2":{"file":"1-325-216x103.jpg","width":216,"height":103,"mime_type":"image\/jpeg","source_url":"https:\/\/kilosorunum.com\/habercim\/wp-content\/uploads\/2026\/01\/1-325-216x103.jpg"},"resim3":{"file":"1-325-145x70.jpg","width":145,"height":70,"mime_type":"image\/jpeg","source_url":"https:\/\/kilosorunum.com\/habercim\/wp-content\/uploads\/2026\/01\/1-325-145x70.jpg"},"sagSlider":{"file":"1-325-300x150.jpg","width":300,"height":150,"mime_type":"image\/jpeg","source_url":"https:\/\/kilosorunum.com\/habercim\/wp-content\/uploads\/2026\/01\/1-325-300x150.jpg"},"yeniSlider":{"file":"1-325-500x290.jpg","width":500,"height":290,"mime_type":"image\/jpeg","source_url":"https:\/\/kilosorunum.com\/habercim\/wp-content\/uploads\/2026\/01\/1-325-500x290.jpg"},"full":{"file":"1-325.jpg","width":1200,"height":675,"mime_type":"image\/jpeg","source_url":"https:\/\/kilosorunum.com\/habercim\/wp-content\/uploads\/2026\/01\/1-325.jpg"}},"image_meta":{"aperture":"0","credit":"","camera":"","caption":"","created_timestamp":"0","copyright":"","focal_length":"0","iso":"0","shutter_speed":"0","title":"","orientation":"0","keywords":[]}},"post":42860,"source_url":"https:\/\/kilosorunum.com\/habercim\/wp-content\/uploads\/2026\/01\/1-325.jpg","_links":{"self":[{"href":"https:\/\/kilosorunum.com\/habercim\/wp-json\/wp\/v2\/media\/42862"}],"collection":[{"href":"https:\/\/kilosorunum.com\/habercim\/wp-json\/wp\/v2\/media"}],"about":[{"href":"https:\/\/kilosorunum.com\/habercim\/wp-json\/wp\/v2\/types\/attachment"}],"author":[{"embeddable":true,"href":"https:\/\/kilosorunum.com\/habercim\/wp-json\/wp\/v2\/users\/2"}],"replies":[{"embeddable":true,"href":"https:\/\/kilosorunum.com\/habercim\/wp-json\/wp\/v2\/comments?post=42862"}]}}

<p>FOÇA CUMHURİYET, FATİH, FEVZİ ÇAKMAK, KOZBEYLİ, MUSTAFA KEMAL ATATÜRK 27.01.2026 saat 08:08 ile 15:00 arasında yaklaşık 7 saat su kesintisi olacaktır. Elektrik Arızası YENİFOÇA BÖLGESİ TAMAMI ETKİLENİR.<br />
KİRAZ YENİ 27.01.2026 saat 08:00 ile 13:00 arasında yaklaşık 5 saat su kesintisi olacaktır. Ana Boru Arızası MEYDANA GELEN ANA BORU ARIZASI NEDENİYLE BÖLGEDE SU KESİNTİSİ YAŞANACAKTIR.<br />
URLA BARBAROS 26.01.2026 saat 22:38 ile 27.01.2026 saat 10:00 arasında yaklaşık 11 saat su kesintisi olacaktır. Elektrik Arızası GEDİZ ELEKTRİK ARIZASI NEDENİ İLE SU KESİNTİSİ YAŞANACAKTIR.<br />
URLA SIRA 26.01.2026 saat 20:15 ile 27.01.2026 saat 14:16 arasında yaklaşık 18 saat su kesintisi olacaktır. Ana Boru Arızası ANABORU ARIZASINDAN DOLAYI KIVRAK SK.ERİNÇ SK.UZUN SK.SOĞANLI SK.DÖRTYOL SK.ATAY.<br />
ÖDEMİŞ SUÇIKTI 26.01.2026 saat 17:46 ile 27.01.2026 saat 12:00 arasında yaklaşık 18 saat su kesintisi olacaktır.<br />
ÖDEMİŞ ÇAĞLAYAN 26.01.2026 saat 15:09 ile 27.01.2026 saat 12:00 arasında yaklaşık 21 saat su kesintisi olacaktır.<br />
KÜÇÜKÇEKMECE SU KESİNTİSİ<br />
İSKİ Küçükçekmece su kesintisi listesi açıklandı:</p>
<p>Etkilenen Mahalle: TEVFİKBEY MAHALLESİ</p>
<p>Arıza Açıklaması: İÇME SUYU HATLARINDA MEYDANA GELEN ARIZA SEBEBİYLE 100 MM ÇAPLI ŞEBEKE HATTI ARIZASI</p>
<p>Başlama Tarihi: 27.01.2026 12:44:30</p>
<p>Tahmini Bitiş Tarihi: 27.01.2026 17:00</p>
<p>Detaylı Bilgi İçin: ALO 185</p>
