{"id":43325,"date":"2026-02-09T02:50:54","date_gmt":"2026-02-08T23:50:54","guid":{"rendered":"https:\/\/kilosorunum.com\/habercim\/wp-content\/uploads\/2026\/02\/1-89.jpg"},"modified":"2026-02-09T02:52:31","modified_gmt":"2026-02-08T23:52:31","slug":"1-5257","status":"inherit","type":"attachment","link":"https:\/\/kilosorunum.com\/habercim\/foto-galeri\/10-il-icin-uyari\/attachment\/1-5257\/","title":{"rendered":"10 il i\u00e7in uyar\u0131"},"author":2,"comment_status":"open","ping_status":"closed","template":"","meta":[],"description":{"rendered":"<p class=\"attachment\"><a href='https:\/\/kilosorunum.com\/habercim\/wp-content\/uploads\/2026\/02\/1-89.jpg'><img width=\"300\" height=\"169\" src=\"https:\/\/kilosorunum.com\/habercim\/wp-content\/uploads\/2026\/02\/1-89-300x169.jpg\" class=\"attachment-medium size-medium\" alt=\"\" loading=\"lazy\" srcset=\"https:\/\/kilosorunum.com\/habercim\/wp-content\/uploads\/2026\/02\/1-89-300x169.jpg 300w, https:\/\/kilosorunum.com\/habercim\/wp-content\/uploads\/2026\/02\/1-89-1024x576.jpg 1024w, https:\/\/kilosorunum.com\/habercim\/wp-content\/uploads\/2026\/02\/1-89-768x432.jpg 768w, https:\/\/kilosorunum.com\/habercim\/wp-content\/uploads\/2026\/02\/1-89.jpg 1200w\" sizes=\"(max-width: 300px) 100vw, 300px\" \/><\/a><\/p>\n"},"caption":{"rendered":"<p>Deprem uzman\u0131 Prof. Dr. Haluk Eyido\u011fan, kamuoyunda &#8220;\u0130stanbul depremi&#8221; olarak bilinen riskin asl\u0131nda bir &#8220;Marmara depremi&#8221; oldu\u011funu vurgulayarak 10 il i\u00e7in kritik uyar\u0131da bulundu. Y\u0131k\u0131m\u0131n sadece fay hatt\u0131yla a\u00e7\u0131klanamayaca\u011f\u0131n\u0131 belirten Eyido\u011fan, &#8220;Hata yap\u0131daysa deprem onu mutlaka bulur ve y\u0131kar&#8221; dedi.<br \/>\nTekirda\u011f B\u00fcy\u00fck\u015fehir Belediyesi taraf\u0131ndan d\u00fczenlenen &#8220;Afetlere Dayan\u0131kl\u0131 Tekirda\u011f \u00c7al\u0131\u015ftay\u0131&#8221;nda konu\u015fan deprem uzman\u0131 Prof. Dr. Haluk Eyido\u011fan, beklenen b\u00fcy\u00fck felakete dair \u00e7arp\u0131c\u0131 a\u00e7\u0131klamalarda bulundu. Eyido\u011fan, Marmara Denizi&#8217;nde meydana gelecek 7 ve \u00fczeri b\u00fcy\u00fckl\u00fckteki bir depremin yaln\u0131zca \u0130stanbul&#8217;u de\u011fil, t\u00fcm b\u00f6lgeyi sarsaca\u011f\u0131n\u0131 ifade etti.<br \/>\n&#8220;7 \u0130LA 10 \u0130L DO\u011eRUDAN ETK\u0130LENECEK&#8221;<br \/>\nKamuoyunda kullan\u0131lan &#8220;\u0130stanbul depremi&#8221; ifadesinin eksik oldu\u011funu dile getiren Eyido\u011fan, sars\u0131nt\u0131n\u0131n merkezinin Marmara Denizi olaca\u011f\u0131na dikkat \u00e7ekti. Eyido\u011fan, &#8220;Deprem \u0130stanbul&#8217;un i\u00e7inde de\u011fil, denizin i\u00e7inde olacak. Bu durum, Marmara\u2019ya k\u0131y\u0131s\u0131 olan 7 ila 10 ilin tamam\u0131n\u0131 etkileyecek bir felaket demektir. Bu nedenle s\u00fcreci &#8216;Marmara depremi&#8217; olarak okumal\u0131y\u0131z&#8221; diye konu\u015ftu.<\/p>\n<p>YIKIM SADECE FAYLA A\u00c7IKLANAMAZ<br \/>\nDeprem b\u00fcy\u00fckl\u00fc\u011f\u00fcn\u00fcn etkileme alan\u0131n\u0131n fay hatt\u0131ndan \u00e7ok daha geni\u015f oldu\u011funu vurgulayan Prof. Dr. Eyido\u011fan, 1999 G\u00f6lc\u00fck depremini hat\u0131rlatarak \u015funlar\u0131 s\u00f6yledi:<\/p>\n<p>&#8220;\u0130\u00e7inden fay ge\u00e7en ancak y\u0131k\u0131lmayan, buna kar\u015f\u0131n faydan \u00e7ok uzakta olup yerle bir olan iller var. E\u011fer olay\u0131 sadece faya ba\u011flasayd\u0131k, G\u00f6lc\u00fck merkezli depremde Avc\u0131lar y\u0131k\u0131lmazd\u0131. B\u00fcy\u00fck depremler b\u00f6lge depremleridir; \u015fayet yap\u0131da veya zeminde bir hata varsa, deprem o hatay\u0131 mutlaka bulur ve y\u0131kar.&#8221;<\/p>\n<p>YER SE\u00c7\u0130M\u0130 VE DENET\u0130M HAYAT\u0130<br \/>\nHatal\u0131 \u015fehir planlamas\u0131 ve zemin et\u00fcd\u00fc eksikli\u011finin felaketi tetikledi\u011fini belirten Eyido\u011fan, s\u0131v\u0131la\u015fma ve heyelan b\u00f6lgelerinin imara a\u00e7\u0131lmas\u0131n\u0131n en b\u00fcy\u00fck yanl\u0131\u015f oldu\u011funu s\u00f6yledi. \u0130n\u015faat s\u00fcrecindeki eksikliklere de de\u011finen Eyido\u011fan, &#8220;Olumsuz yerlere yerle\u015fmek birinci hata, buralar\u0131 imara a\u00e7mak ikinci hata. Yap\u0131 \u00fcretim s\u00fcrecindeki bu zincirleme yanl\u0131\u015flar bir araya gelince, depremden kurtulu\u015f \u00fcmidi kalm\u0131yor&#8221; diyerek etkin denetim \u00e7a\u011fr\u0131s\u0131nda bulundu.<\/p>\n<p>Kaynak : birgun.net<\/p>\n"},"alt_text":"","media_type":"image","mime_type":"image\/jpeg","media_details":{"width":1200,"height":675,"file":"2026\/02\/1-89.jpg","sizes":{"medium":{"file":"1-89-300x169.jpg","width":300,"height":169,"mime_type":"image\/jpeg","source_url":"https:\/\/kilosorunum.com\/habercim\/wp-content\/uploads\/2026\/02\/1-89-300x169.jpg"},"large":{"file":"1-89-1024x576.jpg","width":1024,"height":576,"mime_type":"image\/jpeg","source_url":"https:\/\/kilosorunum.com\/habercim\/wp-content\/uploads\/2026\/02\/1-89-1024x576.jpg"},"thumbnail":{"file":"1-89-150x150.jpg","width":150,"height":150,"mime_type":"image\/jpeg","source_url":"https:\/\/kilosorunum.com\/habercim\/wp-content\/uploads\/2026\/02\/1-89-150x150.jpg"},"medium_large":{"file":"1-89-768x432.jpg","width":768,"height":432,"mime_type":"image\/jpeg","source_url":"https:\/\/kilosorunum.com\/habercim\/wp-content\/uploads\/2026\/02\/1-89-768x432.jpg"},"kucukResim":{"file":"1-89-80x50.jpg","width":80,"height":50,"mime_type":"image\/jpeg","source_url":"https:\/\/kilosorunum.com\/habercim\/wp-content\/uploads\/2026\/02\/1-89-80x50.jpg"},"sliderResim":{"file":"1-89-670x330.jpg","width":670,"height":330,"mime_type":"image\/jpeg","source_url":"https:\/\/kilosorunum.com\/habercim\/wp-content\/uploads\/2026\/02\/1-89-670x330.jpg"},"resim1":{"file":"1-89-184x140.jpg","width":184,"height":140,"mime_type":"image\/jpeg","source_url":"https:\/\/kilosorunum.com\/habercim\/wp-content\/uploads\/2026\/02\/1-89-184x140.jpg"},"resim2":{"file":"1-89-216x103.jpg","width":216,"height":103,"mime_type":"image\/jpeg","source_url":"https:\/\/kilosorunum.com\/habercim\/wp-content\/uploads\/2026\/02\/1-89-216x103.jpg"},"resim3":{"file":"1-89-145x70.jpg","width":145,"height":70,"mime_type":"image\/jpeg","source_url":"https:\/\/kilosorunum.com\/habercim\/wp-content\/uploads\/2026\/02\/1-89-145x70.jpg"},"sagSlider":{"file":"1-89-300x150.jpg","width":300,"height":150,"mime_type":"image\/jpeg","source_url":"https:\/\/kilosorunum.com\/habercim\/wp-content\/uploads\/2026\/02\/1-89-300x150.jpg"},"yeniSlider":{"file":"1-89-500x290.jpg","width":500,"height":290,"mime_type":"image\/jpeg","source_url":"https:\/\/kilosorunum.com\/habercim\/wp-content\/uploads\/2026\/02\/1-89-500x290.jpg"},"full":{"file":"1-89.jpg","width":1200,"height":675,"mime_type":"image\/jpeg","source_url":"https:\/\/kilosorunum.com\/habercim\/wp-content\/uploads\/2026\/02\/1-89.jpg"}},"image_meta":{"aperture":"0","credit":"","camera":"","caption":"","created_timestamp":"0","copyright":"","focal_length":"0","iso":"0","shutter_speed":"0","title":"","orientation":"0","keywords":[]}},"post":43323,"source_url":"https:\/\/kilosorunum.com\/habercim\/wp-content\/uploads\/2026\/02\/1-89.jpg","_links":{"self":[{"href":"https:\/\/kilosorunum.com\/habercim\/wp-json\/wp\/v2\/media\/43325"}],"collection":[{"href":"https:\/\/kilosorunum.com\/habercim\/wp-json\/wp\/v2\/media"}],"about":[{"href":"https:\/\/kilosorunum.com\/habercim\/wp-json\/wp\/v2\/types\/attachment"}],"author":[{"embeddable":true,"href":"https:\/\/kilosorunum.com\/habercim\/wp-json\/wp\/v2\/users\/2"}],"replies":[{"embeddable":true,"href":"https:\/\/kilosorunum.com\/habercim\/wp-json\/wp\/v2\/comments?post=43325"}]}}

10 il için uyarı

<p>Deprem uzmanı Prof. Dr. Haluk Eyidoğan, kamuoyunda &#8220;İstanbul depremi&#8221; olarak bilinen riskin aslında bir &#8220;Marmara depremi&#8221; olduğunu vurgulayarak 10 il için kritik uyarıda bulundu. Yıkımın sadece fay hattıyla açıklanamayacağını belirten Eyidoğan, &#8220;Hata yapıdaysa deprem onu mutlaka bulur ve yıkar&#8221; dedi.<br />
Tekirdağ Büyükşehir Belediyesi tarafından düzenlenen &#8220;Afetlere Dayanıklı Tekirdağ Çalıştayı&#8221;nda konuşan deprem uzmanı Prof. Dr. Haluk Eyidoğan, beklenen büyük felakete dair çarpıcı açıklamalarda bulundu. Eyidoğan, Marmara Denizi&#8217;nde meydana gelecek 7 ve üzeri büyüklükteki bir depremin yalnızca İstanbul&#8217;u değil, tüm bölgeyi sarsacağını ifade etti.<br />
&#8220;7 İLA 10 İL DOĞRUDAN ETKİLENECEK&#8221;<br />
Kamuoyunda kullanılan &#8220;İstanbul depremi&#8221; ifadesinin eksik olduğunu dile getiren Eyidoğan, sarsıntının merkezinin Marmara Denizi olacağına dikkat çekti. Eyidoğan, &#8220;Deprem İstanbul&#8217;un içinde değil, denizin içinde olacak. Bu durum, Marmara’ya kıyısı olan 7 ila 10 ilin tamamını etkileyecek bir felaket demektir. Bu nedenle süreci &#8216;Marmara depremi&#8217; olarak okumalıyız&#8221; diye konuştu.</p>
<p>YIKIM SADECE FAYLA AÇIKLANAMAZ<br />
Deprem büyüklüğünün etkileme alanının fay hattından çok daha geniş olduğunu vurgulayan Prof. Dr. Eyidoğan, 1999 Gölcük depremini hatırlatarak şunları söyledi:</p>
<p>&#8220;İçinden fay geçen ancak yıkılmayan, buna karşın faydan çok uzakta olup yerle bir olan iller var. Eğer olayı sadece faya bağlasaydık, Gölcük merkezli depremde Avcılar yıkılmazdı. Büyük depremler bölge depremleridir; şayet yapıda veya zeminde bir hata varsa, deprem o hatayı mutlaka bulur ve yıkar.&#8221;</p>
<p>YER SEÇİMİ VE DENETİM HAYATİ<br />
Hatalı şehir planlaması ve zemin etüdü eksikliğinin felaketi tetiklediğini belirten Eyidoğan, sıvılaşma ve heyelan bölgelerinin imara açılmasının en büyük yanlış olduğunu söyledi. İnşaat sürecindeki eksikliklere de değinen Eyidoğan, &#8220;Olumsuz yerlere yerleşmek birinci hata, buraları imara açmak ikinci hata. Yapı üretim sürecindeki bu zincirleme yanlışlar bir araya gelince, depremden kurtuluş ümidi kalmıyor&#8221; diyerek etkin denetim çağrısında bulundu.</p>
<p>Kaynak : birgun.net</p>
