{"id":43539,"date":"2026-02-14T15:41:59","date_gmt":"2026-02-14T12:41:59","guid":{"rendered":"https:\/\/kilosorunum.com\/habercim\/wp-content\/uploads\/2026\/02\/1-164.jpg"},"modified":"2026-02-14T15:43:17","modified_gmt":"2026-02-14T12:43:17","slug":"1-5332","status":"inherit","type":"attachment","link":"https:\/\/kilosorunum.com\/habercim\/foto-galeri\/akin-gurlek\/attachment\/1-5332\/","title":{"rendered":"Ak\u0131n G\u00fcrlek"},"author":2,"comment_status":"open","ping_status":"closed","template":"","meta":[],"description":{"rendered":"<p class=\"attachment\"><a href='https:\/\/kilosorunum.com\/habercim\/wp-content\/uploads\/2026\/02\/1-164.jpg'><img width=\"300\" height=\"169\" src=\"https:\/\/kilosorunum.com\/habercim\/wp-content\/uploads\/2026\/02\/1-164-300x169.jpg\" class=\"attachment-medium size-medium\" alt=\"\" loading=\"lazy\" srcset=\"https:\/\/kilosorunum.com\/habercim\/wp-content\/uploads\/2026\/02\/1-164-300x169.jpg 300w, https:\/\/kilosorunum.com\/habercim\/wp-content\/uploads\/2026\/02\/1-164-1024x576.jpg 1024w, https:\/\/kilosorunum.com\/habercim\/wp-content\/uploads\/2026\/02\/1-164-768x432.jpg 768w, https:\/\/kilosorunum.com\/habercim\/wp-content\/uploads\/2026\/02\/1-164.jpg 1200w\" sizes=\"(max-width: 300px) 100vw, 300px\" \/><\/a><\/p>\n"},"caption":{"rendered":"<p>Resmi Gazete&#8217;deki kararla \u0130stanbul Cumhuriyet Ba\u015fsavc\u0131s\u0131 Ak\u0131n G\u00fcrlek, Adalet Bakanl\u0131\u011f\u0131 g\u00f6revine atand\u0131. Bu atamayla birlikte ba\u015fsavc\u0131l\u0131k koltu\u011funa kimin ge\u00e7ece\u011fi konu\u015fulmaya ba\u015fland\u0131. Resmi Gazete&#8217;nin bug\u00fcnk\u00fc say\u0131s\u0131nda yay\u0131mlanan kararla birlikte \u0130\u00e7i\u015fleri ve Adalet bakanlar\u0131 de\u011fi\u015fti. Buna g\u00f6re; Ali Yerlikaya&#8217;dan bo\u015falan \u0130\u00e7i\u015fleri Bakanl\u0131\u011f\u0131 g\u00f6revine Erzurum Valisi Mustafa \u00c7ift\u00e7i getirildi. \u0130stanbul Cumhuriyet Ba\u015fsavc\u0131s\u0131 Ak\u0131n G\u00fcrlek de Y\u0131lmaz Tun\u00e7&#8217;un yerine Adalet Bakanl\u0131\u011f\u0131 g\u00f6revine atand\u0131. KUL\u0130SLER HAREKETLEND\u0130 Bu atamayla birlikte kulislerde G\u00fcrlek&#8217;in yerine kimin gelece\u011fi konu\u015fulmaya ba\u015fland\u0131. S\u00f6zc\u00fc TV \u0130stihbarat \u015eefi Muratcan Altuntoprak&#8217;\u0131n aktard\u0131\u011f\u0131 bilgilere g\u00f6re, G\u00fcrlek&#8217;in Adalet Bakan\u0131 olmas\u0131n\u0131n ard\u0131ndan g\u00f6zler G\u00fcrlek\u2019ten bo\u015falan \u0130stanbul Cumhuriyet Ba\u015fsavc\u0131l\u0131\u011f\u0131 koltu\u011funa \u00e7evrildi.<\/p>\n<p>Kaynak : haberzamani.com.tr<\/p>\n"},"alt_text":"","media_type":"image","mime_type":"image\/jpeg","media_details":{"width":1200,"height":675,"file":"2026\/02\/1-164.jpg","sizes":{"medium":{"file":"1-164-300x169.jpg","width":300,"height":169,"mime_type":"image\/jpeg","source_url":"https:\/\/kilosorunum.com\/habercim\/wp-content\/uploads\/2026\/02\/1-164-300x169.jpg"},"large":{"file":"1-164-1024x576.jpg","width":1024,"height":576,"mime_type":"image\/jpeg","source_url":"https:\/\/kilosorunum.com\/habercim\/wp-content\/uploads\/2026\/02\/1-164-1024x576.jpg"},"thumbnail":{"file":"1-164-150x150.jpg","width":150,"height":150,"mime_type":"image\/jpeg","source_url":"https:\/\/kilosorunum.com\/habercim\/wp-content\/uploads\/2026\/02\/1-164-150x150.jpg"},"medium_large":{"file":"1-164-768x432.jpg","width":768,"height":432,"mime_type":"image\/jpeg","source_url":"https:\/\/kilosorunum.com\/habercim\/wp-content\/uploads\/2026\/02\/1-164-768x432.jpg"},"kucukResim":{"file":"1-164-80x50.jpg","width":80,"height":50,"mime_type":"image\/jpeg","source_url":"https:\/\/kilosorunum.com\/habercim\/wp-content\/uploads\/2026\/02\/1-164-80x50.jpg"},"sliderResim":{"file":"1-164-670x330.jpg","width":670,"height":330,"mime_type":"image\/jpeg","source_url":"https:\/\/kilosorunum.com\/habercim\/wp-content\/uploads\/2026\/02\/1-164-670x330.jpg"},"resim1":{"file":"1-164-184x140.jpg","width":184,"height":140,"mime_type":"image\/jpeg","source_url":"https:\/\/kilosorunum.com\/habercim\/wp-content\/uploads\/2026\/02\/1-164-184x140.jpg"},"resim2":{"file":"1-164-216x103.jpg","width":216,"height":103,"mime_type":"image\/jpeg","source_url":"https:\/\/kilosorunum.com\/habercim\/wp-content\/uploads\/2026\/02\/1-164-216x103.jpg"},"resim3":{"file":"1-164-145x70.jpg","width":145,"height":70,"mime_type":"image\/jpeg","source_url":"https:\/\/kilosorunum.com\/habercim\/wp-content\/uploads\/2026\/02\/1-164-145x70.jpg"},"sagSlider":{"file":"1-164-300x150.jpg","width":300,"height":150,"mime_type":"image\/jpeg","source_url":"https:\/\/kilosorunum.com\/habercim\/wp-content\/uploads\/2026\/02\/1-164-300x150.jpg"},"yeniSlider":{"file":"1-164-500x290.jpg","width":500,"height":290,"mime_type":"image\/jpeg","source_url":"https:\/\/kilosorunum.com\/habercim\/wp-content\/uploads\/2026\/02\/1-164-500x290.jpg"},"full":{"file":"1-164.jpg","width":1200,"height":675,"mime_type":"image\/jpeg","source_url":"https:\/\/kilosorunum.com\/habercim\/wp-content\/uploads\/2026\/02\/1-164.jpg"}},"image_meta":{"aperture":"0","credit":"","camera":"","caption":"","created_timestamp":"0","copyright":"","focal_length":"0","iso":"0","shutter_speed":"0","title":"","orientation":"0","keywords":[]}},"post":43537,"source_url":"https:\/\/kilosorunum.com\/habercim\/wp-content\/uploads\/2026\/02\/1-164.jpg","_links":{"self":[{"href":"https:\/\/kilosorunum.com\/habercim\/wp-json\/wp\/v2\/media\/43539"}],"collection":[{"href":"https:\/\/kilosorunum.com\/habercim\/wp-json\/wp\/v2\/media"}],"about":[{"href":"https:\/\/kilosorunum.com\/habercim\/wp-json\/wp\/v2\/types\/attachment"}],"author":[{"embeddable":true,"href":"https:\/\/kilosorunum.com\/habercim\/wp-json\/wp\/v2\/users\/2"}],"replies":[{"embeddable":true,"href":"https:\/\/kilosorunum.com\/habercim\/wp-json\/wp\/v2\/comments?post=43539"}]}}

Akın Gürlek

<p>Resmi Gazete&#8217;deki kararla İstanbul Cumhuriyet Başsavcısı Akın Gürlek, Adalet Bakanlığı görevine atandı. Bu atamayla birlikte başsavcılık koltuğuna kimin geçeceği konuşulmaya başlandı. Resmi Gazete&#8217;nin bugünkü sayısında yayımlanan kararla birlikte İçişleri ve Adalet bakanları değişti. Buna göre; Ali Yerlikaya&#8217;dan boşalan İçişleri Bakanlığı görevine Erzurum Valisi Mustafa Çiftçi getirildi. İstanbul Cumhuriyet Başsavcısı Akın Gürlek de Yılmaz Tunç&#8217;un yerine Adalet Bakanlığı görevine atandı. KULİSLER HAREKETLENDİ Bu atamayla birlikte kulislerde Gürlek&#8217;in yerine kimin geleceği konuşulmaya başlandı. Sözcü TV İstihbarat Şefi Muratcan Altuntoprak&#8217;ın aktardığı bilgilere göre, Gürlek&#8217;in Adalet Bakanı olmasının ardından gözler Gürlek’ten boşalan İstanbul Cumhuriyet Başsavcılığı koltuğuna çevrildi.</p>
<p>Kaynak : haberzamani.com.tr</p>
