{"id":43660,"date":"2026-02-17T01:45:53","date_gmt":"2026-02-16T22:45:53","guid":{"rendered":"https:\/\/kilosorunum.com\/habercim\/wp-content\/uploads\/2026\/02\/1-193.jpg"},"modified":"2026-02-17T01:47:16","modified_gmt":"2026-02-16T22:47:16","slug":"1-5361","status":"inherit","type":"attachment","link":"https:\/\/kilosorunum.com\/habercim\/foto-galeri\/narine-bunu-yapan\/attachment\/1-5361\/","title":{"rendered":"Narin\u2019e bunu yapan"},"author":2,"comment_status":"open","ping_status":"closed","template":"","meta":[],"description":{"rendered":"<p class=\"attachment\"><a href='https:\/\/kilosorunum.com\/habercim\/wp-content\/uploads\/2026\/02\/1-193.jpg'><img width=\"300\" height=\"169\" src=\"https:\/\/kilosorunum.com\/habercim\/wp-content\/uploads\/2026\/02\/1-193-300x169.jpg\" class=\"attachment-medium size-medium\" alt=\"\" loading=\"lazy\" srcset=\"https:\/\/kilosorunum.com\/habercim\/wp-content\/uploads\/2026\/02\/1-193-300x169.jpg 300w, https:\/\/kilosorunum.com\/habercim\/wp-content\/uploads\/2026\/02\/1-193-1024x576.jpg 1024w, https:\/\/kilosorunum.com\/habercim\/wp-content\/uploads\/2026\/02\/1-193-768x432.jpg 768w, https:\/\/kilosorunum.com\/habercim\/wp-content\/uploads\/2026\/02\/1-193.jpg 1200w\" sizes=\"(max-width: 300px) 100vw, 300px\" \/><\/a><\/p>\n"},"caption":{"rendered":"<p>San\u0131klar anne Y\u00fcksel, a\u011fabey Enes ve amca Salim G\u00fcran&#8217;\u0131n, Narin&#8217;i &#8220;i\u015ftirak halinde \u00f6ld\u00fcrd\u00fc\u011f\u00fc&#8221; tespitine yer verilen kararda, a\u011f\u0131rla\u015ft\u0131r\u0131lm\u0131\u015f m\u00fcebbet hapis cezas\u0131na \u00e7arpt\u0131r\u0131lmalar\u0131n\u0131n hukuka uygun oldu\u011fu kaydedildi.<br \/>\nYarg\u0131tay 1. Ceza Dairesi, Diyarbak\u0131r&#8217;da 8 ya\u015f\u0131ndaki Narin G\u00fcran&#8217;\u0131n \u00f6ld\u00fcr\u00fclmesine ili\u015fkin tutuklu san\u0131klar anne Y\u00fcksel, a\u011fabey Enes ve amca Salim G\u00fcran&#8217;a verilen a\u011f\u0131rla\u015ft\u0131r\u0131lm\u0131\u015f m\u00fcebbet hapis cezas\u0131n\u0131 onad\u0131, Nevzat Bahtiyar&#8217;a verilen 4 y\u0131l 6 ay hapis cezas\u0131n\u0131 ise &#8220;eylemin nitelikli kasten \u00f6ld\u00fcrme su\u00e7una yard\u0131m&#8221; kapsam\u0131nda de\u011ferlendirilmesi ad\u0131na bozdu.<\/p>\n<p>Daire, Diyarbak\u0131r 8. A\u011f\u0131r Ceza Mahkemesince 28 Aral\u0131k 2024&#8217;te verilen karara ili\u015fkin temyiz incelemesini tamamlad\u0131. Buna g\u00f6re, san\u0131klar anne Y\u00fcksel, a\u011fabey Enes ve amca Salim G\u00fcran&#8217;a &#8220;i\u015ftirak halinde \u00e7ocu\u011fa kar\u015f\u0131 kasten \u00f6ld\u00fcrme&#8221; su\u00e7undan verilen a\u011f\u0131rla\u015ft\u0131r\u0131lm\u0131\u015f m\u00fcebbet hapis cezas\u0131 onand\u0131.<\/p>\n<p>Eylemin bu san\u0131klar taraf\u0131ndan ger\u00e7ekle\u015ftirildi\u011finin saptand\u0131\u011f\u0131na i\u015faret edilen kararda, yerel mahkemece kurulan h\u00fck\u00fcmde, san\u0131klar\u0131n eylemlerine uyan su\u00e7 vasf\u0131 ile su\u00e7a i\u015ftiraklerinin niteliklerinin do\u011fru bi\u00e7imde belirlendi\u011fi kaydedildi.<\/p>\n<p>San\u0131k Bahtiyar hakk\u0131nda bozma<br \/>\nYarg\u0131tay 1. Ceza Dairesi, Narin&#8217;in cans\u0131z bedenini E\u011fertutmaz Deresi&#8217;ne saklad\u0131\u011f\u0131n\u0131 itiraf eden Nevzat Bahtiyar&#8217;a &#8220;su\u00e7 delillerini yok etme, gizleme veya de\u011fi\u015ftirme&#8221; su\u00e7undan verilen 4 y\u0131l 6 ay hapis cezas\u0131n\u0131 ise bozdu.<\/p>\n<p>Dairenin karar\u0131nda, Bahtiyar&#8217;\u0131n san\u0131k amca Salim G\u00fcran ile samimi ve yak\u0131n arkada\u015f oldu\u011fu, eylem saatinden \u00f6nce san\u0131klar Salim, Enes, Y\u00fcksel ve Nevzat&#8217;\u0131n k\u00f6yde olduklar\u0131n\u0131n anla\u015f\u0131ld\u0131\u011f\u0131, olay saatinden \u00f6nceki zaman diliminde g\u00f6r\u00fc\u015fmeye ba\u015flad\u0131klar\u0131 ifade edildi.<\/p>\n<p>Olaydan \u00f6nce san\u0131k Bahtiyar&#8217;\u0131n Salim G\u00fcran&#8217;\u0131 arayarak irtibata ge\u00e7ti\u011fi, Kur&#8217;an kursundan \u00e7\u0131kan Narin&#8217;in de her zaman kulland\u0131\u011f\u0131 yol yerine daha k\u0131sa olan patika yolu kullanarak evine gitti\u011fi aktar\u0131lan kararda, bu s\u0131rada san\u0131klar Salim G\u00fcran ve Nevzat Bahtiyar&#8217;\u0131n birbirlerine yak\u0131n \u015fekilde Narin&#8217;in her zaman kulland\u0131\u011f\u0131 yol b\u00f6lgesinde ve maktul\u00fcn evi yak\u0131n\u0131nda bulunduklar\u0131 tespitine yer verildi.<\/p>\n<p>Narin&#8217;in, patika yoldan \u00e7\u0131karak evi ile m\u00fc\u015ftemilat\u0131n\u0131n bulundu\u011fu yere gelmesi \u00fczerine buraya ge\u00e7en san\u0131k Salim ve evde bulunan di\u011fer san\u0131klar Y\u00fcksel ile Enes G\u00fcran taraf\u0131ndan \u00f6ld\u00fcr\u00fcld\u00fc\u011f\u00fc tespitine yer verilen kararda, &#8220;Maktul\u00fcn cesedinin san\u0131k Salim G\u00fcran taraf\u0131ndan olay \u00f6ncesinde birlikte oldu\u011fu, evin d\u0131\u015f\u0131nda bekleyen arkada\u015f\u0131 san\u0131k Nevzat&#8217;a gizlemesi veya yok etmesi amac\u0131yla teslim edildi\u011fi, san\u0131k Nevzat&#8217;\u0131n da maktul\u00fc yap\u0131lan aramalar sonucu bulundu\u011fu derenin toprak ile birle\u015fen k\u0131sm\u0131na \u00e7uval i\u00e7erisinde g\u00f6t\u00fcrerek b\u0131rakt\u0131\u011f\u0131 ve \u00fczerini ta\u015f ile \u00f6rtt\u00fc\u011f\u00fc anla\u015f\u0131lm\u0131\u015ft\u0131r.&#8221; ifadeleri yer ald\u0131.<\/p>\n<p>San\u0131k Nevzat Bahtiyar&#8217;\u0131n Narin&#8217;in \u00f6ld\u00fcr\u00fclmesi eylemine, &#8220;san\u0131k Salim G\u00fcran&#8217;\u0131n yan\u0131nda bulunarak su\u00e7un i\u015flenmesinden \u00f6nce ve eylem s\u0131ras\u0131nda su\u00e7 i\u015fleme karar\u0131n\u0131 kuvvetlendirme, fiilin i\u015flenmesi sonras\u0131nda da yard\u0131mda bulunmak suretiyle i\u015ftirak etti\u011fi&#8221; de\u011ferlendirmesine yer verilen kararda, \u015funlar kaydedildi:<\/p>\n<p>&#8220;San\u0131k Nevzat Bahtiyar hakk\u0131nda maktule y\u00f6nelik eylemi nedeniyle 5237 say\u0131l\u0131 Kanun&#8217;un 82\/1-e-f, 39. maddeleri uyar\u0131nca nitelikli kasten \u00f6ld\u00fcrme su\u00e7una yard\u0131m etme su\u00e7undan mahkumiyeti yerine, su\u00e7 vasf\u0131nda yan\u0131lg\u0131l\u0131 de\u011ferlendirme sonucu yaz\u0131l\u0131 bi\u00e7imde h\u00fck\u00fcm kurulmas\u0131 suretiyle eksik ceza tayin edilmesi hukuka ayk\u0131r\u0131 bulunmu\u015ftur.&#8221;<\/p>\n<p>Kaynak : aa.com.tr<\/p>\n"},"alt_text":"","media_type":"image","mime_type":"image\/jpeg","media_details":{"width":1200,"height":675,"file":"2026\/02\/1-193.jpg","sizes":{"medium":{"file":"1-193-300x169.jpg","width":300,"height":169,"mime_type":"image\/jpeg","source_url":"https:\/\/kilosorunum.com\/habercim\/wp-content\/uploads\/2026\/02\/1-193-300x169.jpg"},"large":{"file":"1-193-1024x576.jpg","width":1024,"height":576,"mime_type":"image\/jpeg","source_url":"https:\/\/kilosorunum.com\/habercim\/wp-content\/uploads\/2026\/02\/1-193-1024x576.jpg"},"thumbnail":{"file":"1-193-150x150.jpg","width":150,"height":150,"mime_type":"image\/jpeg","source_url":"https:\/\/kilosorunum.com\/habercim\/wp-content\/uploads\/2026\/02\/1-193-150x150.jpg"},"medium_large":{"file":"1-193-768x432.jpg","width":768,"height":432,"mime_type":"image\/jpeg","source_url":"https:\/\/kilosorunum.com\/habercim\/wp-content\/uploads\/2026\/02\/1-193-768x432.jpg"},"kucukResim":{"file":"1-193-80x50.jpg","width":80,"height":50,"mime_type":"image\/jpeg","source_url":"https:\/\/kilosorunum.com\/habercim\/wp-content\/uploads\/2026\/02\/1-193-80x50.jpg"},"sliderResim":{"file":"1-193-670x330.jpg","width":670,"height":330,"mime_type":"image\/jpeg","source_url":"https:\/\/kilosorunum.com\/habercim\/wp-content\/uploads\/2026\/02\/1-193-670x330.jpg"},"resim1":{"file":"1-193-184x140.jpg","width":184,"height":140,"mime_type":"image\/jpeg","source_url":"https:\/\/kilosorunum.com\/habercim\/wp-content\/uploads\/2026\/02\/1-193-184x140.jpg"},"resim2":{"file":"1-193-216x103.jpg","width":216,"height":103,"mime_type":"image\/jpeg","source_url":"https:\/\/kilosorunum.com\/habercim\/wp-content\/uploads\/2026\/02\/1-193-216x103.jpg"},"resim3":{"file":"1-193-145x70.jpg","width":145,"height":70,"mime_type":"image\/jpeg","source_url":"https:\/\/kilosorunum.com\/habercim\/wp-content\/uploads\/2026\/02\/1-193-145x70.jpg"},"sagSlider":{"file":"1-193-300x150.jpg","width":300,"height":150,"mime_type":"image\/jpeg","source_url":"https:\/\/kilosorunum.com\/habercim\/wp-content\/uploads\/2026\/02\/1-193-300x150.jpg"},"yeniSlider":{"file":"1-193-500x290.jpg","width":500,"height":290,"mime_type":"image\/jpeg","source_url":"https:\/\/kilosorunum.com\/habercim\/wp-content\/uploads\/2026\/02\/1-193-500x290.jpg"},"full":{"file":"1-193.jpg","width":1200,"height":675,"mime_type":"image\/jpeg","source_url":"https:\/\/kilosorunum.com\/habercim\/wp-content\/uploads\/2026\/02\/1-193.jpg"}},"image_meta":{"aperture":"0","credit":"","camera":"","caption":"","created_timestamp":"0","copyright":"","focal_length":"0","iso":"0","shutter_speed":"0","title":"","orientation":"0","keywords":[]}},"post":43658,"source_url":"https:\/\/kilosorunum.com\/habercim\/wp-content\/uploads\/2026\/02\/1-193.jpg","_links":{"self":[{"href":"https:\/\/kilosorunum.com\/habercim\/wp-json\/wp\/v2\/media\/43660"}],"collection":[{"href":"https:\/\/kilosorunum.com\/habercim\/wp-json\/wp\/v2\/media"}],"about":[{"href":"https:\/\/kilosorunum.com\/habercim\/wp-json\/wp\/v2\/types\/attachment"}],"author":[{"embeddable":true,"href":"https:\/\/kilosorunum.com\/habercim\/wp-json\/wp\/v2\/users\/2"}],"replies":[{"embeddable":true,"href":"https:\/\/kilosorunum.com\/habercim\/wp-json\/wp\/v2\/comments?post=43660"}]}}

<p>Sanıklar anne Yüksel, ağabey Enes ve amca Salim Güran&#8217;ın, Narin&#8217;i &#8220;iştirak halinde öldürdüğü&#8221; tespitine yer verilen kararda, ağırlaştırılmış müebbet hapis cezasına çarptırılmalarının hukuka uygun olduğu kaydedildi.<br />
Yargıtay 1. Ceza Dairesi, Diyarbakır&#8217;da 8 yaşındaki Narin Güran&#8217;ın öldürülmesine ilişkin tutuklu sanıklar anne Yüksel, ağabey Enes ve amca Salim Güran&#8217;a verilen ağırlaştırılmış müebbet hapis cezasını onadı, Nevzat Bahtiyar&#8217;a verilen 4 yıl 6 ay hapis cezasını ise &#8220;eylemin nitelikli kasten öldürme suçuna yardım&#8221; kapsamında değerlendirilmesi adına bozdu.</p>
<p>Daire, Diyarbakır 8. Ağır Ceza Mahkemesince 28 Aralık 2024&#8217;te verilen karara ilişkin temyiz incelemesini tamamladı. Buna göre, sanıklar anne Yüksel, ağabey Enes ve amca Salim Güran&#8217;a &#8220;iştirak halinde çocuğa karşı kasten öldürme&#8221; suçundan verilen ağırlaştırılmış müebbet hapis cezası onandı.</p>
<p>Eylemin bu sanıklar tarafından gerçekleştirildiğinin saptandığına işaret edilen kararda, yerel mahkemece kurulan hükümde, sanıkların eylemlerine uyan suç vasfı ile suça iştiraklerinin niteliklerinin doğru biçimde belirlendiği kaydedildi.</p>
<p>Sanık Bahtiyar hakkında bozma<br />
Yargıtay 1. Ceza Dairesi, Narin&#8217;in cansız bedenini Eğertutmaz Deresi&#8217;ne sakladığını itiraf eden Nevzat Bahtiyar&#8217;a &#8220;suç delillerini yok etme, gizleme veya değiştirme&#8221; suçundan verilen 4 yıl 6 ay hapis cezasını ise bozdu.</p>
<p>Dairenin kararında, Bahtiyar&#8217;ın sanık amca Salim Güran ile samimi ve yakın arkadaş olduğu, eylem saatinden önce sanıklar Salim, Enes, Yüksel ve Nevzat&#8217;ın köyde olduklarının anlaşıldığı, olay saatinden önceki zaman diliminde görüşmeye başladıkları ifade edildi.</p>
<p>Olaydan önce sanık Bahtiyar&#8217;ın Salim Güran&#8217;ı arayarak irtibata geçtiği, Kur&#8217;an kursundan çıkan Narin&#8217;in de her zaman kullandığı yol yerine daha kısa olan patika yolu kullanarak evine gittiği aktarılan kararda, bu sırada sanıklar Salim Güran ve Nevzat Bahtiyar&#8217;ın birbirlerine yakın şekilde Narin&#8217;in her zaman kullandığı yol bölgesinde ve maktulün evi yakınında bulundukları tespitine yer verildi.</p>
<p>Narin&#8217;in, patika yoldan çıkarak evi ile müştemilatının bulunduğu yere gelmesi üzerine buraya geçen sanık Salim ve evde bulunan diğer sanıklar Yüksel ile Enes Güran tarafından öldürüldüğü tespitine yer verilen kararda, &#8220;Maktulün cesedinin sanık Salim Güran tarafından olay öncesinde birlikte olduğu, evin dışında bekleyen arkadaşı sanık Nevzat&#8217;a gizlemesi veya yok etmesi amacıyla teslim edildiği, sanık Nevzat&#8217;ın da maktulü yapılan aramalar sonucu bulunduğu derenin toprak ile birleşen kısmına çuval içerisinde götürerek bıraktığı ve üzerini taş ile örttüğü anlaşılmıştır.&#8221; ifadeleri yer aldı.</p>
<p>Sanık Nevzat Bahtiyar&#8217;ın Narin&#8217;in öldürülmesi eylemine, &#8220;sanık Salim Güran&#8217;ın yanında bulunarak suçun işlenmesinden önce ve eylem sırasında suç işleme kararını kuvvetlendirme, fiilin işlenmesi sonrasında da yardımda bulunmak suretiyle iştirak ettiği&#8221; değerlendirmesine yer verilen kararda, şunlar kaydedildi:</p>
<p>&#8220;Sanık Nevzat Bahtiyar hakkında maktule yönelik eylemi nedeniyle 5237 sayılı Kanun&#8217;un 82/1-e-f, 39. maddeleri uyarınca nitelikli kasten öldürme suçuna yardım etme suçundan mahkumiyeti yerine, suç vasfında yanılgılı değerlendirme sonucu yazılı biçimde hüküm kurulması suretiyle eksik ceza tayin edilmesi hukuka aykırı bulunmuştur.&#8221;</p>
<p>Kaynak : aa.com.tr</p>
