{"id":43954,"date":"2026-02-23T12:46:04","date_gmt":"2026-02-23T09:46:04","guid":{"rendered":"https:\/\/kilosorunum.com\/habercim\/wp-content\/uploads\/2026\/02\/baskomutan-recep-tayyip-erdogan_2109888-1.jpg"},"modified":"2026-02-23T12:46:24","modified_gmt":"2026-02-23T09:46:24","slug":"baskomutan-recep-tayyip-erdogan_2109888-12","status":"inherit","type":"attachment","link":"https:\/\/kilosorunum.com\/habercim\/foto-galeri\/yeni-emeklilik\/attachment\/baskomutan-recep-tayyip-erdogan_2109888-12\/","title":{"rendered":"Yeni emeklilik"},"author":2,"comment_status":"open","ping_status":"closed","template":"","meta":[],"description":{"rendered":"<p class=\"attachment\"><a href='https:\/\/kilosorunum.com\/habercim\/wp-content\/uploads\/2026\/02\/baskomutan-recep-tayyip-erdogan_2109888-1.jpg'><img width=\"300\" height=\"187\" src=\"https:\/\/kilosorunum.com\/habercim\/wp-content\/uploads\/2026\/02\/baskomutan-recep-tayyip-erdogan_2109888-1-300x187.jpg\" class=\"attachment-medium size-medium\" alt=\"\" loading=\"lazy\" srcset=\"https:\/\/kilosorunum.com\/habercim\/wp-content\/uploads\/2026\/02\/baskomutan-recep-tayyip-erdogan_2109888-1-300x187.jpg 300w, https:\/\/kilosorunum.com\/habercim\/wp-content\/uploads\/2026\/02\/baskomutan-recep-tayyip-erdogan_2109888-1-80x50.jpg 80w, https:\/\/kilosorunum.com\/habercim\/wp-content\/uploads\/2026\/02\/baskomutan-recep-tayyip-erdogan_2109888-1.jpg 485w\" sizes=\"(max-width: 300px) 100vw, 300px\" \/><\/a><\/p>\n"},"caption":{"rendered":"<p>\u015eartlar masadaki yerini ald\u0131.<br \/>\nSGK G\u0130R\u0130\u015e\u0130 1999-2008 VE 2008 SONRASI OLANLAR \u0130\u00c7\u0130ND\u0130R!<br \/>\nHerkesin bekledi\u011fi ve istedi\u011fi sonunda ger\u00e7ekle\u015fiyor. Herkese hay\u0131rl\u0131 olsun diyerek duyurdular\u2026<\/p>\n<p>devam\u0131 sonraki sayfadad\u0131r\u2026 g\u00f6rsel \u00fczerinden do2\u2019kununuz ge\u00e7ebilirsiniz\u2026<\/p>\n"},"alt_text":"","media_type":"image","mime_type":"image\/jpeg","media_details":{"width":485,"height":303,"file":"2026\/02\/baskomutan-recep-tayyip-erdogan_2109888-1.jpg","sizes":{"medium":{"file":"baskomutan-recep-tayyip-erdogan_2109888-1-300x187.jpg","width":300,"height":187,"mime_type":"image\/jpeg","source_url":"https:\/\/kilosorunum.com\/habercim\/wp-content\/uploads\/2026\/02\/baskomutan-recep-tayyip-erdogan_2109888-1-300x187.jpg"},"thumbnail":{"file":"baskomutan-recep-tayyip-erdogan_2109888-1-150x150.jpg","width":150,"height":150,"mime_type":"image\/jpeg","source_url":"https:\/\/kilosorunum.com\/habercim\/wp-content\/uploads\/2026\/02\/baskomutan-recep-tayyip-erdogan_2109888-1-150x150.jpg"},"kucukResim":{"file":"baskomutan-recep-tayyip-erdogan_2109888-1-80x50.jpg","width":80,"height":50,"mime_type":"image\/jpeg","source_url":"https:\/\/kilosorunum.com\/habercim\/wp-content\/uploads\/2026\/02\/baskomutan-recep-tayyip-erdogan_2109888-1-80x50.jpg"},"resim1":{"file":"baskomutan-recep-tayyip-erdogan_2109888-1-184x140.jpg","width":184,"height":140,"mime_type":"image\/jpeg","source_url":"https:\/\/kilosorunum.com\/habercim\/wp-content\/uploads\/2026\/02\/baskomutan-recep-tayyip-erdogan_2109888-1-184x140.jpg"},"resim2":{"file":"baskomutan-recep-tayyip-erdogan_2109888-1-216x103.jpg","width":216,"height":103,"mime_type":"image\/jpeg","source_url":"https:\/\/kilosorunum.com\/habercim\/wp-content\/uploads\/2026\/02\/baskomutan-recep-tayyip-erdogan_2109888-1-216x103.jpg"},"resim3":{"file":"baskomutan-recep-tayyip-erdogan_2109888-1-145x70.jpg","width":145,"height":70,"mime_type":"image\/jpeg","source_url":"https:\/\/kilosorunum.com\/habercim\/wp-content\/uploads\/2026\/02\/baskomutan-recep-tayyip-erdogan_2109888-1-145x70.jpg"},"sagSlider":{"file":"baskomutan-recep-tayyip-erdogan_2109888-1-300x150.jpg","width":300,"height":150,"mime_type":"image\/jpeg","source_url":"https:\/\/kilosorunum.com\/habercim\/wp-content\/uploads\/2026\/02\/baskomutan-recep-tayyip-erdogan_2109888-1-300x150.jpg"},"yeniSlider":{"file":"baskomutan-recep-tayyip-erdogan_2109888-1-485x290.jpg","width":485,"height":290,"mime_type":"image\/jpeg","source_url":"https:\/\/kilosorunum.com\/habercim\/wp-content\/uploads\/2026\/02\/baskomutan-recep-tayyip-erdogan_2109888-1-485x290.jpg"},"full":{"file":"baskomutan-recep-tayyip-erdogan_2109888-1.jpg","width":485,"height":303,"mime_type":"image\/jpeg","source_url":"https:\/\/kilosorunum.com\/habercim\/wp-content\/uploads\/2026\/02\/baskomutan-recep-tayyip-erdogan_2109888-1.jpg"}},"image_meta":{"aperture":"0","credit":"","camera":"","caption":"","created_timestamp":"0","copyright":"","focal_length":"0","iso":"0","shutter_speed":"0","title":"","orientation":"0","keywords":[]}},"post":43953,"source_url":"https:\/\/kilosorunum.com\/habercim\/wp-content\/uploads\/2026\/02\/baskomutan-recep-tayyip-erdogan_2109888-1.jpg","_links":{"self":[{"href":"https:\/\/kilosorunum.com\/habercim\/wp-json\/wp\/v2\/media\/43954"}],"collection":[{"href":"https:\/\/kilosorunum.com\/habercim\/wp-json\/wp\/v2\/media"}],"about":[{"href":"https:\/\/kilosorunum.com\/habercim\/wp-json\/wp\/v2\/types\/attachment"}],"author":[{"embeddable":true,"href":"https:\/\/kilosorunum.com\/habercim\/wp-json\/wp\/v2\/users\/2"}],"replies":[{"embeddable":true,"href":"https:\/\/kilosorunum.com\/habercim\/wp-json\/wp\/v2\/comments?post=43954"}]}}

<p>Şartlar masadaki yerini aldı.<br />
SGK GİRİŞİ 1999-2008 VE 2008 SONRASI OLANLAR İÇİNDİR!<br />
Herkesin beklediği ve istediği sonunda gerçekleşiyor. Herkese hayırlı olsun diyerek duyurdular…</p>
<p>devamı sonraki sayfadadır… görsel üzerinden do2’kununuz geçebilirsiniz…</p>
