{"id":44020,"date":"2026-02-25T01:59:40","date_gmt":"2026-02-24T22:59:40","guid":{"rendered":"https:\/\/kilosorunum.com\/habercim\/wp-content\/uploads\/2026\/02\/1-15-768x201-101.jpg"},"modified":"2026-02-25T02:01:56","modified_gmt":"2026-02-24T23:01:56","slug":"1-15-768x201-2001","status":"inherit","type":"attachment","link":"https:\/\/kilosorunum.com\/habercim\/genel\/2-tane-7-buyuklugunde-2\/attachment\/1-15-768x201-2001\/","title":{"rendered":"2 tane 7 b\u00fcy\u00fckl\u00fc\u011f\u00fcnde"},"author":2,"comment_status":"open","ping_status":"closed","template":"","meta":[],"description":{"rendered":"<p class=\"attachment\"><a href='https:\/\/kilosorunum.com\/habercim\/wp-content\/uploads\/2026\/02\/1-15-768x201-101.jpg'><img width=\"300\" height=\"79\" src=\"https:\/\/kilosorunum.com\/habercim\/wp-content\/uploads\/2026\/02\/1-15-768x201-101-300x79.jpg\" class=\"attachment-medium size-medium\" alt=\"\" loading=\"lazy\" srcset=\"https:\/\/kilosorunum.com\/habercim\/wp-content\/uploads\/2026\/02\/1-15-768x201-101-300x79.jpg 300w, https:\/\/kilosorunum.com\/habercim\/wp-content\/uploads\/2026\/02\/1-15-768x201-101.jpg 768w\" sizes=\"(max-width: 300px) 100vw, 300px\" \/><\/a><\/p>\n"},"caption":{"rendered":"<p>B\u00f6lgede 2 tane 7 b\u00fcy\u00fckl\u00fc\u011f\u00fcnde deprem olabilece\u011fini ifade eden \u00dc\u015f\u00fcmezsoy, &#8220;Band\u0131rma, \u00c7an, Bursa, \u00c7anakkale etkilenir.&#8221; dedi. \u00dc\u015f\u00fcmezsoy, depremlerin ya\u015fanabilece\u011fi y\u0131l i\u00e7in de tahminini a\u00e7\u0131klad\u0131. Marmara Denizi&#8217;nin kuzeyindeki b\u00fcy\u00fck deprem riskinin bitti\u011fini bir kez daha ifade eden \u00dc\u015f\u00fcmezsoy&#8217;un a\u00e7\u0131klamalar\u0131ndan \u00f6ne \u00e7\u0131kanlar \u015fu \u015fekilde:<br \/>\n&#8220;Kimse Silivri deprem demezken ben Silivri&#8217;de olacak deprem dedikten sonra Silivri&#8217;de deprem oldu ve ondan sonra bu kitab\u0131 yazd\u0131m. Bak\u0131n \u0130stanbul depremi. Dolay\u0131s\u0131yla bu ikisi birlikte k\u0131r\u0131l\u0131rsa, mesela bunun Roland Armijo, bunlar\u0131n ikisi birlikte k\u0131r\u0131l\u0131rsa 50 kilometrelik fay var. Marmara&#8217;da yegane risk ta\u015f\u0131yan, deniz alt\u0131na inip gemiyle yapt\u0131ktan sonra geldi\u011fi sonu\u00e7. O zaman 50&#8217;lik kilometre fay, 7&#8217;lik deprem yapar. bi\u00e7iminde bir s\u00f6ylem vermi\u015fti. Biz dedik ki o fay iki par\u00e7ad\u0131r. Biri Silivri&#8217;dedir. Biri Tekirda\u011f&#8217;da ama \u015fey Tekirda\u011f diyorum orta s\u0131rt ve Ye\u015filk\u00f6y aras\u0131nda. O kesimde de daha sonra y\u00fczlerce matematik \u00e7al\u0131\u015fmas\u0131 yaparak orada \u00f6yle bir fay yok. O fay iki par\u00e7al\u0131d\u0131r. Bir tanesi Silivri \u00c7ukuru veya Silivri ile Kumburgaz aras\u0131nda. Daha sonra bo\u015fluk var. Ondan sonra B\u00fcy\u00fck\u00e7ekmece&#8217;den Ye\u015filk\u00f6y&#8217;e kadar giden bir par\u00e7a. Bunlar ikisi de birlikte k\u0131r\u0131lsa bile bu yedilik depremi yapmaz. Alt\u0131 bu\u00e7uk, alt\u0131 iki tane deprem yapar.&#8221;<br \/>\n&#8220;O FAYDAK\u0130 B\u00dcT\u00dcN STRES B\u0130TT\u0130&#8221;<br \/>\n&#8220;B\u00fcy\u00fck\u00e7ekmece&#8217;den Ye\u015filk\u00f6y&#8217;e kadar giden 20 kilometre alt\u0131nda ikinci bir fay var. \u015eimdi birinci fay y\u0131llarca bunun \u00fczerine dedim ki burada alt\u0131 bu\u00e7ukluk bir deprem olabilir en y\u00fcksek. \u0130\u015fte o ger\u00e7ekle\u015fince 5.10&#8217;da yedilik ilki ger\u00e7ekle\u015fti. \u015eimdi bu ger\u00e7ekle\u015fti. O zaman 6.2&#8217;lik buras\u0131 \u00f6nemli. Deprem fay\u0131n bir k\u0131sm\u0131n\u0131 t\u00fcketti. Ondan sonra son g\u00fcn\u00fc bir tane deprem daha oldu 5.9&#8217;luk. Herkes korktu i\u015fte art\u0131k yeni faya atlad\u0131\u011f\u0131 \u0130stanbul&#8217;a do\u011fru gidiyor. Oysa ki bu Kumburgaz&#8217;daki fay\u0131n k\u0131r\u0131lmayan 10 kilometrelik kesim de k\u0131r\u0131ld\u0131. B\u00f6ylece de o faydaki b\u00fct\u00fcn stres bitti.&#8221; &#8220;Marmara&#8217;n\u0131n g\u00fcneyinde Kuzey Anadolu Fay\u0131&#8217;n\u0131n etkileri var. Marmara&#8217;n\u0131n g\u00fcney k\u0131y\u0131s\u0131nda \u00c7\u0131narc\u0131k&#8217;tan fay\u0131n\u0131n g\u00fcneye do\u011fru gitti\u011fi Mudanya ve Band\u0131rma&#8217;dan Sar\u0131k\u00f6y fay\u0131na do\u011fru giden bir fay var. Bunlar par\u00e7a par\u00e7a. Marmara&#8217;da tek par\u00e7a giden bir fay yok. 1953 y\u0131l\u0131nda Yenice-G\u00f6nen fay\u0131nda 7.2&#8217;lik deprem oldu. Ondan sonra kuzeyde Sar\u0131g\u00f6l fay\u0131 var. 1739&#8217;daki burada boydan boya giden bir deprem riski var. 1739&#8217;da deprem 7.5&#8217;lik bir deprem. 1953&#8217;de 7.3&#8217;l\u00fck bir deprem olmas\u0131 bu depremin kuzeyindeki b\u00f6l\u00fcm\u00fcn\u00fcn kald\u0131\u011f\u0131n\u0131 g\u00f6steriyor. Yani Sar\u0131g\u00f6l fay\u0131 dedi\u011fimiz Band\u0131rma ile Mudanya aras\u0131ndaki kesim. O Mudanya&#8217;da olu\u015fan depremler s\u00fcrekli olu\u015fuyor buna deprem f\u0131rt\u0131nas\u0131 diyoruz. A\u015fa\u011f\u0131dan s\u0131cak suyun gelmesiyle k\u00fc\u00e7\u00fck k\u00fc\u00e7\u00fck fay\u0131 k\u0131r\u0131yor. Ama \u00f6b\u00fcr tarafta tarihteki depremin benzerini getirebilir. 7&#8217;nin \u00fczerinde bir deprem yapar.&#8221;<br \/>\n&#8220;Bundan Band\u0131rma, Bursa, \u00c7anakkale etkilenir. Bunun \u00f6n\u00fcnde ve arkas\u0131ndaki faylarda bu risk var. 2 tane 7&#8217;lik deprem olabilir. Biri Kaz Da\u011flar\u0131&#8217;ndan g\u00fcneye do\u011fru. \u00d6n\u00fcm\u00fczdeki 50 sene i\u00e7erisinde deprem olabilir. Band\u0131rma ve \u00c7anakkale&#8217;yi etkileyecek 7&#8217;nin \u00fczerinde bir deprem bekleniyor 50 sene i\u00e7erisinde. Bu risk hep vard\u0131. Tarihsel momente bak\u0131yorum, g\u00fcneyde Band\u0131rma&#8217;dan Biga&#8217;ya kadar olan moment kuzeyden daha b\u00fcy\u00fck. Sar\u0131k\u00f6y dedi\u011fimiz fay \u00c7an&#8217;\u0131, Band\u0131rma&#8217;y\u0131 Edincik&#8217;i etkiler. \u00c7anakkale&#8217;ye etkisi buralara g\u00f6re daha az olur.&#8221;<\/p>\n<p>Kaynak: \u0130HA finans.mynet.com<\/p>\n"},"alt_text":"","media_type":"image","mime_type":"image\/jpeg","media_details":{"width":768,"height":201,"file":"2026\/02\/1-15-768x201-101.jpg","sizes":{"medium":{"file":"1-15-768x201-101-300x79.jpg","width":300,"height":79,"mime_type":"image\/jpeg","source_url":"https:\/\/kilosorunum.com\/habercim\/wp-content\/uploads\/2026\/02\/1-15-768x201-101-300x79.jpg"},"thumbnail":{"file":"1-15-768x201-101-150x150.jpg","width":150,"height":150,"mime_type":"image\/jpeg","source_url":"https:\/\/kilosorunum.com\/habercim\/wp-content\/uploads\/2026\/02\/1-15-768x201-101-150x150.jpg"},"kucukResim":{"file":"1-15-768x201-101-80x50.jpg","width":80,"height":50,"mime_type":"image\/jpeg","source_url":"https:\/\/kilosorunum.com\/habercim\/wp-content\/uploads\/2026\/02\/1-15-768x201-101-80x50.jpg"},"sliderResim":{"file":"1-15-768x201-101-670x201.jpg","width":670,"height":201,"mime_type":"image\/jpeg","source_url":"https:\/\/kilosorunum.com\/habercim\/wp-content\/uploads\/2026\/02\/1-15-768x201-101-670x201.jpg"},"resim1":{"file":"1-15-768x201-101-184x140.jpg","width":184,"height":140,"mime_type":"image\/jpeg","source_url":"https:\/\/kilosorunum.com\/habercim\/wp-content\/uploads\/2026\/02\/1-15-768x201-101-184x140.jpg"},"resim2":{"file":"1-15-768x201-101-216x103.jpg","width":216,"height":103,"mime_type":"image\/jpeg","source_url":"https:\/\/kilosorunum.com\/habercim\/wp-content\/uploads\/2026\/02\/1-15-768x201-101-216x103.jpg"},"resim3":{"file":"1-15-768x201-101-145x70.jpg","width":145,"height":70,"mime_type":"image\/jpeg","source_url":"https:\/\/kilosorunum.com\/habercim\/wp-content\/uploads\/2026\/02\/1-15-768x201-101-145x70.jpg"},"sagSlider":{"file":"1-15-768x201-101-300x150.jpg","width":300,"height":150,"mime_type":"image\/jpeg","source_url":"https:\/\/kilosorunum.com\/habercim\/wp-content\/uploads\/2026\/02\/1-15-768x201-101-300x150.jpg"},"yeniSlider":{"file":"1-15-768x201-101-500x201.jpg","width":500,"height":201,"mime_type":"image\/jpeg","source_url":"https:\/\/kilosorunum.com\/habercim\/wp-content\/uploads\/2026\/02\/1-15-768x201-101-500x201.jpg"},"full":{"file":"1-15-768x201-101.jpg","width":768,"height":201,"mime_type":"image\/jpeg","source_url":"https:\/\/kilosorunum.com\/habercim\/wp-content\/uploads\/2026\/02\/1-15-768x201-101.jpg"}},"image_meta":{"aperture":"0","credit":"","camera":"","caption":"","created_timestamp":"0","copyright":"","focal_length":"0","iso":"0","shutter_speed":"0","title":"","orientation":"0","keywords":[]}},"post":44018,"source_url":"https:\/\/kilosorunum.com\/habercim\/wp-content\/uploads\/2026\/02\/1-15-768x201-101.jpg","_links":{"self":[{"href":"https:\/\/kilosorunum.com\/habercim\/wp-json\/wp\/v2\/media\/44020"}],"collection":[{"href":"https:\/\/kilosorunum.com\/habercim\/wp-json\/wp\/v2\/media"}],"about":[{"href":"https:\/\/kilosorunum.com\/habercim\/wp-json\/wp\/v2\/types\/attachment"}],"author":[{"embeddable":true,"href":"https:\/\/kilosorunum.com\/habercim\/wp-json\/wp\/v2\/users\/2"}],"replies":[{"embeddable":true,"href":"https:\/\/kilosorunum.com\/habercim\/wp-json\/wp\/v2\/comments?post=44020"}]}}

2 tane 7 büyüklüğünde

<p>Bölgede 2 tane 7 büyüklüğünde deprem olabileceğini ifade eden Üşümezsoy, &#8220;Bandırma, Çan, Bursa, Çanakkale etkilenir.&#8221; dedi. Üşümezsoy, depremlerin yaşanabileceği yıl için de tahminini açıkladı. Marmara Denizi&#8217;nin kuzeyindeki büyük deprem riskinin bittiğini bir kez daha ifade eden Üşümezsoy&#8217;un açıklamalarından öne çıkanlar şu şekilde:<br />
&#8220;Kimse Silivri deprem demezken ben Silivri&#8217;de olacak deprem dedikten sonra Silivri&#8217;de deprem oldu ve ondan sonra bu kitabı yazdım. Bakın İstanbul depremi. Dolayısıyla bu ikisi birlikte kırılırsa, mesela bunun Roland Armijo, bunların ikisi birlikte kırılırsa 50 kilometrelik fay var. Marmara&#8217;da yegane risk taşıyan, deniz altına inip gemiyle yaptıktan sonra geldiği sonuç. O zaman 50&#8217;lik kilometre fay, 7&#8217;lik deprem yapar. biçiminde bir söylem vermişti. Biz dedik ki o fay iki parçadır. Biri Silivri&#8217;dedir. Biri Tekirdağ&#8217;da ama şey Tekirdağ diyorum orta sırt ve Yeşilköy arasında. O kesimde de daha sonra yüzlerce matematik çalışması yaparak orada öyle bir fay yok. O fay iki parçalıdır. Bir tanesi Silivri Çukuru veya Silivri ile Kumburgaz arasında. Daha sonra boşluk var. Ondan sonra Büyükçekmece&#8217;den Yeşilköy&#8217;e kadar giden bir parça. Bunlar ikisi de birlikte kırılsa bile bu yedilik depremi yapmaz. Altı buçuk, altı iki tane deprem yapar.&#8221;<br />
&#8220;O FAYDAKİ BÜTÜN STRES BİTTİ&#8221;<br />
&#8220;Büyükçekmece&#8217;den Yeşilköy&#8217;e kadar giden 20 kilometre altında ikinci bir fay var. Şimdi birinci fay yıllarca bunun üzerine dedim ki burada altı buçukluk bir deprem olabilir en yüksek. İşte o gerçekleşince 5.10&#8217;da yedilik ilki gerçekleşti. Şimdi bu gerçekleşti. O zaman 6.2&#8217;lik burası önemli. Deprem fayın bir kısmını tüketti. Ondan sonra son günü bir tane deprem daha oldu 5.9&#8217;luk. Herkes korktu işte artık yeni faya atladığı İstanbul&#8217;a doğru gidiyor. Oysa ki bu Kumburgaz&#8217;daki fayın kırılmayan 10 kilometrelik kesim de kırıldı. Böylece de o faydaki bütün stres bitti.&#8221; &#8220;Marmara&#8217;nın güneyinde Kuzey Anadolu Fayı&#8217;nın etkileri var. Marmara&#8217;nın güney kıyısında Çınarcık&#8217;tan fayının güneye doğru gittiği Mudanya ve Bandırma&#8217;dan Sarıköy fayına doğru giden bir fay var. Bunlar parça parça. Marmara&#8217;da tek parça giden bir fay yok. 1953 yılında Yenice-Gönen fayında 7.2&#8217;lik deprem oldu. Ondan sonra kuzeyde Sarıgöl fayı var. 1739&#8217;daki burada boydan boya giden bir deprem riski var. 1739&#8217;da deprem 7.5&#8217;lik bir deprem. 1953&#8217;de 7.3&#8217;lük bir deprem olması bu depremin kuzeyindeki bölümünün kaldığını gösteriyor. Yani Sarıgöl fayı dediğimiz Bandırma ile Mudanya arasındaki kesim. O Mudanya&#8217;da oluşan depremler sürekli oluşuyor buna deprem fırtınası diyoruz. Aşağıdan sıcak suyun gelmesiyle küçük küçük fayı kırıyor. Ama öbür tarafta tarihteki depremin benzerini getirebilir. 7&#8217;nin üzerinde bir deprem yapar.&#8221;<br />
&#8220;Bundan Bandırma, Bursa, Çanakkale etkilenir. Bunun önünde ve arkasındaki faylarda bu risk var. 2 tane 7&#8217;lik deprem olabilir. Biri Kaz Dağları&#8217;ndan güneye doğru. Önümüzdeki 50 sene içerisinde deprem olabilir. Bandırma ve Çanakkale&#8217;yi etkileyecek 7&#8217;nin üzerinde bir deprem bekleniyor 50 sene içerisinde. Bu risk hep vardı. Tarihsel momente bakıyorum, güneyde Bandırma&#8217;dan Biga&#8217;ya kadar olan moment kuzeyden daha büyük. Sarıköy dediğimiz fay Çan&#8217;ı, Bandırma&#8217;yı Edincik&#8217;i etkiler. Çanakkale&#8217;ye etkisi buralara göre daha az olur.&#8221;</p>
<p>Kaynak: İHA finans.mynet.com</p>
