{"id":44113,"date":"2026-02-27T02:07:50","date_gmt":"2026-02-26T23:07:50","guid":{"rendered":"https:\/\/kilosorunum.com\/habercim\/wp-content\/uploads\/2026\/02\/1-15-768x201-119.jpg"},"modified":"2026-02-27T02:09:43","modified_gmt":"2026-02-26T23:09:43","slug":"1-15-768x201-2019","status":"inherit","type":"attachment","link":"https:\/\/kilosorunum.com\/habercim\/genel\/narin-guran-gerceklerinde\/attachment\/1-15-768x201-2019\/","title":{"rendered":"Narin G\u00fcran Ger\u00e7eklerinde"},"author":2,"comment_status":"open","ping_status":"closed","template":"","meta":[],"description":{"rendered":"<p class=\"attachment\"><a href='https:\/\/kilosorunum.com\/habercim\/wp-content\/uploads\/2026\/02\/1-15-768x201-119.jpg'><img width=\"300\" height=\"79\" src=\"https:\/\/kilosorunum.com\/habercim\/wp-content\/uploads\/2026\/02\/1-15-768x201-119-300x79.jpg\" class=\"attachment-medium size-medium\" alt=\"\" loading=\"lazy\" srcset=\"https:\/\/kilosorunum.com\/habercim\/wp-content\/uploads\/2026\/02\/1-15-768x201-119-300x79.jpg 300w, https:\/\/kilosorunum.com\/habercim\/wp-content\/uploads\/2026\/02\/1-15-768x201-119.jpg 768w\" sizes=\"(max-width: 300px) 100vw, 300px\" \/><\/a><\/p>\n"},"caption":{"rendered":"<p>Diyarbak\u0131r&#8217;\u0131n Ba\u011flar il\u00e7esine ba\u011fl\u0131 Tav\u015fantepe k\u00f6y\u00fcnde kaybolan Narin G\u00fcran&#8217;\u0131n cans\u0131z bedeni 8 Eyl\u00fcl g\u00fcn\u00fc evinden 1,5 kilometre mesafedeki E\u011fertutmaz Deresi&#8217;nde bulundu. Cinayet soru\u015fturmas\u0131nda, &#8220;su\u00e7luyu kay\u0131rma&#8221; su\u00e7lamas\u0131yla yarg\u0131lanan ve Narin&#8217;in yak\u0131nlar\u0131ndan olu\u015fan 15 san\u0131k hakk\u0131ndaki mahk\u00fbmiyet karar\u0131 &#8216;ana davayla birle\u015ftirilmesi amac\u0131yla&#8217; B\u00f6lge \u0130stinaf Mahkemesi taraf\u0131ndan bozulmu\u015ftu.<br \/>\nMahkeme, &#8220;su\u00e7luyu kay\u0131rma&#8221; dosyas\u0131n\u0131n, ana cinayet davas\u0131yla birle\u015ftirilip birle\u015ftirilmeyece\u011fine karar verilmesi i\u00e7in dosyan\u0131n Diyarbak\u0131r 8&#8217;inci A\u011f\u0131r Ceza Mahkemesi&#8217;ne g\u00f6nderilmesine h\u00fckmetti. Birle\u015ftirme konusunda a\u011f\u0131r ceza mahkemesinden gelecek yan\u0131t\u0131n beklenmesine karar veren mahkeme, duru\u015fmay\u0131 11 Haziran 2026 tarihine erteledi.<br \/>\nNarin G\u00fcran cinayetinde, yarg\u0131lanan anne Y\u00fcksel G\u00fcran, a\u011fabey Enes G\u00fcran ve amca Salim G\u00fcran, a\u011f\u0131rla\u015ft\u0131r\u0131lm\u0131\u015f m\u00fcebbet hapis cezas\u0131 al\u0131rken, Narin&#8217;in cans\u0131z bedenini g\u00f6md\u00fc\u011f\u00fcn\u00fc s\u00f6yleyen Nevzat Bahtiyar&#8217;\u0131n 4,6 ay hapis cezas\u0131 Yarg\u0131tay taraf\u0131ndan yeterli g\u00f6r\u00fclmeyerek bozulmu\u015ftu. Bahtiyar, cinayete yard\u0131m etmekten 20 y\u0131l hapis istemiyle yarg\u0131lanacak.<\/p>\n<p>Kaynak : sabah.com.tr<\/p>\n"},"alt_text":"","media_type":"image","mime_type":"image\/jpeg","media_details":{"width":768,"height":201,"file":"2026\/02\/1-15-768x201-119.jpg","sizes":{"medium":{"file":"1-15-768x201-119-300x79.jpg","width":300,"height":79,"mime_type":"image\/jpeg","source_url":"https:\/\/kilosorunum.com\/habercim\/wp-content\/uploads\/2026\/02\/1-15-768x201-119-300x79.jpg"},"thumbnail":{"file":"1-15-768x201-119-150x150.jpg","width":150,"height":150,"mime_type":"image\/jpeg","source_url":"https:\/\/kilosorunum.com\/habercim\/wp-content\/uploads\/2026\/02\/1-15-768x201-119-150x150.jpg"},"kucukResim":{"file":"1-15-768x201-119-80x50.jpg","width":80,"height":50,"mime_type":"image\/jpeg","source_url":"https:\/\/kilosorunum.com\/habercim\/wp-content\/uploads\/2026\/02\/1-15-768x201-119-80x50.jpg"},"sliderResim":{"file":"1-15-768x201-119-670x201.jpg","width":670,"height":201,"mime_type":"image\/jpeg","source_url":"https:\/\/kilosorunum.com\/habercim\/wp-content\/uploads\/2026\/02\/1-15-768x201-119-670x201.jpg"},"resim1":{"file":"1-15-768x201-119-184x140.jpg","width":184,"height":140,"mime_type":"image\/jpeg","source_url":"https:\/\/kilosorunum.com\/habercim\/wp-content\/uploads\/2026\/02\/1-15-768x201-119-184x140.jpg"},"resim2":{"file":"1-15-768x201-119-216x103.jpg","width":216,"height":103,"mime_type":"image\/jpeg","source_url":"https:\/\/kilosorunum.com\/habercim\/wp-content\/uploads\/2026\/02\/1-15-768x201-119-216x103.jpg"},"resim3":{"file":"1-15-768x201-119-145x70.jpg","width":145,"height":70,"mime_type":"image\/jpeg","source_url":"https:\/\/kilosorunum.com\/habercim\/wp-content\/uploads\/2026\/02\/1-15-768x201-119-145x70.jpg"},"sagSlider":{"file":"1-15-768x201-119-300x150.jpg","width":300,"height":150,"mime_type":"image\/jpeg","source_url":"https:\/\/kilosorunum.com\/habercim\/wp-content\/uploads\/2026\/02\/1-15-768x201-119-300x150.jpg"},"yeniSlider":{"file":"1-15-768x201-119-500x201.jpg","width":500,"height":201,"mime_type":"image\/jpeg","source_url":"https:\/\/kilosorunum.com\/habercim\/wp-content\/uploads\/2026\/02\/1-15-768x201-119-500x201.jpg"},"full":{"file":"1-15-768x201-119.jpg","width":768,"height":201,"mime_type":"image\/jpeg","source_url":"https:\/\/kilosorunum.com\/habercim\/wp-content\/uploads\/2026\/02\/1-15-768x201-119.jpg"}},"image_meta":{"aperture":"0","credit":"","camera":"","caption":"","created_timestamp":"0","copyright":"","focal_length":"0","iso":"0","shutter_speed":"0","title":"","orientation":"0","keywords":[]}},"post":44111,"source_url":"https:\/\/kilosorunum.com\/habercim\/wp-content\/uploads\/2026\/02\/1-15-768x201-119.jpg","_links":{"self":[{"href":"https:\/\/kilosorunum.com\/habercim\/wp-json\/wp\/v2\/media\/44113"}],"collection":[{"href":"https:\/\/kilosorunum.com\/habercim\/wp-json\/wp\/v2\/media"}],"about":[{"href":"https:\/\/kilosorunum.com\/habercim\/wp-json\/wp\/v2\/types\/attachment"}],"author":[{"embeddable":true,"href":"https:\/\/kilosorunum.com\/habercim\/wp-json\/wp\/v2\/users\/2"}],"replies":[{"embeddable":true,"href":"https:\/\/kilosorunum.com\/habercim\/wp-json\/wp\/v2\/comments?post=44113"}]}}

Narin Güran Gerçeklerinde

<p>Diyarbakır&#8217;ın Bağlar ilçesine bağlı Tavşantepe köyünde kaybolan Narin Güran&#8217;ın cansız bedeni 8 Eylül günü evinden 1,5 kilometre mesafedeki Eğertutmaz Deresi&#8217;nde bulundu. Cinayet soruşturmasında, &#8220;suçluyu kayırma&#8221; suçlamasıyla yargılanan ve Narin&#8217;in yakınlarından oluşan 15 sanık hakkındaki mahkûmiyet kararı &#8216;ana davayla birleştirilmesi amacıyla&#8217; Bölge İstinaf Mahkemesi tarafından bozulmuştu.<br />
Mahkeme, &#8220;suçluyu kayırma&#8221; dosyasının, ana cinayet davasıyla birleştirilip birleştirilmeyeceğine karar verilmesi için dosyanın Diyarbakır 8&#8217;inci Ağır Ceza Mahkemesi&#8217;ne gönderilmesine hükmetti. Birleştirme konusunda ağır ceza mahkemesinden gelecek yanıtın beklenmesine karar veren mahkeme, duruşmayı 11 Haziran 2026 tarihine erteledi.<br />
Narin Güran cinayetinde, yargılanan anne Yüksel Güran, ağabey Enes Güran ve amca Salim Güran, ağırlaştırılmış müebbet hapis cezası alırken, Narin&#8217;in cansız bedenini gömdüğünü söyleyen Nevzat Bahtiyar&#8217;ın 4,6 ay hapis cezası Yargıtay tarafından yeterli görülmeyerek bozulmuştu. Bahtiyar, cinayete yardım etmekten 20 yıl hapis istemiyle yargılanacak.</p>
<p>Kaynak : sabah.com.tr</p>
