{"id":44287,"date":"2026-03-03T02:03:27","date_gmt":"2026-03-02T23:03:27","guid":{"rendered":"https:\/\/kilosorunum.com\/habercim\/wp-content\/uploads\/2026\/03\/PARA.webp"},"modified":"2026-03-03T02:04:09","modified_gmt":"2026-03-02T23:04:09","slug":"para-316","status":"inherit","type":"attachment","link":"https:\/\/kilosorunum.com\/habercim\/foto-galeri\/ramazan-ve-kurban-bayrami-ikramiyeleri\/attachment\/para-316\/","title":{"rendered":"Ramazan ve Kurban Bayram\u0131 ikramiyeleri"},"author":2,"comment_status":"open","ping_status":"closed","template":"","meta":[],"description":{"rendered":"<p class=\"attachment\"><a href='https:\/\/kilosorunum.com\/habercim\/wp-content\/uploads\/2026\/03\/PARA.webp'><img width=\"300\" height=\"150\" src=\"https:\/\/kilosorunum.com\/habercim\/wp-content\/uploads\/2026\/03\/PARA-300x150.webp\" class=\"attachment-medium size-medium\" alt=\"\" loading=\"lazy\" srcset=\"https:\/\/kilosorunum.com\/habercim\/wp-content\/uploads\/2026\/03\/PARA-300x150.webp 300w, https:\/\/kilosorunum.com\/habercim\/wp-content\/uploads\/2026\/03\/PARA.webp 768w\" sizes=\"(max-width: 300px) 100vw, 300px\" \/><\/a><\/p>\n"},"caption":{"rendered":"<p>Ramazan ve Kurban Bayram\u0131 ikramiyelerinden faydalanmak i\u00e7in emeklilik hakk\u0131 kazan\u0131p bekleyenlerin, bayram ay\u0131 itibar\u0131yla maa\u015f\u0131n\u0131 ba\u011flamas\u0131 gerekiyor. Ramazan Bayram\u0131 ikramiyesinden yararlanmak i\u00e7in ise tarih a\u00e7\u0131kland\u0131&#8230;<\/p>\n<p>devam\u0131 sonraki sayfada&#8230; g\u00f6rsel \u00fczerinden do2&#8217;kununuz ge\u00e7ebilirsiniz&#8230;.<\/p>\n"},"alt_text":"","media_type":"image","mime_type":"image\/webp","media_details":{"width":768,"height":384,"file":"2026\/03\/PARA.webp","sizes":{"medium":{"file":"PARA-300x150.webp","width":300,"height":150,"mime_type":"image\/webp","source_url":"https:\/\/kilosorunum.com\/habercim\/wp-content\/uploads\/2026\/03\/PARA-300x150.webp"},"thumbnail":{"file":"PARA-150x150.webp","width":150,"height":150,"mime_type":"image\/webp","source_url":"https:\/\/kilosorunum.com\/habercim\/wp-content\/uploads\/2026\/03\/PARA-150x150.webp"},"kucukResim":{"file":"PARA-80x50.webp","width":80,"height":50,"mime_type":"image\/webp","source_url":"https:\/\/kilosorunum.com\/habercim\/wp-content\/uploads\/2026\/03\/PARA-80x50.webp"},"sliderResim":{"file":"PARA-670x330.webp","width":670,"height":330,"mime_type":"image\/webp","source_url":"https:\/\/kilosorunum.com\/habercim\/wp-content\/uploads\/2026\/03\/PARA-670x330.webp"},"resim1":{"file":"PARA-184x140.webp","width":184,"height":140,"mime_type":"image\/webp","source_url":"https:\/\/kilosorunum.com\/habercim\/wp-content\/uploads\/2026\/03\/PARA-184x140.webp"},"resim2":{"file":"PARA-216x103.webp","width":216,"height":103,"mime_type":"image\/webp","source_url":"https:\/\/kilosorunum.com\/habercim\/wp-content\/uploads\/2026\/03\/PARA-216x103.webp"},"resim3":{"file":"PARA-145x70.webp","width":145,"height":70,"mime_type":"image\/webp","source_url":"https:\/\/kilosorunum.com\/habercim\/wp-content\/uploads\/2026\/03\/PARA-145x70.webp"},"sagSlider":{"file":"PARA-300x150.webp","width":300,"height":150,"mime_type":"image\/webp","source_url":"https:\/\/kilosorunum.com\/habercim\/wp-content\/uploads\/2026\/03\/PARA-300x150.webp"},"yeniSlider":{"file":"PARA-500x290.webp","width":500,"height":290,"mime_type":"image\/webp","source_url":"https:\/\/kilosorunum.com\/habercim\/wp-content\/uploads\/2026\/03\/PARA-500x290.webp"},"full":{"file":"PARA.webp","width":768,"height":384,"mime_type":"image\/webp","source_url":"https:\/\/kilosorunum.com\/habercim\/wp-content\/uploads\/2026\/03\/PARA.webp"}},"image_meta":{"aperture":"0","credit":"","camera":"","caption":"","created_timestamp":"0","copyright":"","focal_length":"0","iso":"0","shutter_speed":"0","title":"","orientation":"0","keywords":[]}},"post":44286,"source_url":"https:\/\/kilosorunum.com\/habercim\/wp-content\/uploads\/2026\/03\/PARA.webp","_links":{"self":[{"href":"https:\/\/kilosorunum.com\/habercim\/wp-json\/wp\/v2\/media\/44287"}],"collection":[{"href":"https:\/\/kilosorunum.com\/habercim\/wp-json\/wp\/v2\/media"}],"about":[{"href":"https:\/\/kilosorunum.com\/habercim\/wp-json\/wp\/v2\/types\/attachment"}],"author":[{"embeddable":true,"href":"https:\/\/kilosorunum.com\/habercim\/wp-json\/wp\/v2\/users\/2"}],"replies":[{"embeddable":true,"href":"https:\/\/kilosorunum.com\/habercim\/wp-json\/wp\/v2\/comments?post=44287"}]}}

Ramazan ve Kurban Bayramı ikramiyeleri

<p>Ramazan ve Kurban Bayramı ikramiyelerinden faydalanmak için emeklilik hakkı kazanıp bekleyenlerin, bayram ayı itibarıyla maaşını bağlaması gerekiyor. Ramazan Bayramı ikramiyesinden yararlanmak için ise tarih açıklandı&#8230;</p>
<p>devamı sonraki sayfada&#8230; görsel üzerinden do2&#8217;kununuz geçebilirsiniz&#8230;.</p>
