{"id":44288,"date":"2026-03-03T02:03:31","date_gmt":"2026-03-02T23:03:31","guid":{"rendered":"https:\/\/kilosorunum.com\/habercim\/wp-content\/uploads\/2026\/03\/1-15-768x201-32.jpg"},"modified":"2026-03-03T02:04:55","modified_gmt":"2026-03-02T23:04:55","slug":"1-15-768x201-2075","status":"inherit","type":"attachment","link":"https:\/\/kilosorunum.com\/habercim\/foto-galeri\/ramazan-ve-kurban-bayrami-ikramiyeleri\/attachment\/1-15-768x201-2075\/","title":{"rendered":"Ramazan ve Kurban Bayram\u0131 ikramiyeleri"},"author":2,"comment_status":"open","ping_status":"closed","template":"","meta":[],"description":{"rendered":"<p class=\"attachment\"><a href='https:\/\/kilosorunum.com\/habercim\/wp-content\/uploads\/2026\/03\/1-15-768x201-32.jpg'><img width=\"300\" height=\"79\" src=\"https:\/\/kilosorunum.com\/habercim\/wp-content\/uploads\/2026\/03\/1-15-768x201-32-300x79.jpg\" class=\"attachment-medium size-medium\" alt=\"\" loading=\"lazy\" srcset=\"https:\/\/kilosorunum.com\/habercim\/wp-content\/uploads\/2026\/03\/1-15-768x201-32-300x79.jpg 300w, https:\/\/kilosorunum.com\/habercim\/wp-content\/uploads\/2026\/03\/1-15-768x201-32.jpg 768w\" sizes=\"(max-width: 300px) 100vw, 300px\" \/><\/a><\/p>\n"},"caption":{"rendered":"<p>Ramazan Bayram\u0131 ikramiyesinden yararlanmak isteyenler i\u00e7in en son tarih 28 \u015eubat. Bu tarihe kadar emeklilik hakk\u0131 kazan\u0131p bekleyenlerin, emeklilik dilek\u00e7esini vermesi gerekiyor. \u015eubat ay\u0131 i\u00e7erisinde ba\u015fvuruyu yapan ikramiye almaya hak kazanacak. Bu tarih d\u0131\u015f\u0131nda kalan ise Ramazan \u00f6demesi alamayacak.<br \/>\nRamazan \u00f6demesini ka\u00e7\u0131ranlar Kurban bayram\u0131 \u00f6demelerini almas\u0131 i\u00e7in Nisan ay\u0131nda ba\u015fvuru yapmas\u0131 gerekiyor. Ba\u015fvuru yap\u0131l\u0131rsa, 1 May\u0131s itibar\u0131yla ba\u011flanaca\u011f\u0131 i\u00e7in Kurban Bayram\u0131 \u00f6demesinden yararlanacak.<br \/>\nMay\u0131s ve sonras\u0131nda ba\u015fvuru yapanlar 2026 bayram ikramiyesinin ikisini de alamayacak. 4 bin TL olarak \u00f6denen bayram ikramiyesinin 5 bin ila 5 bin 500 TL seviyesine \u00e7\u0131kar\u0131lmas\u0131 Ankara kulislerinde konu\u015fuluyor. Olas\u0131 art\u0131\u015f halinde dul ve yetim ayl\u0131\u011f\u0131 alanlar da hisseleri oran\u0131nda \u00f6deme ger\u00e7ekle\u015fecek.<br \/>\nRamazan Bayram\u0131&#8217;n\u0131n 20\u201322 Mart tarihlerine denk gelmesi nedeniyle ikramiyelerin mart ay\u0131n\u0131n ikinci haftas\u0131nda, 9\u201319 Mart aras\u0131nda hesaplara yat\u0131r\u0131lmas\u0131 hedefleniyor. \u00c7al\u0131\u015fma ve Sosyal G\u00fcvenlik Bakanl\u0131\u011f\u0131 taraf\u0131ndan yap\u0131lacak olan a\u00e7\u0131klama ile kesin \u00f6deme takvimi belli olacak.<\/p>\n<p>Kaynak : yenicaggazetesi.com<\/p>\n"},"alt_text":"","media_type":"image","mime_type":"image\/jpeg","media_details":{"width":768,"height":201,"file":"2026\/03\/1-15-768x201-32.jpg","sizes":{"medium":{"file":"1-15-768x201-32-300x79.jpg","width":300,"height":79,"mime_type":"image\/jpeg","source_url":"https:\/\/kilosorunum.com\/habercim\/wp-content\/uploads\/2026\/03\/1-15-768x201-32-300x79.jpg"},"thumbnail":{"file":"1-15-768x201-32-150x150.jpg","width":150,"height":150,"mime_type":"image\/jpeg","source_url":"https:\/\/kilosorunum.com\/habercim\/wp-content\/uploads\/2026\/03\/1-15-768x201-32-150x150.jpg"},"kucukResim":{"file":"1-15-768x201-32-80x50.jpg","width":80,"height":50,"mime_type":"image\/jpeg","source_url":"https:\/\/kilosorunum.com\/habercim\/wp-content\/uploads\/2026\/03\/1-15-768x201-32-80x50.jpg"},"sliderResim":{"file":"1-15-768x201-32-670x201.jpg","width":670,"height":201,"mime_type":"image\/jpeg","source_url":"https:\/\/kilosorunum.com\/habercim\/wp-content\/uploads\/2026\/03\/1-15-768x201-32-670x201.jpg"},"resim1":{"file":"1-15-768x201-32-184x140.jpg","width":184,"height":140,"mime_type":"image\/jpeg","source_url":"https:\/\/kilosorunum.com\/habercim\/wp-content\/uploads\/2026\/03\/1-15-768x201-32-184x140.jpg"},"resim2":{"file":"1-15-768x201-32-216x103.jpg","width":216,"height":103,"mime_type":"image\/jpeg","source_url":"https:\/\/kilosorunum.com\/habercim\/wp-content\/uploads\/2026\/03\/1-15-768x201-32-216x103.jpg"},"resim3":{"file":"1-15-768x201-32-145x70.jpg","width":145,"height":70,"mime_type":"image\/jpeg","source_url":"https:\/\/kilosorunum.com\/habercim\/wp-content\/uploads\/2026\/03\/1-15-768x201-32-145x70.jpg"},"sagSlider":{"file":"1-15-768x201-32-300x150.jpg","width":300,"height":150,"mime_type":"image\/jpeg","source_url":"https:\/\/kilosorunum.com\/habercim\/wp-content\/uploads\/2026\/03\/1-15-768x201-32-300x150.jpg"},"yeniSlider":{"file":"1-15-768x201-32-500x201.jpg","width":500,"height":201,"mime_type":"image\/jpeg","source_url":"https:\/\/kilosorunum.com\/habercim\/wp-content\/uploads\/2026\/03\/1-15-768x201-32-500x201.jpg"},"full":{"file":"1-15-768x201-32.jpg","width":768,"height":201,"mime_type":"image\/jpeg","source_url":"https:\/\/kilosorunum.com\/habercim\/wp-content\/uploads\/2026\/03\/1-15-768x201-32.jpg"}},"image_meta":{"aperture":"0","credit":"","camera":"","caption":"","created_timestamp":"0","copyright":"","focal_length":"0","iso":"0","shutter_speed":"0","title":"","orientation":"0","keywords":[]}},"post":44286,"source_url":"https:\/\/kilosorunum.com\/habercim\/wp-content\/uploads\/2026\/03\/1-15-768x201-32.jpg","_links":{"self":[{"href":"https:\/\/kilosorunum.com\/habercim\/wp-json\/wp\/v2\/media\/44288"}],"collection":[{"href":"https:\/\/kilosorunum.com\/habercim\/wp-json\/wp\/v2\/media"}],"about":[{"href":"https:\/\/kilosorunum.com\/habercim\/wp-json\/wp\/v2\/types\/attachment"}],"author":[{"embeddable":true,"href":"https:\/\/kilosorunum.com\/habercim\/wp-json\/wp\/v2\/users\/2"}],"replies":[{"embeddable":true,"href":"https:\/\/kilosorunum.com\/habercim\/wp-json\/wp\/v2\/comments?post=44288"}]}}

Ramazan ve Kurban Bayramı ikramiyeleri

<p>Ramazan Bayramı ikramiyesinden yararlanmak isteyenler için en son tarih 28 Şubat. Bu tarihe kadar emeklilik hakkı kazanıp bekleyenlerin, emeklilik dilekçesini vermesi gerekiyor. Şubat ayı içerisinde başvuruyu yapan ikramiye almaya hak kazanacak. Bu tarih dışında kalan ise Ramazan ödemesi alamayacak.<br />
Ramazan ödemesini kaçıranlar Kurban bayramı ödemelerini alması için Nisan ayında başvuru yapması gerekiyor. Başvuru yapılırsa, 1 Mayıs itibarıyla bağlanacağı için Kurban Bayramı ödemesinden yararlanacak.<br />
Mayıs ve sonrasında başvuru yapanlar 2026 bayram ikramiyesinin ikisini de alamayacak. 4 bin TL olarak ödenen bayram ikramiyesinin 5 bin ila 5 bin 500 TL seviyesine çıkarılması Ankara kulislerinde konuşuluyor. Olası artış halinde dul ve yetim aylığı alanlar da hisseleri oranında ödeme gerçekleşecek.<br />
Ramazan Bayramı&#8217;nın 20–22 Mart tarihlerine denk gelmesi nedeniyle ikramiyelerin mart ayının ikinci haftasında, 9–19 Mart arasında hesaplara yatırılması hedefleniyor. Çalışma ve Sosyal Güvenlik Bakanlığı tarafından yapılacak olan açıklama ile kesin ödeme takvimi belli olacak.</p>
<p>Kaynak : yenicaggazetesi.com</p>
