{"id":44472,"date":"2026-03-07T17:26:02","date_gmt":"2026-03-07T14:26:02","guid":{"rendered":"https:\/\/kilosorunum.com\/habercim\/wp-content\/uploads\/2026\/03\/1-15-768x201-99.jpg"},"modified":"2026-03-07T17:34:01","modified_gmt":"2026-03-07T14:34:01","slug":"1-15-768x201-2142","status":"inherit","type":"attachment","link":"https:\/\/kilosorunum.com\/habercim\/foto-galeri\/turkiyenin-yanindayiz\/attachment\/1-15-768x201-2142\/","title":{"rendered":"T\u00fcrkiye&#8217;nin Yan\u0131nday\u0131z"},"author":2,"comment_status":"open","ping_status":"closed","template":"","meta":[],"description":{"rendered":"<p class=\"attachment\"><a href='https:\/\/kilosorunum.com\/habercim\/wp-content\/uploads\/2026\/03\/1-15-768x201-99.jpg'><img width=\"300\" height=\"79\" src=\"https:\/\/kilosorunum.com\/habercim\/wp-content\/uploads\/2026\/03\/1-15-768x201-99-300x79.jpg\" class=\"attachment-medium size-medium\" alt=\"\" loading=\"lazy\" srcset=\"https:\/\/kilosorunum.com\/habercim\/wp-content\/uploads\/2026\/03\/1-15-768x201-99-300x79.jpg 300w, https:\/\/kilosorunum.com\/habercim\/wp-content\/uploads\/2026\/03\/1-15-768x201-99.jpg 768w\" sizes=\"(max-width: 300px) 100vw, 300px\" \/><\/a><\/p>\n"},"caption":{"rendered":"<p>T\u00fcrkiye&#8217;nin ve Cumhurba\u015fkan\u0131 Erdo\u011fan&#8217;\u0131n d\u0131\u015f politikas\u0131ndaki en yak\u0131n m\u00fcttefikleri, stratejik ortakl\u0131klar ve \u00e7ok tarafl\u0131 \u00fcyelikler \u00e7er\u00e7evesinde \u015fekillenmektedir. 2026 y\u0131l\u0131 itibar\u0131yla \u00f6ne \u00e7\u0131kan \u00fclkeler ve gruplar \u015funlard\u0131r:<br \/>\nAzerbaycan: &#8220;Tek millet, iki devlet&#8221; \u015fiar\u0131yla T\u00fcrkiye&#8217;nin her alanda en yak\u0131n m\u00fcttefiki kabul edilir.<br \/>\nKatar: \u00d6zellikle savunma ve ekonomi alanlar\u0131nda derin bir i\u015f birli\u011fi y\u00fcr\u00fct\u00fclmektedir.<br \/>\nKKTC: T\u00fcrkiye&#8217;nin d\u0131\u015f politikas\u0131ndaki vazge\u00e7ilmez milli davalar\u0131ndan biri olarak en \u00f6ncelikli m\u00fcttefikidir.<br \/>\nPakistan: B\u00f6lgesel g\u00fcvenlik ve ter\u00f6rle m\u00fccadelede T\u00fcrkiye&#8217;nin yan\u0131nda olan, tarihi ba\u011flara sahip bir ortakt\u0131r.<br \/>\n2. T\u00fcrk Devletleri Te\u015fkilat\u0131 (TDT) \u00dcyeleri<br \/>\nT\u00fcrkiye, T\u00fcrk d\u00fcnyas\u0131yla entegrasyona b\u00fcy\u00fck \u00f6nem vermektedir. Bu kapsamda Kazakistan, \u00d6zbekistan, K\u0131rg\u0131zistan ve T\u00fcrkmenistan ile &#8220;Stratejik Ortakl\u0131k&#8221; d\u00fczeyinde ili\u015fkiler s\u00fcrd\u00fcr\u00fclmektedir.<br \/>\nRepublic of T\u00fcrkiye Ministry of Foreign Affairs<br \/>\nRepublic of T\u00fcrkiye Ministry of Foreign Affairs<br \/>\n +1<br \/>\n3. Savunma ve G\u00fcvenlik M\u00fcttefikleri (NATO)<br \/>\nT\u00fcrkiye, NATO&#8217;nun ikinci b\u00fcy\u00fck ordusuna sahip bir \u00fcyesidir.<br \/>\n2026 Zirvesi: T\u00fcrkiye, 7-8 Temmuz 2026 tarihlerinde Ankara&#8217;da ger\u00e7ekle\u015ftirilecek olan NATO Liderler Zirvesi&#8217;ne ev sahipli\u011fi yapacakt\u0131r.<br \/>\nBu ittifak kapsam\u0131nda ba\u015fta ABD, Almanya, \u0130ngiltere ve Fransa gibi \u00fclkelerle ka\u011f\u0131t \u00fczerinde m\u00fcttefiktir, ancak bu ili\u015fkiler zaman zaman b\u00f6lgesel \u00e7\u0131kar \u00e7at\u0131\u015fmalar\u0131 nedeniyle ini\u015f \u00e7\u0131k\u0131\u015fl\u0131 seyredebilmektedir.<br \/>\n\u0130leti\u015fim Ba\u015fkanl\u0131\u011f\u0131<br \/>\n\u0130leti\u015fim Ba\u015fkanl\u0131\u011f\u0131<br \/>\n +1<br \/>\n4. Pragmatik ve B\u00f6lgesel \u0130\u015f Birlikleri<br \/>\nRusya: Enerji (Akkuyu, T\u00fcrkAk\u0131m) ve b\u00f6lgesel meselelerde (Suriye, Ukrayna tah\u0131l koridoru) &#8220;stratejik rekabet ve i\u015f birli\u011fi&#8221; dengesi g\u00f6zetilmektedir.<br \/>\nMacaristan: Avrupa Birli\u011fi i\u00e7inde T\u00fcrkiye&#8217;nin tezlerine en yak\u0131n duran ve ikili ili\u015fkilerin &#8220;Geli\u015ftirilmi\u015f Stratejik Ortakl\u0131k&#8221; seviyesinde oldu\u011fu bir \u00fclkedir.<br \/>\nK\u00f6rfez \u00dclkeleri: Son y\u0131llarda Birle\u015fik Arap Emirlikleri ve Suudi Arabistan ile ili\u015fkilerde normalle\u015fme ve ekonomik i\u015f birli\u011fi odakl\u0131 bir s\u00fcre\u00e7 hakimdir.<br \/>\nFacebook<br \/>\nFacebook<br \/>\n +3<br \/>\n5. Ekonomik Ortakl\u0131klar<br \/>\nT\u00fcrkiye&#8217;nin en b\u00fcy\u00fck ticaret ortaklar\u0131 ayn\u0131 zamanda d\u0131\u015f politikas\u0131nda denge unsuru olan \u00fclkelerdir:<br \/>\nAlmanya: T\u00fcrkiye&#8217;nin en fazla ihracat yapt\u0131\u011f\u0131 \u00fclke ve Avrupa&#8217;daki en \u00f6nemli ekonomik orta\u011f\u0131d\u0131r.<br \/>\nIrak: B\u00f6lgesel ticaret ve g\u00fcvenlik i\u015f birli\u011fi a\u00e7\u0131s\u0131ndan kritik bir kom\u015fudur. Ara\u015ft\u0131rmalar ve diplomatik ili\u015fkiler baz al\u0131nd\u0131\u011f\u0131nda T\u00fcrkiye&#8217;nin en yak\u0131n dostu ve stratejik orta\u011f\u0131 olarak Azerbaycan ( &#8220;Tek millet, iki devlet&#8221; ilkesiyle) ve Kuzey K\u0131br\u0131s T\u00fcrk Cumhuriyeti (KKTC) \u00f6ne \u00e7\u0131kmaktad\u0131r. Ayr\u0131ca T\u00fcrk Devletleri Te\u015fkilat\u0131 \u00fcyeleri (Kazakistan, K\u0131rg\u0131zistan, \u00d6zbekistan ve T\u00fcrkmenistan) ile g\u00fc\u00e7l\u00fc bir dayan\u0131\u015fma i\u00e7erisindedir. <\/p>\n"},"alt_text":"","media_type":"image","mime_type":"image\/jpeg","media_details":{"width":768,"height":201,"file":"2026\/03\/1-15-768x201-99.jpg","sizes":{"medium":{"file":"1-15-768x201-99-300x79.jpg","width":300,"height":79,"mime_type":"image\/jpeg","source_url":"https:\/\/kilosorunum.com\/habercim\/wp-content\/uploads\/2026\/03\/1-15-768x201-99-300x79.jpg"},"thumbnail":{"file":"1-15-768x201-99-150x150.jpg","width":150,"height":150,"mime_type":"image\/jpeg","source_url":"https:\/\/kilosorunum.com\/habercim\/wp-content\/uploads\/2026\/03\/1-15-768x201-99-150x150.jpg"},"kucukResim":{"file":"1-15-768x201-99-80x50.jpg","width":80,"height":50,"mime_type":"image\/jpeg","source_url":"https:\/\/kilosorunum.com\/habercim\/wp-content\/uploads\/2026\/03\/1-15-768x201-99-80x50.jpg"},"sliderResim":{"file":"1-15-768x201-99-670x201.jpg","width":670,"height":201,"mime_type":"image\/jpeg","source_url":"https:\/\/kilosorunum.com\/habercim\/wp-content\/uploads\/2026\/03\/1-15-768x201-99-670x201.jpg"},"resim1":{"file":"1-15-768x201-99-184x140.jpg","width":184,"height":140,"mime_type":"image\/jpeg","source_url":"https:\/\/kilosorunum.com\/habercim\/wp-content\/uploads\/2026\/03\/1-15-768x201-99-184x140.jpg"},"resim2":{"file":"1-15-768x201-99-216x103.jpg","width":216,"height":103,"mime_type":"image\/jpeg","source_url":"https:\/\/kilosorunum.com\/habercim\/wp-content\/uploads\/2026\/03\/1-15-768x201-99-216x103.jpg"},"resim3":{"file":"1-15-768x201-99-145x70.jpg","width":145,"height":70,"mime_type":"image\/jpeg","source_url":"https:\/\/kilosorunum.com\/habercim\/wp-content\/uploads\/2026\/03\/1-15-768x201-99-145x70.jpg"},"sagSlider":{"file":"1-15-768x201-99-300x150.jpg","width":300,"height":150,"mime_type":"image\/jpeg","source_url":"https:\/\/kilosorunum.com\/habercim\/wp-content\/uploads\/2026\/03\/1-15-768x201-99-300x150.jpg"},"yeniSlider":{"file":"1-15-768x201-99-500x201.jpg","width":500,"height":201,"mime_type":"image\/jpeg","source_url":"https:\/\/kilosorunum.com\/habercim\/wp-content\/uploads\/2026\/03\/1-15-768x201-99-500x201.jpg"},"full":{"file":"1-15-768x201-99.jpg","width":768,"height":201,"mime_type":"image\/jpeg","source_url":"https:\/\/kilosorunum.com\/habercim\/wp-content\/uploads\/2026\/03\/1-15-768x201-99.jpg"}},"image_meta":{"aperture":"0","credit":"","camera":"","caption":"","created_timestamp":"0","copyright":"","focal_length":"0","iso":"0","shutter_speed":"0","title":"","orientation":"0","keywords":[]}},"post":44470,"source_url":"https:\/\/kilosorunum.com\/habercim\/wp-content\/uploads\/2026\/03\/1-15-768x201-99.jpg","_links":{"self":[{"href":"https:\/\/kilosorunum.com\/habercim\/wp-json\/wp\/v2\/media\/44472"}],"collection":[{"href":"https:\/\/kilosorunum.com\/habercim\/wp-json\/wp\/v2\/media"}],"about":[{"href":"https:\/\/kilosorunum.com\/habercim\/wp-json\/wp\/v2\/types\/attachment"}],"author":[{"embeddable":true,"href":"https:\/\/kilosorunum.com\/habercim\/wp-json\/wp\/v2\/users\/2"}],"replies":[{"embeddable":true,"href":"https:\/\/kilosorunum.com\/habercim\/wp-json\/wp\/v2\/comments?post=44472"}]}}

Türkiye&#8217;nin Yanındayız

<p>Türkiye&#8217;nin ve Cumhurbaşkanı Erdoğan&#8217;ın dış politikasındaki en yakın müttefikleri, stratejik ortaklıklar ve çok taraflı üyelikler çerçevesinde şekillenmektedir. 2026 yılı itibarıyla öne çıkan ülkeler ve gruplar şunlardır:<br />
Azerbaycan: &#8220;Tek millet, iki devlet&#8221; şiarıyla Türkiye&#8217;nin her alanda en yakın müttefiki kabul edilir.<br />
Katar: Özellikle savunma ve ekonomi alanlarında derin bir iş birliği yürütülmektedir.<br />
KKTC: Türkiye&#8217;nin dış politikasındaki vazgeçilmez milli davalarından biri olarak en öncelikli müttefikidir.<br />
Pakistan: Bölgesel güvenlik ve terörle mücadelede Türkiye&#8217;nin yanında olan, tarihi bağlara sahip bir ortaktır.<br />
2. Türk Devletleri Teşkilatı (TDT) Üyeleri<br />
Türkiye, Türk dünyasıyla entegrasyona büyük önem vermektedir. Bu kapsamda Kazakistan, Özbekistan, Kırgızistan ve Türkmenistan ile &#8220;Stratejik Ortaklık&#8221; düzeyinde ilişkiler sürdürülmektedir.<br />
Republic of Türkiye Ministry of Foreign Affairs<br />
Republic of Türkiye Ministry of Foreign Affairs<br />
 +1<br />
3. Savunma ve Güvenlik Müttefikleri (NATO)<br />
Türkiye, NATO&#8217;nun ikinci büyük ordusuna sahip bir üyesidir.<br />
2026 Zirvesi: Türkiye, 7-8 Temmuz 2026 tarihlerinde Ankara&#8217;da gerçekleştirilecek olan NATO Liderler Zirvesi&#8217;ne ev sahipliği yapacaktır.<br />
Bu ittifak kapsamında başta ABD, Almanya, İngiltere ve Fransa gibi ülkelerle kağıt üzerinde müttefiktir, ancak bu ilişkiler zaman zaman bölgesel çıkar çatışmaları nedeniyle iniş çıkışlı seyredebilmektedir.<br />
İletişim Başkanlığı<br />
İletişim Başkanlığı<br />
 +1<br />
4. Pragmatik ve Bölgesel İş Birlikleri<br />
Rusya: Enerji (Akkuyu, TürkAkım) ve bölgesel meselelerde (Suriye, Ukrayna tahıl koridoru) &#8220;stratejik rekabet ve iş birliği&#8221; dengesi gözetilmektedir.<br />
Macaristan: Avrupa Birliği içinde Türkiye&#8217;nin tezlerine en yakın duran ve ikili ilişkilerin &#8220;Geliştirilmiş Stratejik Ortaklık&#8221; seviyesinde olduğu bir ülkedir.<br />
Körfez Ülkeleri: Son yıllarda Birleşik Arap Emirlikleri ve Suudi Arabistan ile ilişkilerde normalleşme ve ekonomik iş birliği odaklı bir süreç hakimdir.<br />
Facebook<br />
Facebook<br />
 +3<br />
5. Ekonomik Ortaklıklar<br />
Türkiye&#8217;nin en büyük ticaret ortakları aynı zamanda dış politikasında denge unsuru olan ülkelerdir:<br />
Almanya: Türkiye&#8217;nin en fazla ihracat yaptığı ülke ve Avrupa&#8217;daki en önemli ekonomik ortağıdır.<br />
Irak: Bölgesel ticaret ve güvenlik iş birliği açısından kritik bir komşudur. Araştırmalar ve diplomatik ilişkiler baz alındığında Türkiye&#8217;nin en yakın dostu ve stratejik ortağı olarak Azerbaycan ( &#8220;Tek millet, iki devlet&#8221; ilkesiyle) ve Kuzey Kıbrıs Türk Cumhuriyeti (KKTC) öne çıkmaktadır. Ayrıca Türk Devletleri Teşkilatı üyeleri (Kazakistan, Kırgızistan, Özbekistan ve Türkmenistan) ile güçlü bir dayanışma içerisindedir. </p>
