{"id":44622,"date":"2026-03-11T02:49:02","date_gmt":"2026-03-10T23:49:02","guid":{"rendered":"https:\/\/kilosorunum.com\/habercim\/wp-content\/uploads\/2026\/03\/images-8.jpg"},"modified":"2026-03-11T02:50:24","modified_gmt":"2026-03-10T23:50:24","slug":"images-8-34","status":"inherit","type":"attachment","link":"https:\/\/kilosorunum.com\/habercim\/genel\/yunan-bakan-turkiyeyi\/attachment\/images-8-34\/","title":{"rendered":"Yunan Bakan T\u00fcrkiye&#8217;yi"},"author":2,"comment_status":"open","ping_status":"closed","template":"","meta":[],"description":{"rendered":"<p class=\"attachment\"><a href='https:\/\/kilosorunum.com\/habercim\/wp-content\/uploads\/2026\/03\/images-8.jpg'><img width=\"300\" height=\"168\" src=\"https:\/\/kilosorunum.com\/habercim\/wp-content\/uploads\/2026\/03\/images-8.jpg\" class=\"attachment-medium size-medium\" alt=\"\" loading=\"lazy\" \/><\/a><\/p>\n"},"caption":{"rendered":"<p>Yunan Bakan Dendias&#8217;tan T\u00fcrkiye&#8217;ye k\u00fcstah s\u00f6zler g\u00fcndem oldu! \u0130ran&#8217;da patlak veren sava\u015f\u0131 f\u0131rsat olarak g\u00f6ren Yunanistan Savunma Bakan\u0131 Nikos Dendias, T\u00fcrkiye&#8217;ye y\u00f6nelik al\u00e7ak ifadeler kulland\u0131. Dendias&#8217;\u0131n s\u00f6zlerine T\u00fcrk D\u0131\u015fi\u015fleri Bakanl\u0131\u011f\u0131&#8217;ndan tokat gibi yan\u0131t geldi&#8230;<\/p>\n<p>devam\u0131 sonraki sayfada&#8230; g\u00f6rsel \u00fczerinden do2&#8217;kununuz ge\u00e7ebilirsiniz&#8230;<\/p>\n"},"alt_text":"","media_type":"image","mime_type":"image\/jpeg","media_details":{"width":300,"height":168,"file":"2026\/03\/images-8.jpg","sizes":{"thumbnail":{"file":"images-8-150x150.jpg","width":150,"height":150,"mime_type":"image\/jpeg","source_url":"https:\/\/kilosorunum.com\/habercim\/wp-content\/uploads\/2026\/03\/images-8-150x150.jpg"},"kucukResim":{"file":"images-8-80x50.jpg","width":80,"height":50,"mime_type":"image\/jpeg","source_url":"https:\/\/kilosorunum.com\/habercim\/wp-content\/uploads\/2026\/03\/images-8-80x50.jpg"},"resim1":{"file":"images-8-184x140.jpg","width":184,"height":140,"mime_type":"image\/jpeg","source_url":"https:\/\/kilosorunum.com\/habercim\/wp-content\/uploads\/2026\/03\/images-8-184x140.jpg"},"resim2":{"file":"images-8-216x103.jpg","width":216,"height":103,"mime_type":"image\/jpeg","source_url":"https:\/\/kilosorunum.com\/habercim\/wp-content\/uploads\/2026\/03\/images-8-216x103.jpg"},"resim3":{"file":"images-8-145x70.jpg","width":145,"height":70,"mime_type":"image\/jpeg","source_url":"https:\/\/kilosorunum.com\/habercim\/wp-content\/uploads\/2026\/03\/images-8-145x70.jpg"},"sagSlider":{"file":"images-8-300x150.jpg","width":300,"height":150,"mime_type":"image\/jpeg","source_url":"https:\/\/kilosorunum.com\/habercim\/wp-content\/uploads\/2026\/03\/images-8-300x150.jpg"},"full":{"file":"images-8.jpg","width":300,"height":168,"mime_type":"image\/jpeg","source_url":"https:\/\/kilosorunum.com\/habercim\/wp-content\/uploads\/2026\/03\/images-8.jpg"}},"image_meta":{"aperture":"0","credit":"","camera":"","caption":"","created_timestamp":"0","copyright":"","focal_length":"0","iso":"0","shutter_speed":"0","title":"","orientation":"0","keywords":[]}},"post":44621,"source_url":"https:\/\/kilosorunum.com\/habercim\/wp-content\/uploads\/2026\/03\/images-8.jpg","_links":{"self":[{"href":"https:\/\/kilosorunum.com\/habercim\/wp-json\/wp\/v2\/media\/44622"}],"collection":[{"href":"https:\/\/kilosorunum.com\/habercim\/wp-json\/wp\/v2\/media"}],"about":[{"href":"https:\/\/kilosorunum.com\/habercim\/wp-json\/wp\/v2\/types\/attachment"}],"author":[{"embeddable":true,"href":"https:\/\/kilosorunum.com\/habercim\/wp-json\/wp\/v2\/users\/2"}],"replies":[{"embeddable":true,"href":"https:\/\/kilosorunum.com\/habercim\/wp-json\/wp\/v2\/comments?post=44622"}]}}

Yunan Bakan Türkiye&#8217;yi

<p>Yunan Bakan Dendias&#8217;tan Türkiye&#8217;ye küstah sözler gündem oldu! İran&#8217;da patlak veren savaşı fırsat olarak gören Yunanistan Savunma Bakanı Nikos Dendias, Türkiye&#8217;ye yönelik alçak ifadeler kullandı. Dendias&#8217;ın sözlerine Türk Dışişleri Bakanlığı&#8217;ndan tokat gibi yanıt geldi&#8230;</p>
<p>devamı sonraki sayfada&#8230; görsel üzerinden do2&#8217;kununuz geçebilirsiniz&#8230;</p>
