{"id":44634,"date":"2026-03-11T17:20:57","date_gmt":"2026-03-11T14:20:57","guid":{"rendered":"https:\/\/kilosorunum.com\/habercim\/wp-content\/uploads\/2026\/03\/1-33.jpg"},"modified":"2026-03-11T17:23:27","modified_gmt":"2026-03-11T14:23:27","slug":"1-5518","status":"inherit","type":"attachment","link":"https:\/\/kilosorunum.com\/habercim\/foto-galeri\/tarihleri-belli-oldu\/attachment\/1-5518\/","title":{"rendered":"Tarihleri belli oldu"},"author":2,"comment_status":"open","ping_status":"closed","template":"","meta":[],"description":{"rendered":"<p class=\"attachment\"><a href='https:\/\/kilosorunum.com\/habercim\/wp-content\/uploads\/2026\/03\/1-33.jpg'><img width=\"300\" height=\"169\" src=\"https:\/\/kilosorunum.com\/habercim\/wp-content\/uploads\/2026\/03\/1-33-300x169.jpg\" class=\"attachment-medium size-medium\" alt=\"\" loading=\"lazy\" srcset=\"https:\/\/kilosorunum.com\/habercim\/wp-content\/uploads\/2026\/03\/1-33-300x169.jpg 300w, https:\/\/kilosorunum.com\/habercim\/wp-content\/uploads\/2026\/03\/1-33-1024x576.jpg 1024w, https:\/\/kilosorunum.com\/habercim\/wp-content\/uploads\/2026\/03\/1-33-768x432.jpg 768w, https:\/\/kilosorunum.com\/habercim\/wp-content\/uploads\/2026\/03\/1-33.jpg 1200w\" sizes=\"(max-width: 300px) 100vw, 300px\" \/><\/a><\/p>\n"},"caption":{"rendered":"<p>Cumhurba\u015fkan\u0131 Recep Tayyip Erdo\u011fan, emeklilerin bayram ikramiyelerinin bayram \u00f6ncesi yat\u0131r\u0131laca\u011f\u0131n\u0131 a\u00e7\u0131klad\u0131. Cumhurba\u015fkan\u0131 Erdo\u011fan emekli maa\u015flar\u0131n\u0131n da 14 Mart&#8217;tan itibaren \u00f6denmeye ba\u015flayaca\u011f\u0131 m\u00fcjdesini verdi.<br \/>\nCumhurba\u015fkan\u0131 Recep Tayyip Erdo\u011fan, AK Parti Grup Toplant\u0131s\u0131&#8217;nda bayram ikramiyeleri ve emekli maa\u015flar\u0131na ili\u015fkin a\u00e7\u0131klamalarda bulundu.<\/p>\n<p>Erdo\u011fan a\u00e7\u0131klamas\u0131nda \u015fu ifadeleri kulland\u0131: <\/p>\n<p>&#8220;Son olarak emeklilerimize bir m\u00fcjde vermek istiyoruz. Emeklilerimizin bayram ikramiyelerini her zaman oldu\u011fu gibi bayram \u00f6ncesinde hesaplara yat\u0131r\u0131yoruz. Ayr\u0131ca emeklilerimizin bu ayki emekli maa\u015f \u00f6demelerini de \u00f6ne \u00e7ekerek 14 Mart&#8217;tan itibaren \u00f6deyeme ba\u015fl\u0131yoruz&#8221;<br \/>\nSSK emeklilerinin maa\u015flar\u0131 normalde her ay\u0131n 17\u2019si ile 26\u2019s\u0131 aras\u0131nda hesaplara yat\u0131r\u0131l\u0131yor. Ba\u011f-Kur emeklileri maa\u015flar\u0131n\u0131 ay\u0131n 25\u2019i ile 28\u2019i aras\u0131nda al\u0131yor Memur emeklilerine ise \u00f6demeler her ay\u0131n 15\u2019inde yap\u0131l\u0131yor.<br \/>\nEmeklilere her y\u0131l Ramazan ve Kurban bayramlar\u0131nda olmak \u00fczere y\u0131lda iki kez bayram ikramiyesi veriliyor. Bu y\u0131l emeklilere 4 bin lira tutar\u0131nda ikramiye \u00f6demesi yap\u0131lacak.<\/p>\n<p>Kaynak : bigpara.hurriyet.com.tr<\/p>\n"},"alt_text":"","media_type":"image","mime_type":"image\/jpeg","media_details":{"width":1200,"height":675,"file":"2026\/03\/1-33.jpg","sizes":{"medium":{"file":"1-33-300x169.jpg","width":300,"height":169,"mime_type":"image\/jpeg","source_url":"https:\/\/kilosorunum.com\/habercim\/wp-content\/uploads\/2026\/03\/1-33-300x169.jpg"},"large":{"file":"1-33-1024x576.jpg","width":1024,"height":576,"mime_type":"image\/jpeg","source_url":"https:\/\/kilosorunum.com\/habercim\/wp-content\/uploads\/2026\/03\/1-33-1024x576.jpg"},"thumbnail":{"file":"1-33-150x150.jpg","width":150,"height":150,"mime_type":"image\/jpeg","source_url":"https:\/\/kilosorunum.com\/habercim\/wp-content\/uploads\/2026\/03\/1-33-150x150.jpg"},"medium_large":{"file":"1-33-768x432.jpg","width":768,"height":432,"mime_type":"image\/jpeg","source_url":"https:\/\/kilosorunum.com\/habercim\/wp-content\/uploads\/2026\/03\/1-33-768x432.jpg"},"kucukResim":{"file":"1-33-80x50.jpg","width":80,"height":50,"mime_type":"image\/jpeg","source_url":"https:\/\/kilosorunum.com\/habercim\/wp-content\/uploads\/2026\/03\/1-33-80x50.jpg"},"sliderResim":{"file":"1-33-670x330.jpg","width":670,"height":330,"mime_type":"image\/jpeg","source_url":"https:\/\/kilosorunum.com\/habercim\/wp-content\/uploads\/2026\/03\/1-33-670x330.jpg"},"resim1":{"file":"1-33-184x140.jpg","width":184,"height":140,"mime_type":"image\/jpeg","source_url":"https:\/\/kilosorunum.com\/habercim\/wp-content\/uploads\/2026\/03\/1-33-184x140.jpg"},"resim2":{"file":"1-33-216x103.jpg","width":216,"height":103,"mime_type":"image\/jpeg","source_url":"https:\/\/kilosorunum.com\/habercim\/wp-content\/uploads\/2026\/03\/1-33-216x103.jpg"},"resim3":{"file":"1-33-145x70.jpg","width":145,"height":70,"mime_type":"image\/jpeg","source_url":"https:\/\/kilosorunum.com\/habercim\/wp-content\/uploads\/2026\/03\/1-33-145x70.jpg"},"sagSlider":{"file":"1-33-300x150.jpg","width":300,"height":150,"mime_type":"image\/jpeg","source_url":"https:\/\/kilosorunum.com\/habercim\/wp-content\/uploads\/2026\/03\/1-33-300x150.jpg"},"yeniSlider":{"file":"1-33-500x290.jpg","width":500,"height":290,"mime_type":"image\/jpeg","source_url":"https:\/\/kilosorunum.com\/habercim\/wp-content\/uploads\/2026\/03\/1-33-500x290.jpg"},"full":{"file":"1-33.jpg","width":1200,"height":675,"mime_type":"image\/jpeg","source_url":"https:\/\/kilosorunum.com\/habercim\/wp-content\/uploads\/2026\/03\/1-33.jpg"}},"image_meta":{"aperture":"0","credit":"","camera":"","caption":"","created_timestamp":"0","copyright":"","focal_length":"0","iso":"0","shutter_speed":"0","title":"","orientation":"0","keywords":[]}},"post":44632,"source_url":"https:\/\/kilosorunum.com\/habercim\/wp-content\/uploads\/2026\/03\/1-33.jpg","_links":{"self":[{"href":"https:\/\/kilosorunum.com\/habercim\/wp-json\/wp\/v2\/media\/44634"}],"collection":[{"href":"https:\/\/kilosorunum.com\/habercim\/wp-json\/wp\/v2\/media"}],"about":[{"href":"https:\/\/kilosorunum.com\/habercim\/wp-json\/wp\/v2\/types\/attachment"}],"author":[{"embeddable":true,"href":"https:\/\/kilosorunum.com\/habercim\/wp-json\/wp\/v2\/users\/2"}],"replies":[{"embeddable":true,"href":"https:\/\/kilosorunum.com\/habercim\/wp-json\/wp\/v2\/comments?post=44634"}]}}

<p>Cumhurbaşkanı Recep Tayyip Erdoğan, emeklilerin bayram ikramiyelerinin bayram öncesi yatırılacağını açıkladı. Cumhurbaşkanı Erdoğan emekli maaşlarının da 14 Mart&#8217;tan itibaren ödenmeye başlayacağı müjdesini verdi.<br />
Cumhurbaşkanı Recep Tayyip Erdoğan, AK Parti Grup Toplantısı&#8217;nda bayram ikramiyeleri ve emekli maaşlarına ilişkin açıklamalarda bulundu.</p>
<p>Erdoğan açıklamasında şu ifadeleri kullandı: </p>
<p>&#8220;Son olarak emeklilerimize bir müjde vermek istiyoruz. Emeklilerimizin bayram ikramiyelerini her zaman olduğu gibi bayram öncesinde hesaplara yatırıyoruz. Ayrıca emeklilerimizin bu ayki emekli maaş ödemelerini de öne çekerek 14 Mart&#8217;tan itibaren ödeyeme başlıyoruz&#8221;<br />
SSK emeklilerinin maaşları normalde her ayın 17’si ile 26’sı arasında hesaplara yatırılıyor. Bağ-Kur emeklileri maaşlarını ayın 25’i ile 28’i arasında alıyor Memur emeklilerine ise ödemeler her ayın 15’inde yapılıyor.<br />
Emeklilere her yıl Ramazan ve Kurban bayramlarında olmak üzere yılda iki kez bayram ikramiyesi veriliyor. Bu yıl emeklilere 4 bin lira tutarında ikramiye ödemesi yapılacak.</p>
<p>Kaynak : bigpara.hurriyet.com.tr</p>
