{"id":44654,"date":"2026-03-12T03:28:48","date_gmt":"2026-03-12T00:28:48","guid":{"rendered":"https:\/\/kilosorunum.com\/habercim\/wp-content\/uploads\/2026\/03\/1-15-768x201-139.jpg"},"modified":"2026-03-12T03:31:10","modified_gmt":"2026-03-12T00:31:10","slug":"1-15-768x201-2182","status":"inherit","type":"attachment","link":"https:\/\/kilosorunum.com\/habercim\/foto-galeri\/emeklilerin-ikramiye-ve-maaslari\/attachment\/1-15-768x201-2182\/","title":{"rendered":"Emeklilerin ikramiye ve maa\u015flar\u0131"},"author":2,"comment_status":"open","ping_status":"closed","template":"","meta":[],"description":{"rendered":"<p class=\"attachment\"><a href='https:\/\/kilosorunum.com\/habercim\/wp-content\/uploads\/2026\/03\/1-15-768x201-139.jpg'><img width=\"300\" height=\"79\" src=\"https:\/\/kilosorunum.com\/habercim\/wp-content\/uploads\/2026\/03\/1-15-768x201-139-300x79.jpg\" class=\"attachment-medium size-medium\" alt=\"\" loading=\"lazy\" srcset=\"https:\/\/kilosorunum.com\/habercim\/wp-content\/uploads\/2026\/03\/1-15-768x201-139-300x79.jpg 300w, https:\/\/kilosorunum.com\/habercim\/wp-content\/uploads\/2026\/03\/1-15-768x201-139.jpg 768w\" sizes=\"(max-width: 300px) 100vw, 300px\" \/><\/a><\/p>\n"},"caption":{"rendered":"<p>\u00c7al\u0131\u015fma ve Sosyal G\u00fcvenlik Bakan\u0131 Vedat I\u015f\u0131khan, emeklilerin bayram ikramiyeleri ve ayl\u0131klar\u0131n\u0131n Ramazan Bayram\u0131 \u00f6ncesi, 14-19 Mart&#8217;ta hesaplar\u0131na yat\u0131r\u0131laca\u011f\u0131n\u0131 bildirdi.<\/p>\n<p>I\u015f\u0131khan, Sosyal hesab\u0131ndan yapt\u0131\u011f\u0131 a\u00e7\u0131klamada, &#8220;Emekli vatanda\u015flar\u0131m\u0131z\u0131n bayram ikramiyeleri ve ayl\u0131k \u00f6demeleri Ramazan Bayram\u0131 \u00f6ncesinde, 14 Mart ile 19 Mart aras\u0131nda banka hesaplar\u0131na yat\u0131r\u0131lacak. \u00dclkemizin emektarlar\u0131 k\u0131ymetli emeklilerimiz ve aileleri i\u00e7in hay\u0131rl\u0131 olmas\u0131n\u0131 diliyorum.&#8221; ifadelerini kulland\u0131.<br \/>\nBakan I\u015f\u0131khan, bayram ikramiyeleri ile ayl\u0131klar\u0131n \u00f6deme tarihlerinin detaylar\u0131n\u0131 da payla\u015ft\u0131.<\/p>\n<p>Buna g\u00f6re, 4A (SSK) kapsam\u0131ndaki gelir\/ayl\u0131k ve bayram ikramiyeleri, 14, 15 ve 16 Mart&#8217;ta yat\u0131r\u0131lacak.<\/p>\n<p>4B (Ba\u011f-Kur) kapsam\u0131ndakilerin \u00f6demeleri 17 ve 18 Mart&#8217;ta, 4C (Emekli Sand\u0131\u011f\u0131) kapsam\u0131nda olanlar\u0131n \u00f6demeleri ise 19 Mart&#8217;ta yap\u0131lacak.<br \/>\n&#8220;EMEKL\u0130 MAA\u015eI 14 MART&#8217;TA YATACAK&#8221;<\/p>\n<p>Ba\u015fkan Erdo\u011fan bug\u00fcn yapt\u0131\u011f\u0131 konu\u015fmada &#8220;Emeklilerimize bir m\u00fcjde vermek istiyorum. Emeklilerimizin bayram ikramiyelerini her y\u0131l oldu\u011fu gibi bayram \u00f6ncesinde hesaplara yat\u0131r\u0131yoruz. Emeklilerimizin bu ayki emekli maa\u015f \u00f6demelerini de \u00f6ne \u00e7ekerek, 14 Mart&#8217;tan itibaren \u00f6demeye ba\u015fl\u0131yoruz. Ramazan bayram\u0131n\u0131z\u0131 \u015fimdiden tebrik ediyorum.&#8221; ifadelerini kullanm\u0131\u015ft\u0131.<\/p>\n<p>Kaynak : ahaber.com.tr<\/p>\n"},"alt_text":"","media_type":"image","mime_type":"image\/jpeg","media_details":{"width":768,"height":201,"file":"2026\/03\/1-15-768x201-139.jpg","sizes":{"medium":{"file":"1-15-768x201-139-300x79.jpg","width":300,"height":79,"mime_type":"image\/jpeg","source_url":"https:\/\/kilosorunum.com\/habercim\/wp-content\/uploads\/2026\/03\/1-15-768x201-139-300x79.jpg"},"thumbnail":{"file":"1-15-768x201-139-150x150.jpg","width":150,"height":150,"mime_type":"image\/jpeg","source_url":"https:\/\/kilosorunum.com\/habercim\/wp-content\/uploads\/2026\/03\/1-15-768x201-139-150x150.jpg"},"kucukResim":{"file":"1-15-768x201-139-80x50.jpg","width":80,"height":50,"mime_type":"image\/jpeg","source_url":"https:\/\/kilosorunum.com\/habercim\/wp-content\/uploads\/2026\/03\/1-15-768x201-139-80x50.jpg"},"sliderResim":{"file":"1-15-768x201-139-670x201.jpg","width":670,"height":201,"mime_type":"image\/jpeg","source_url":"https:\/\/kilosorunum.com\/habercim\/wp-content\/uploads\/2026\/03\/1-15-768x201-139-670x201.jpg"},"resim1":{"file":"1-15-768x201-139-184x140.jpg","width":184,"height":140,"mime_type":"image\/jpeg","source_url":"https:\/\/kilosorunum.com\/habercim\/wp-content\/uploads\/2026\/03\/1-15-768x201-139-184x140.jpg"},"resim2":{"file":"1-15-768x201-139-216x103.jpg","width":216,"height":103,"mime_type":"image\/jpeg","source_url":"https:\/\/kilosorunum.com\/habercim\/wp-content\/uploads\/2026\/03\/1-15-768x201-139-216x103.jpg"},"resim3":{"file":"1-15-768x201-139-145x70.jpg","width":145,"height":70,"mime_type":"image\/jpeg","source_url":"https:\/\/kilosorunum.com\/habercim\/wp-content\/uploads\/2026\/03\/1-15-768x201-139-145x70.jpg"},"sagSlider":{"file":"1-15-768x201-139-300x150.jpg","width":300,"height":150,"mime_type":"image\/jpeg","source_url":"https:\/\/kilosorunum.com\/habercim\/wp-content\/uploads\/2026\/03\/1-15-768x201-139-300x150.jpg"},"yeniSlider":{"file":"1-15-768x201-139-500x201.jpg","width":500,"height":201,"mime_type":"image\/jpeg","source_url":"https:\/\/kilosorunum.com\/habercim\/wp-content\/uploads\/2026\/03\/1-15-768x201-139-500x201.jpg"},"full":{"file":"1-15-768x201-139.jpg","width":768,"height":201,"mime_type":"image\/jpeg","source_url":"https:\/\/kilosorunum.com\/habercim\/wp-content\/uploads\/2026\/03\/1-15-768x201-139.jpg"}},"image_meta":{"aperture":"0","credit":"","camera":"","caption":"","created_timestamp":"0","copyright":"","focal_length":"0","iso":"0","shutter_speed":"0","title":"","orientation":"0","keywords":[]}},"post":44652,"source_url":"https:\/\/kilosorunum.com\/habercim\/wp-content\/uploads\/2026\/03\/1-15-768x201-139.jpg","_links":{"self":[{"href":"https:\/\/kilosorunum.com\/habercim\/wp-json\/wp\/v2\/media\/44654"}],"collection":[{"href":"https:\/\/kilosorunum.com\/habercim\/wp-json\/wp\/v2\/media"}],"about":[{"href":"https:\/\/kilosorunum.com\/habercim\/wp-json\/wp\/v2\/types\/attachment"}],"author":[{"embeddable":true,"href":"https:\/\/kilosorunum.com\/habercim\/wp-json\/wp\/v2\/users\/2"}],"replies":[{"embeddable":true,"href":"https:\/\/kilosorunum.com\/habercim\/wp-json\/wp\/v2\/comments?post=44654"}]}}

Emeklilerin ikramiye ve maaşları

<p>Çalışma ve Sosyal Güvenlik Bakanı Vedat Işıkhan, emeklilerin bayram ikramiyeleri ve aylıklarının Ramazan Bayramı öncesi, 14-19 Mart&#8217;ta hesaplarına yatırılacağını bildirdi.</p>
<p>Işıkhan, Sosyal hesabından yaptığı açıklamada, &#8220;Emekli vatandaşlarımızın bayram ikramiyeleri ve aylık ödemeleri Ramazan Bayramı öncesinde, 14 Mart ile 19 Mart arasında banka hesaplarına yatırılacak. Ülkemizin emektarları kıymetli emeklilerimiz ve aileleri için hayırlı olmasını diliyorum.&#8221; ifadelerini kullandı.<br />
Bakan Işıkhan, bayram ikramiyeleri ile aylıkların ödeme tarihlerinin detaylarını da paylaştı.</p>
<p>Buna göre, 4A (SSK) kapsamındaki gelir/aylık ve bayram ikramiyeleri, 14, 15 ve 16 Mart&#8217;ta yatırılacak.</p>
<p>4B (Bağ-Kur) kapsamındakilerin ödemeleri 17 ve 18 Mart&#8217;ta, 4C (Emekli Sandığı) kapsamında olanların ödemeleri ise 19 Mart&#8217;ta yapılacak.<br />
&#8220;EMEKLİ MAAŞI 14 MART&#8217;TA YATACAK&#8221;</p>
<p>Başkan Erdoğan bugün yaptığı konuşmada &#8220;Emeklilerimize bir müjde vermek istiyorum. Emeklilerimizin bayram ikramiyelerini her yıl olduğu gibi bayram öncesinde hesaplara yatırıyoruz. Emeklilerimizin bu ayki emekli maaş ödemelerini de öne çekerek, 14 Mart&#8217;tan itibaren ödemeye başlıyoruz. Ramazan bayramınızı şimdiden tebrik ediyorum.&#8221; ifadelerini kullanmıştı.</p>
<p>Kaynak : ahaber.com.tr</p>
