{"id":44659,"date":"2026-03-12T12:46:26","date_gmt":"2026-03-12T09:46:26","guid":{"rendered":"https:\/\/kilosorunum.com\/habercim\/wp-content\/uploads\/2026\/03\/1-15-768x201-140.jpg"},"modified":"2026-03-12T12:48:23","modified_gmt":"2026-03-12T09:48:23","slug":"1-15-768x201-2183","status":"inherit","type":"attachment","link":"https:\/\/kilosorunum.com\/habercim\/foto-galeri\/rojin-kabaisin-ailesine\/attachment\/1-15-768x201-2183\/","title":{"rendered":"Rojin Kabai\u015f&#8217;in ailesine"},"author":2,"comment_status":"open","ping_status":"closed","template":"","meta":[],"description":{"rendered":"<p class=\"attachment\"><a href='https:\/\/kilosorunum.com\/habercim\/wp-content\/uploads\/2026\/03\/1-15-768x201-140.jpg'><img width=\"300\" height=\"79\" src=\"https:\/\/kilosorunum.com\/habercim\/wp-content\/uploads\/2026\/03\/1-15-768x201-140-300x79.jpg\" class=\"attachment-medium size-medium\" alt=\"\" loading=\"lazy\" srcset=\"https:\/\/kilosorunum.com\/habercim\/wp-content\/uploads\/2026\/03\/1-15-768x201-140-300x79.jpg 300w, https:\/\/kilosorunum.com\/habercim\/wp-content\/uploads\/2026\/03\/1-15-768x201-140.jpg 768w\" sizes=\"(max-width: 300px) 100vw, 300px\" \/><\/a><\/p>\n"},"caption":{"rendered":"<p>Adalet Bakan\u0131 Ak\u0131n G\u00fcrlek, Van&#8217;da \u015f\u00fcpheli \u015fekilde ya\u015fam\u0131n\u0131 yitiren \u00fcniversite \u00f6\u011frencisi Rojin Kabai\u015f&#8217;in ailesinin tehdit edildi\u011fi iddialar\u0131yla ilgili soru\u015fturma ba\u015flat\u0131ld\u0131\u011f\u0131n\u0131 a\u00e7\u0131klad\u0131.<br \/>\nVan&#8217;da kald\u0131\u011f\u0131 yurttan ayr\u0131ld\u0131ktan sonra kaybolan, 19 g\u00fcn sonra cans\u0131z bedeni g\u00f6l kenar bulunan \u00fcniversite \u00f6\u011frencisi Rojin Kabai\u015f &#8216;in ailesine y\u00f6nelik tehditlerle ilgili soru\u015fturma ba\u015flat\u0131ld\u0131.<\/p>\n<p>Konuya ili\u015fkin a\u00e7\u0131klama Adalet Bakan\u0131 Ak\u0131n G\u00fcrlek&#8217;ten geldi. Sosyal medya hesab\u0131ndan payla\u015f\u0131m yapan Bakan G\u00fcrlek, Rojin&#8217;in babas\u0131 Nizamettin Kabai\u015f&#8217;in ortaya att\u0131\u011f\u0131 tehdit iddialar\u0131yla ilgili Van Cumhuriyet Ba\u015fsavc\u0131l\u0131\u011f\u0131n\u0131n soru\u015fturma ba\u015flatt\u0131\u011f\u0131n\u0131 s\u00f6yledi.<\/p>\n<p>Vatanda\u015flar\u0131n can g\u00fcvenli\u011fini tehdit eden hi\u00e7bir fiile m\u00fcsamaha g\u00f6sterilemeyece\u011fini belirten G\u00fcrlek, &#8220;S\u00f6z konusu iddialar t\u00fcm y\u00f6nleriyle ve titizlikle incelenecektir.&#8221; dedi. Bakan G\u00fcrlek, kimsenin tehdit ve bask\u0131 alt\u0131nda kalmas\u0131na izin verilmeyece\u011fini ve hukuk devleti ilkeleri \u00e7er\u00e7evesinde t\u00fcm ad\u0131mlar\u0131n at\u0131laca\u011f\u0131n\u0131 ifade etti. <\/p>\n<p>Kaynak : ntv.com.tr<\/p>\n"},"alt_text":"","media_type":"image","mime_type":"image\/jpeg","media_details":{"width":768,"height":201,"file":"2026\/03\/1-15-768x201-140.jpg","sizes":{"medium":{"file":"1-15-768x201-140-300x79.jpg","width":300,"height":79,"mime_type":"image\/jpeg","source_url":"https:\/\/kilosorunum.com\/habercim\/wp-content\/uploads\/2026\/03\/1-15-768x201-140-300x79.jpg"},"thumbnail":{"file":"1-15-768x201-140-150x150.jpg","width":150,"height":150,"mime_type":"image\/jpeg","source_url":"https:\/\/kilosorunum.com\/habercim\/wp-content\/uploads\/2026\/03\/1-15-768x201-140-150x150.jpg"},"kucukResim":{"file":"1-15-768x201-140-80x50.jpg","width":80,"height":50,"mime_type":"image\/jpeg","source_url":"https:\/\/kilosorunum.com\/habercim\/wp-content\/uploads\/2026\/03\/1-15-768x201-140-80x50.jpg"},"sliderResim":{"file":"1-15-768x201-140-670x201.jpg","width":670,"height":201,"mime_type":"image\/jpeg","source_url":"https:\/\/kilosorunum.com\/habercim\/wp-content\/uploads\/2026\/03\/1-15-768x201-140-670x201.jpg"},"resim1":{"file":"1-15-768x201-140-184x140.jpg","width":184,"height":140,"mime_type":"image\/jpeg","source_url":"https:\/\/kilosorunum.com\/habercim\/wp-content\/uploads\/2026\/03\/1-15-768x201-140-184x140.jpg"},"resim2":{"file":"1-15-768x201-140-216x103.jpg","width":216,"height":103,"mime_type":"image\/jpeg","source_url":"https:\/\/kilosorunum.com\/habercim\/wp-content\/uploads\/2026\/03\/1-15-768x201-140-216x103.jpg"},"resim3":{"file":"1-15-768x201-140-145x70.jpg","width":145,"height":70,"mime_type":"image\/jpeg","source_url":"https:\/\/kilosorunum.com\/habercim\/wp-content\/uploads\/2026\/03\/1-15-768x201-140-145x70.jpg"},"sagSlider":{"file":"1-15-768x201-140-300x150.jpg","width":300,"height":150,"mime_type":"image\/jpeg","source_url":"https:\/\/kilosorunum.com\/habercim\/wp-content\/uploads\/2026\/03\/1-15-768x201-140-300x150.jpg"},"yeniSlider":{"file":"1-15-768x201-140-500x201.jpg","width":500,"height":201,"mime_type":"image\/jpeg","source_url":"https:\/\/kilosorunum.com\/habercim\/wp-content\/uploads\/2026\/03\/1-15-768x201-140-500x201.jpg"},"full":{"file":"1-15-768x201-140.jpg","width":768,"height":201,"mime_type":"image\/jpeg","source_url":"https:\/\/kilosorunum.com\/habercim\/wp-content\/uploads\/2026\/03\/1-15-768x201-140.jpg"}},"image_meta":{"aperture":"0","credit":"","camera":"","caption":"","created_timestamp":"0","copyright":"","focal_length":"0","iso":"0","shutter_speed":"0","title":"","orientation":"0","keywords":[]}},"post":44657,"source_url":"https:\/\/kilosorunum.com\/habercim\/wp-content\/uploads\/2026\/03\/1-15-768x201-140.jpg","_links":{"self":[{"href":"https:\/\/kilosorunum.com\/habercim\/wp-json\/wp\/v2\/media\/44659"}],"collection":[{"href":"https:\/\/kilosorunum.com\/habercim\/wp-json\/wp\/v2\/media"}],"about":[{"href":"https:\/\/kilosorunum.com\/habercim\/wp-json\/wp\/v2\/types\/attachment"}],"author":[{"embeddable":true,"href":"https:\/\/kilosorunum.com\/habercim\/wp-json\/wp\/v2\/users\/2"}],"replies":[{"embeddable":true,"href":"https:\/\/kilosorunum.com\/habercim\/wp-json\/wp\/v2\/comments?post=44659"}]}}

Rojin Kabaiş&#8217;in ailesine

<p>Adalet Bakanı Akın Gürlek, Van&#8217;da şüpheli şekilde yaşamını yitiren üniversite öğrencisi Rojin Kabaiş&#8217;in ailesinin tehdit edildiği iddialarıyla ilgili soruşturma başlatıldığını açıkladı.<br />
Van&#8217;da kaldığı yurttan ayrıldıktan sonra kaybolan, 19 gün sonra cansız bedeni göl kenar bulunan üniversite öğrencisi Rojin Kabaiş &#8216;in ailesine yönelik tehditlerle ilgili soruşturma başlatıldı.</p>
<p>Konuya ilişkin açıklama Adalet Bakanı Akın Gürlek&#8217;ten geldi. Sosyal medya hesabından paylaşım yapan Bakan Gürlek, Rojin&#8217;in babası Nizamettin Kabaiş&#8217;in ortaya attığı tehdit iddialarıyla ilgili Van Cumhuriyet Başsavcılığının soruşturma başlattığını söyledi.</p>
<p>Vatandaşların can güvenliğini tehdit eden hiçbir fiile müsamaha gösterilemeyeceğini belirten Gürlek, &#8220;Söz konusu iddialar tüm yönleriyle ve titizlikle incelenecektir.&#8221; dedi. Bakan Gürlek, kimsenin tehdit ve baskı altında kalmasına izin verilmeyeceğini ve hukuk devleti ilkeleri çerçevesinde tüm adımların atılacağını ifade etti. </p>
<p>Kaynak : ntv.com.tr</p>
