{"id":44678,"date":"2026-03-12T20:25:59","date_gmt":"2026-03-12T17:25:59","guid":{"rendered":"https:\/\/kilosorunum.com\/habercim\/wp-content\/uploads\/2026\/03\/Buyuk-9.jpg"},"modified":"2026-03-12T20:27:00","modified_gmt":"2026-03-12T17:27:00","slug":"buyuk-101","status":"inherit","type":"attachment","link":"https:\/\/kilosorunum.com\/habercim\/foto-galeri\/aksam-deprem\/attachment\/buyuk-101\/","title":{"rendered":"AK\u015eAM DEPREM"},"author":2,"comment_status":"open","ping_status":"closed","template":"","meta":[],"description":{"rendered":"<p class=\"attachment\"><a href='https:\/\/kilosorunum.com\/habercim\/wp-content\/uploads\/2026\/03\/Buyuk-9.jpg'><img width=\"300\" height=\"166\" src=\"https:\/\/kilosorunum.com\/habercim\/wp-content\/uploads\/2026\/03\/Buyuk-9.jpg\" class=\"attachment-medium size-medium\" alt=\"\" loading=\"lazy\" \/><\/a><\/p>\n"},"caption":{"rendered":"<p>Ak\u015fam vakti pe\u015f pe\u015fe deprem oldu! Halk sokaklarda. 3 ilimiz beraber salland\u0131 ve \u00e7evre illerde hissedildi&#8230;<\/p>\n<p>devam\u0131 sonraki sayfada&#8230; g\u00f6rsel \u00fczerinden do2&#8217;kununuz ge\u00e7ebilirsiniz&#8230;<\/p>\n"},"alt_text":"","media_type":"image","mime_type":"image\/jpeg","media_details":{"width":301,"height":167,"file":"2026\/03\/Buyuk-9.jpg","sizes":{"thumbnail":{"file":"Buyuk-9-150x150.jpg","width":150,"height":150,"mime_type":"image\/jpeg","source_url":"https:\/\/kilosorunum.com\/habercim\/wp-content\/uploads\/2026\/03\/Buyuk-9-150x150.jpg"},"kucukResim":{"file":"Buyuk-9-80x50.jpg","width":80,"height":50,"mime_type":"image\/jpeg","source_url":"https:\/\/kilosorunum.com\/habercim\/wp-content\/uploads\/2026\/03\/Buyuk-9-80x50.jpg"},"resim1":{"file":"Buyuk-9-184x140.jpg","width":184,"height":140,"mime_type":"image\/jpeg","source_url":"https:\/\/kilosorunum.com\/habercim\/wp-content\/uploads\/2026\/03\/Buyuk-9-184x140.jpg"},"resim2":{"file":"Buyuk-9-216x103.jpg","width":216,"height":103,"mime_type":"image\/jpeg","source_url":"https:\/\/kilosorunum.com\/habercim\/wp-content\/uploads\/2026\/03\/Buyuk-9-216x103.jpg"},"resim3":{"file":"Buyuk-9-145x70.jpg","width":145,"height":70,"mime_type":"image\/jpeg","source_url":"https:\/\/kilosorunum.com\/habercim\/wp-content\/uploads\/2026\/03\/Buyuk-9-145x70.jpg"},"sagSlider":{"file":"Buyuk-9-300x150.jpg","width":300,"height":150,"mime_type":"image\/jpeg","source_url":"https:\/\/kilosorunum.com\/habercim\/wp-content\/uploads\/2026\/03\/Buyuk-9-300x150.jpg"},"full":{"file":"Buyuk-9.jpg","width":301,"height":167,"mime_type":"image\/jpeg","source_url":"https:\/\/kilosorunum.com\/habercim\/wp-content\/uploads\/2026\/03\/Buyuk-9.jpg"}},"image_meta":{"aperture":"0","credit":"","camera":"","caption":"","created_timestamp":"0","copyright":"","focal_length":"0","iso":"0","shutter_speed":"0","title":"","orientation":"0","keywords":[]}},"post":44677,"source_url":"https:\/\/kilosorunum.com\/habercim\/wp-content\/uploads\/2026\/03\/Buyuk-9.jpg","_links":{"self":[{"href":"https:\/\/kilosorunum.com\/habercim\/wp-json\/wp\/v2\/media\/44678"}],"collection":[{"href":"https:\/\/kilosorunum.com\/habercim\/wp-json\/wp\/v2\/media"}],"about":[{"href":"https:\/\/kilosorunum.com\/habercim\/wp-json\/wp\/v2\/types\/attachment"}],"author":[{"embeddable":true,"href":"https:\/\/kilosorunum.com\/habercim\/wp-json\/wp\/v2\/users\/2"}],"replies":[{"embeddable":true,"href":"https:\/\/kilosorunum.com\/habercim\/wp-json\/wp\/v2\/comments?post=44678"}]}}

AKŞAM DEPREM

<p>Akşam vakti peş peşe deprem oldu! Halk sokaklarda. 3 ilimiz beraber sallandı ve çevre illerde hissedildi&#8230;</p>
<p>devamı sonraki sayfada&#8230; görsel üzerinden do2&#8217;kununuz geçebilirsiniz&#8230;</p>
