{"id":44901,"date":"2026-03-16T21:31:56","date_gmt":"2026-03-16T18:31:56","guid":{"rendered":"https:\/\/kilosorunum.com\/habercim\/wp-content\/uploads\/2026\/03\/1-15-768x201-164.jpg"},"modified":"2026-03-16T21:33:33","modified_gmt":"2026-03-16T18:33:33","slug":"1-15-768x201-2207","status":"inherit","type":"attachment","link":"https:\/\/kilosorunum.com\/habercim\/foto-galeri\/israilin-basbakani-netanyahu\/attachment\/1-15-768x201-2207\/","title":{"rendered":"\u0130srail&#8217;in Ba\u015fbakan\u0131 Netanyahu"},"author":2,"comment_status":"open","ping_status":"closed","template":"","meta":[],"description":{"rendered":"<p class=\"attachment\"><a href='https:\/\/kilosorunum.com\/habercim\/wp-content\/uploads\/2026\/03\/1-15-768x201-164.jpg'><img width=\"300\" height=\"79\" src=\"https:\/\/kilosorunum.com\/habercim\/wp-content\/uploads\/2026\/03\/1-15-768x201-164-300x79.jpg\" class=\"attachment-medium size-medium\" alt=\"\" loading=\"lazy\" srcset=\"https:\/\/kilosorunum.com\/habercim\/wp-content\/uploads\/2026\/03\/1-15-768x201-164-300x79.jpg 300w, https:\/\/kilosorunum.com\/habercim\/wp-content\/uploads\/2026\/03\/1-15-768x201-164.jpg 768w\" sizes=\"(max-width: 300px) 100vw, 300px\" \/><\/a><\/p>\n"},"caption":{"rendered":"<p>\u0130\u015fgalci \u0130srail&#8217;in Ba\u015fbakan\u0131 Binyamin Netanyahu, \u00f6ld\u00fc\u011f\u00fc y\u00f6n\u00fcnde \u00e7\u0131kan iddialar\u0131n ard\u0131ndan sosyal medya \u00fczerinden video yay\u0131nlad\u0131.<br \/>\nNetanyahu, ABD merkezli X \u015firketinin sosyal medya platformundaki hesab\u0131ndan yapt\u0131\u011f\u0131 payla\u015f\u0131mda, &#8220;\u00f6ld\u00fc&#8221; iddialar\u0131na cevap verdi. Bir i\u015fletmede kahve i\u00e7erken g\u00f6r\u00fcnt\u00fclerini payla\u015fan Netanyahu, \u00f6ld\u00fc\u011f\u00fc iddialar\u0131n\u0131 yalanlad\u0131. \u0130srail Ba\u015fbakan\u0131, &#8220;bas\u0131n toplant\u0131s\u0131n\u0131n yapay zeka ile \u00fcretildi\u011fi ve videoda alt\u0131 parma\u011f\u0131 g\u00f6r\u00fcnd\u00fc\u011f\u00fc&#8221; iddialar\u0131na kar\u015f\u0131 ellerini havaya kald\u0131rarak parmaklar\u0131n\u0131 g\u00f6sterdi.<\/p>\n<p>\u0130srail halk\u0131na d\u0131\u015far\u0131 \u00e7\u0131k\u0131p temiz hava alma tavsiyesinde bulunan Netanyahu, buna kar\u015f\u0131n &#8220;korunakl\u0131 alanlara&#8221; yak\u0131n kalmalar\u0131 gerekti\u011fini s\u00f6yledi. <\/p>\n<p>Kaynak : sabah.com.tr<\/p>\n"},"alt_text":"","media_type":"image","mime_type":"image\/jpeg","media_details":{"width":768,"height":201,"file":"2026\/03\/1-15-768x201-164.jpg","sizes":{"medium":{"file":"1-15-768x201-164-300x79.jpg","width":300,"height":79,"mime_type":"image\/jpeg","source_url":"https:\/\/kilosorunum.com\/habercim\/wp-content\/uploads\/2026\/03\/1-15-768x201-164-300x79.jpg"},"thumbnail":{"file":"1-15-768x201-164-150x150.jpg","width":150,"height":150,"mime_type":"image\/jpeg","source_url":"https:\/\/kilosorunum.com\/habercim\/wp-content\/uploads\/2026\/03\/1-15-768x201-164-150x150.jpg"},"kucukResim":{"file":"1-15-768x201-164-80x50.jpg","width":80,"height":50,"mime_type":"image\/jpeg","source_url":"https:\/\/kilosorunum.com\/habercim\/wp-content\/uploads\/2026\/03\/1-15-768x201-164-80x50.jpg"},"sliderResim":{"file":"1-15-768x201-164-670x201.jpg","width":670,"height":201,"mime_type":"image\/jpeg","source_url":"https:\/\/kilosorunum.com\/habercim\/wp-content\/uploads\/2026\/03\/1-15-768x201-164-670x201.jpg"},"resim1":{"file":"1-15-768x201-164-184x140.jpg","width":184,"height":140,"mime_type":"image\/jpeg","source_url":"https:\/\/kilosorunum.com\/habercim\/wp-content\/uploads\/2026\/03\/1-15-768x201-164-184x140.jpg"},"resim2":{"file":"1-15-768x201-164-216x103.jpg","width":216,"height":103,"mime_type":"image\/jpeg","source_url":"https:\/\/kilosorunum.com\/habercim\/wp-content\/uploads\/2026\/03\/1-15-768x201-164-216x103.jpg"},"resim3":{"file":"1-15-768x201-164-145x70.jpg","width":145,"height":70,"mime_type":"image\/jpeg","source_url":"https:\/\/kilosorunum.com\/habercim\/wp-content\/uploads\/2026\/03\/1-15-768x201-164-145x70.jpg"},"sagSlider":{"file":"1-15-768x201-164-300x150.jpg","width":300,"height":150,"mime_type":"image\/jpeg","source_url":"https:\/\/kilosorunum.com\/habercim\/wp-content\/uploads\/2026\/03\/1-15-768x201-164-300x150.jpg"},"yeniSlider":{"file":"1-15-768x201-164-500x201.jpg","width":500,"height":201,"mime_type":"image\/jpeg","source_url":"https:\/\/kilosorunum.com\/habercim\/wp-content\/uploads\/2026\/03\/1-15-768x201-164-500x201.jpg"},"full":{"file":"1-15-768x201-164.jpg","width":768,"height":201,"mime_type":"image\/jpeg","source_url":"https:\/\/kilosorunum.com\/habercim\/wp-content\/uploads\/2026\/03\/1-15-768x201-164.jpg"}},"image_meta":{"aperture":"0","credit":"","camera":"","caption":"","created_timestamp":"0","copyright":"","focal_length":"0","iso":"0","shutter_speed":"0","title":"","orientation":"0","keywords":[]}},"post":44899,"source_url":"https:\/\/kilosorunum.com\/habercim\/wp-content\/uploads\/2026\/03\/1-15-768x201-164.jpg","_links":{"self":[{"href":"https:\/\/kilosorunum.com\/habercim\/wp-json\/wp\/v2\/media\/44901"}],"collection":[{"href":"https:\/\/kilosorunum.com\/habercim\/wp-json\/wp\/v2\/media"}],"about":[{"href":"https:\/\/kilosorunum.com\/habercim\/wp-json\/wp\/v2\/types\/attachment"}],"author":[{"embeddable":true,"href":"https:\/\/kilosorunum.com\/habercim\/wp-json\/wp\/v2\/users\/2"}],"replies":[{"embeddable":true,"href":"https:\/\/kilosorunum.com\/habercim\/wp-json\/wp\/v2\/comments?post=44901"}]}}

İsrail&#8217;in Başbakanı Netanyahu

<p>İşgalci İsrail&#8217;in Başbakanı Binyamin Netanyahu, öldüğü yönünde çıkan iddiaların ardından sosyal medya üzerinden video yayınladı.<br />
Netanyahu, ABD merkezli X şirketinin sosyal medya platformundaki hesabından yaptığı paylaşımda, &#8220;öldü&#8221; iddialarına cevap verdi. Bir işletmede kahve içerken görüntülerini paylaşan Netanyahu, öldüğü iddialarını yalanladı. İsrail Başbakanı, &#8220;basın toplantısının yapay zeka ile üretildiği ve videoda altı parmağı göründüğü&#8221; iddialarına karşı ellerini havaya kaldırarak parmaklarını gösterdi.</p>
<p>İsrail halkına dışarı çıkıp temiz hava alma tavsiyesinde bulunan Netanyahu, buna karşın &#8220;korunaklı alanlara&#8221; yakın kalmaları gerektiğini söyledi. </p>
<p>Kaynak : sabah.com.tr</p>
