{"id":45062,"date":"2026-03-20T19:00:10","date_gmt":"2026-03-20T16:00:10","guid":{"rendered":"https:\/\/kilosorunum.com\/habercim\/wp-content\/uploads\/2026\/03\/kayip-fatih-aydinin-gizemli-kaybolusu-esra-erolda-1729164609588-768x432-1-1.jpg"},"modified":"2026-03-20T19:00:29","modified_gmt":"2026-03-20T16:00:29","slug":"kayip-fatih-aydinin-gizemli-kaybolusu-esra-erolda-1729164609588-768x432-1","status":"inherit","type":"attachment","link":"https:\/\/kilosorunum.com\/habercim\/foto-galeri\/esra-erol-acikladi\/attachment\/kayip-fatih-aydinin-gizemli-kaybolusu-esra-erolda-1729164609588-768x432-1\/","title":{"rendered":"Esra Erol a\u00e7\u0131klad\u0131"},"author":2,"comment_status":"open","ping_status":"closed","template":"","meta":[],"description":{"rendered":"<p class=\"attachment\"><a href='https:\/\/kilosorunum.com\/habercim\/wp-content\/uploads\/2026\/03\/kayip-fatih-aydinin-gizemli-kaybolusu-esra-erolda-1729164609588-768x432-1-1.jpg'><img width=\"300\" height=\"169\" src=\"https:\/\/kilosorunum.com\/habercim\/wp-content\/uploads\/2026\/03\/kayip-fatih-aydinin-gizemli-kaybolusu-esra-erolda-1729164609588-768x432-1-1-300x169.jpg\" class=\"attachment-medium size-medium\" alt=\"\" loading=\"lazy\" srcset=\"https:\/\/kilosorunum.com\/habercim\/wp-content\/uploads\/2026\/03\/kayip-fatih-aydinin-gizemli-kaybolusu-esra-erolda-1729164609588-768x432-1-1-300x169.jpg 300w, https:\/\/kilosorunum.com\/habercim\/wp-content\/uploads\/2026\/03\/kayip-fatih-aydinin-gizemli-kaybolusu-esra-erolda-1729164609588-768x432-1-1.jpg 768w\" sizes=\"(max-width: 300px) 100vw, 300px\" \/><\/a><\/p>\n"},"caption":{"rendered":"<p>Fatih Ayd\u0131n nas\u0131l ya\u015famdan koptu? Milyonlar\u0131n bekledi\u011fi otopsi raporu \u00e7\u0131kt\u0131 | Esra Erol a\u00e7\u0131klad\u0131.<br \/>\nHerkes annesinin bir \u015feyleri bildi\u011fini ve konu\u015fmad\u0131\u011f\u0131n\u0131 s\u00f6yl\u00fcyordu. Sonunda ger\u00e7ekler ortaya \u00e7\u0131kt\u0131. Annesi me\u011ferse\u2026<\/p>\n<p>devam\u0131 sonraki sayfada.. g\u00f6rsel \u00fczerinden do\u20192kununuz ge\u00e7ebilirsiniz\u2026<\/p>\n"},"alt_text":"","media_type":"image","mime_type":"image\/jpeg","media_details":{"width":768,"height":432,"file":"2026\/03\/kayip-fatih-aydinin-gizemli-kaybolusu-esra-erolda-1729164609588-768x432-1-1.jpg","sizes":{"medium":{"file":"kayip-fatih-aydinin-gizemli-kaybolusu-esra-erolda-1729164609588-768x432-1-1-300x169.jpg","width":300,"height":169,"mime_type":"image\/jpeg","source_url":"https:\/\/kilosorunum.com\/habercim\/wp-content\/uploads\/2026\/03\/kayip-fatih-aydinin-gizemli-kaybolusu-esra-erolda-1729164609588-768x432-1-1-300x169.jpg"},"thumbnail":{"file":"kayip-fatih-aydinin-gizemli-kaybolusu-esra-erolda-1729164609588-768x432-1-1-150x150.jpg","width":150,"height":150,"mime_type":"image\/jpeg","source_url":"https:\/\/kilosorunum.com\/habercim\/wp-content\/uploads\/2026\/03\/kayip-fatih-aydinin-gizemli-kaybolusu-esra-erolda-1729164609588-768x432-1-1-150x150.jpg"},"kucukResim":{"file":"kayip-fatih-aydinin-gizemli-kaybolusu-esra-erolda-1729164609588-768x432-1-1-80x50.jpg","width":80,"height":50,"mime_type":"image\/jpeg","source_url":"https:\/\/kilosorunum.com\/habercim\/wp-content\/uploads\/2026\/03\/kayip-fatih-aydinin-gizemli-kaybolusu-esra-erolda-1729164609588-768x432-1-1-80x50.jpg"},"sliderResim":{"file":"kayip-fatih-aydinin-gizemli-kaybolusu-esra-erolda-1729164609588-768x432-1-1-670x330.jpg","width":670,"height":330,"mime_type":"image\/jpeg","source_url":"https:\/\/kilosorunum.com\/habercim\/wp-content\/uploads\/2026\/03\/kayip-fatih-aydinin-gizemli-kaybolusu-esra-erolda-1729164609588-768x432-1-1-670x330.jpg"},"resim1":{"file":"kayip-fatih-aydinin-gizemli-kaybolusu-esra-erolda-1729164609588-768x432-1-1-184x140.jpg","width":184,"height":140,"mime_type":"image\/jpeg","source_url":"https:\/\/kilosorunum.com\/habercim\/wp-content\/uploads\/2026\/03\/kayip-fatih-aydinin-gizemli-kaybolusu-esra-erolda-1729164609588-768x432-1-1-184x140.jpg"},"resim2":{"file":"kayip-fatih-aydinin-gizemli-kaybolusu-esra-erolda-1729164609588-768x432-1-1-216x103.jpg","width":216,"height":103,"mime_type":"image\/jpeg","source_url":"https:\/\/kilosorunum.com\/habercim\/wp-content\/uploads\/2026\/03\/kayip-fatih-aydinin-gizemli-kaybolusu-esra-erolda-1729164609588-768x432-1-1-216x103.jpg"},"resim3":{"file":"kayip-fatih-aydinin-gizemli-kaybolusu-esra-erolda-1729164609588-768x432-1-1-145x70.jpg","width":145,"height":70,"mime_type":"image\/jpeg","source_url":"https:\/\/kilosorunum.com\/habercim\/wp-content\/uploads\/2026\/03\/kayip-fatih-aydinin-gizemli-kaybolusu-esra-erolda-1729164609588-768x432-1-1-145x70.jpg"},"sagSlider":{"file":"kayip-fatih-aydinin-gizemli-kaybolusu-esra-erolda-1729164609588-768x432-1-1-300x150.jpg","width":300,"height":150,"mime_type":"image\/jpeg","source_url":"https:\/\/kilosorunum.com\/habercim\/wp-content\/uploads\/2026\/03\/kayip-fatih-aydinin-gizemli-kaybolusu-esra-erolda-1729164609588-768x432-1-1-300x150.jpg"},"yeniSlider":{"file":"kayip-fatih-aydinin-gizemli-kaybolusu-esra-erolda-1729164609588-768x432-1-1-500x290.jpg","width":500,"height":290,"mime_type":"image\/jpeg","source_url":"https:\/\/kilosorunum.com\/habercim\/wp-content\/uploads\/2026\/03\/kayip-fatih-aydinin-gizemli-kaybolusu-esra-erolda-1729164609588-768x432-1-1-500x290.jpg"},"full":{"file":"kayip-fatih-aydinin-gizemli-kaybolusu-esra-erolda-1729164609588-768x432-1-1.jpg","width":768,"height":432,"mime_type":"image\/jpeg","source_url":"https:\/\/kilosorunum.com\/habercim\/wp-content\/uploads\/2026\/03\/kayip-fatih-aydinin-gizemli-kaybolusu-esra-erolda-1729164609588-768x432-1-1.jpg"}},"image_meta":{"aperture":"0","credit":"","camera":"","caption":"","created_timestamp":"0","copyright":"","focal_length":"0","iso":"0","shutter_speed":"0","title":"","orientation":"0","keywords":[]}},"post":45061,"source_url":"https:\/\/kilosorunum.com\/habercim\/wp-content\/uploads\/2026\/03\/kayip-fatih-aydinin-gizemli-kaybolusu-esra-erolda-1729164609588-768x432-1-1.jpg","_links":{"self":[{"href":"https:\/\/kilosorunum.com\/habercim\/wp-json\/wp\/v2\/media\/45062"}],"collection":[{"href":"https:\/\/kilosorunum.com\/habercim\/wp-json\/wp\/v2\/media"}],"about":[{"href":"https:\/\/kilosorunum.com\/habercim\/wp-json\/wp\/v2\/types\/attachment"}],"author":[{"embeddable":true,"href":"https:\/\/kilosorunum.com\/habercim\/wp-json\/wp\/v2\/users\/2"}],"replies":[{"embeddable":true,"href":"https:\/\/kilosorunum.com\/habercim\/wp-json\/wp\/v2\/comments?post=45062"}]}}

Esra Erol açıkladı

<p>Fatih Aydın nasıl yaşamdan koptu? Milyonların beklediği otopsi raporu çıktı | Esra Erol açıkladı.<br />
Herkes annesinin bir şeyleri bildiğini ve konuşmadığını söylüyordu. Sonunda gerçekler ortaya çıktı. Annesi meğerse…</p>
<p>devamı sonraki sayfada.. görsel üzerinden do’2kununuz geçebilirsiniz…</p>
