{"id":45128,"date":"2026-03-21T23:11:56","date_gmt":"2026-03-21T20:11:56","guid":{"rendered":"https:\/\/kilosorunum.com\/habercim\/wp-content\/uploads\/2026\/03\/1-161.jpg"},"modified":"2026-03-21T23:13:15","modified_gmt":"2026-03-21T20:13:15","slug":"1-5646","status":"inherit","type":"attachment","link":"https:\/\/kilosorunum.com\/habercim\/foto-galeri\/beyaz-saray-onunde\/attachment\/1-5646\/","title":{"rendered":"Beyaz Saray \u00f6n\u00fcnde"},"author":2,"comment_status":"open","ping_status":"closed","template":"","meta":[],"description":{"rendered":"<p class=\"attachment\"><a href='https:\/\/kilosorunum.com\/habercim\/wp-content\/uploads\/2026\/03\/1-161.jpg'><img width=\"300\" height=\"169\" src=\"https:\/\/kilosorunum.com\/habercim\/wp-content\/uploads\/2026\/03\/1-161-300x169.jpg\" class=\"attachment-medium size-medium\" alt=\"\" loading=\"lazy\" srcset=\"https:\/\/kilosorunum.com\/habercim\/wp-content\/uploads\/2026\/03\/1-161-300x169.jpg 300w, https:\/\/kilosorunum.com\/habercim\/wp-content\/uploads\/2026\/03\/1-161-1024x576.jpg 1024w, https:\/\/kilosorunum.com\/habercim\/wp-content\/uploads\/2026\/03\/1-161-768x432.jpg 768w, https:\/\/kilosorunum.com\/habercim\/wp-content\/uploads\/2026\/03\/1-161.jpg 1200w\" sizes=\"(max-width: 300px) 100vw, 300px\" \/><\/a><\/p>\n"},"caption":{"rendered":"<p>Beyaz Saray \u00f6n\u00fcnde gazetecilere a\u00e7\u0131klamalarda bulunan ABD Ba\u015fkan\u0131 Donald Trump, \u0130ran ile bir ate\u015fkes s\u00fcreciyle ilgilenmedi\u011fini s\u00f6yledi. Trump, &#8220;Ate\u015fkes yapmak istemiyorum. Kar\u015f\u0131 taraf\u0131 kelimenin tam anlam\u0131yla yok ederken ate\u015fkes yap\u0131lmaz. Sava\u015f haz\u0131r oldu\u011fumda bitecek&#8221; ifadelerini kulland\u0131.<br \/>\n\u0130srail&#8217;in sava\u015f\u0131n sona erdirilmesi konusunda kendisiyle ayn\u0131 fikirde olup olmad\u0131\u011f\u0131na dair bir soruyu yan\u0131tlayan Trump, &#8220;San\u0131r\u0131m \u00f6yle. \u0130li\u015fkimiz \u00e7ok iyi ve a\u015fa\u011f\u0131 yukar\u0131 benzer \u015feyler istiyoruz. \u0130kimiz de zafer istiyoruz ve i\u015fte bunu elde ettik&#8221; dedi.<br \/>\nH\u00fcrm\u00fcz Bo\u011faz\u0131&#8217;n\u0131n g\u00fcvenli\u011fi konusunda &#8220;\u00e7ok fazla yard\u0131ma&#8221; ihtiya\u00e7 duyuldu\u011funu kaydeden Trump; \u00c7in ve Japonya gibi \u00fclkelerin s\u00fcrece dahil olmas\u0131n\u0131n olumlu olaca\u011f\u0131n\u0131 belirtti.<\/p>\n<p>ABD&#8217;nin bu su yolunu Avrupa ve Asya \u00fclkeleri kadar yo\u011fun kullanmad\u0131\u011f\u0131n\u0131 ifade eden Trump, b\u00f6lgedeki lojistik \u00f6nemi geri plana iten bir yakla\u015f\u0131m sergiledi.<\/p>\n<p>\u0130ngiltere&#8217;ye &#8220;ge\u00e7 kal\u0131nd\u0131&#8221; ele\u015ftirisi<br \/>\n\u0130ngiltere&#8217;nin, H\u00fcrm\u00fcz Bo\u011faz\u0131&#8217;ndaki gemileri hedef alan \u0130ran f\u00fcze rampalar\u0131na y\u00f6nelik sald\u0131r\u0131larda \u00fcslerini ABD kullan\u0131m\u0131na a\u00e7ma karar\u0131n\u0131 de\u011ferlendiren Trump, bu hamleyi &#8220;\u00e7ok ge\u00e7 bir yan\u0131t&#8221; olarak nitelendirdi.<\/p>\n<p>Trump, &#8220;\u0130ngiltere&#8217;nin bu tavr\u0131na \u015fa\u015f\u0131rd\u0131m, \u00e7ok daha h\u0131zl\u0131 hareket etmeleri gerekirdi,&#8221; diyerek m\u00fcttefikini ele\u015ftirdi.<\/p>\n<p>Kaynak : trthaber.com<\/p>\n"},"alt_text":"","media_type":"image","mime_type":"image\/jpeg","media_details":{"width":1200,"height":675,"file":"2026\/03\/1-161.jpg","sizes":{"medium":{"file":"1-161-300x169.jpg","width":300,"height":169,"mime_type":"image\/jpeg","source_url":"https:\/\/kilosorunum.com\/habercim\/wp-content\/uploads\/2026\/03\/1-161-300x169.jpg"},"large":{"file":"1-161-1024x576.jpg","width":1024,"height":576,"mime_type":"image\/jpeg","source_url":"https:\/\/kilosorunum.com\/habercim\/wp-content\/uploads\/2026\/03\/1-161-1024x576.jpg"},"thumbnail":{"file":"1-161-150x150.jpg","width":150,"height":150,"mime_type":"image\/jpeg","source_url":"https:\/\/kilosorunum.com\/habercim\/wp-content\/uploads\/2026\/03\/1-161-150x150.jpg"},"medium_large":{"file":"1-161-768x432.jpg","width":768,"height":432,"mime_type":"image\/jpeg","source_url":"https:\/\/kilosorunum.com\/habercim\/wp-content\/uploads\/2026\/03\/1-161-768x432.jpg"},"kucukResim":{"file":"1-161-80x50.jpg","width":80,"height":50,"mime_type":"image\/jpeg","source_url":"https:\/\/kilosorunum.com\/habercim\/wp-content\/uploads\/2026\/03\/1-161-80x50.jpg"},"sliderResim":{"file":"1-161-670x330.jpg","width":670,"height":330,"mime_type":"image\/jpeg","source_url":"https:\/\/kilosorunum.com\/habercim\/wp-content\/uploads\/2026\/03\/1-161-670x330.jpg"},"resim1":{"file":"1-161-184x140.jpg","width":184,"height":140,"mime_type":"image\/jpeg","source_url":"https:\/\/kilosorunum.com\/habercim\/wp-content\/uploads\/2026\/03\/1-161-184x140.jpg"},"resim2":{"file":"1-161-216x103.jpg","width":216,"height":103,"mime_type":"image\/jpeg","source_url":"https:\/\/kilosorunum.com\/habercim\/wp-content\/uploads\/2026\/03\/1-161-216x103.jpg"},"resim3":{"file":"1-161-145x70.jpg","width":145,"height":70,"mime_type":"image\/jpeg","source_url":"https:\/\/kilosorunum.com\/habercim\/wp-content\/uploads\/2026\/03\/1-161-145x70.jpg"},"sagSlider":{"file":"1-161-300x150.jpg","width":300,"height":150,"mime_type":"image\/jpeg","source_url":"https:\/\/kilosorunum.com\/habercim\/wp-content\/uploads\/2026\/03\/1-161-300x150.jpg"},"yeniSlider":{"file":"1-161-500x290.jpg","width":500,"height":290,"mime_type":"image\/jpeg","source_url":"https:\/\/kilosorunum.com\/habercim\/wp-content\/uploads\/2026\/03\/1-161-500x290.jpg"},"full":{"file":"1-161.jpg","width":1200,"height":675,"mime_type":"image\/jpeg","source_url":"https:\/\/kilosorunum.com\/habercim\/wp-content\/uploads\/2026\/03\/1-161.jpg"}},"image_meta":{"aperture":"0","credit":"","camera":"","caption":"","created_timestamp":"0","copyright":"","focal_length":"0","iso":"0","shutter_speed":"0","title":"","orientation":"0","keywords":[]}},"post":45126,"source_url":"https:\/\/kilosorunum.com\/habercim\/wp-content\/uploads\/2026\/03\/1-161.jpg","_links":{"self":[{"href":"https:\/\/kilosorunum.com\/habercim\/wp-json\/wp\/v2\/media\/45128"}],"collection":[{"href":"https:\/\/kilosorunum.com\/habercim\/wp-json\/wp\/v2\/media"}],"about":[{"href":"https:\/\/kilosorunum.com\/habercim\/wp-json\/wp\/v2\/types\/attachment"}],"author":[{"embeddable":true,"href":"https:\/\/kilosorunum.com\/habercim\/wp-json\/wp\/v2\/users\/2"}],"replies":[{"embeddable":true,"href":"https:\/\/kilosorunum.com\/habercim\/wp-json\/wp\/v2\/comments?post=45128"}]}}

Beyaz Saray önünde

<p>Beyaz Saray önünde gazetecilere açıklamalarda bulunan ABD Başkanı Donald Trump, İran ile bir ateşkes süreciyle ilgilenmediğini söyledi. Trump, &#8220;Ateşkes yapmak istemiyorum. Karşı tarafı kelimenin tam anlamıyla yok ederken ateşkes yapılmaz. Savaş hazır olduğumda bitecek&#8221; ifadelerini kullandı.<br />
İsrail&#8217;in savaşın sona erdirilmesi konusunda kendisiyle aynı fikirde olup olmadığına dair bir soruyu yanıtlayan Trump, &#8220;Sanırım öyle. İlişkimiz çok iyi ve aşağı yukarı benzer şeyler istiyoruz. İkimiz de zafer istiyoruz ve işte bunu elde ettik&#8221; dedi.<br />
Hürmüz Boğazı&#8217;nın güvenliği konusunda &#8220;çok fazla yardıma&#8221; ihtiyaç duyulduğunu kaydeden Trump; Çin ve Japonya gibi ülkelerin sürece dahil olmasının olumlu olacağını belirtti.</p>
<p>ABD&#8217;nin bu su yolunu Avrupa ve Asya ülkeleri kadar yoğun kullanmadığını ifade eden Trump, bölgedeki lojistik önemi geri plana iten bir yaklaşım sergiledi.</p>
<p>İngiltere&#8217;ye &#8220;geç kalındı&#8221; eleştirisi<br />
İngiltere&#8217;nin, Hürmüz Boğazı&#8217;ndaki gemileri hedef alan İran füze rampalarına yönelik saldırılarda üslerini ABD kullanımına açma kararını değerlendiren Trump, bu hamleyi &#8220;çok geç bir yanıt&#8221; olarak nitelendirdi.</p>
<p>Trump, &#8220;İngiltere&#8217;nin bu tavrına şaşırdım, çok daha hızlı hareket etmeleri gerekirdi,&#8221; diyerek müttefikini eleştirdi.</p>
<p>Kaynak : trthaber.com</p>
