{"id":45257,"date":"2026-03-25T22:32:54","date_gmt":"2026-03-25T19:32:54","guid":{"rendered":"https:\/\/kilosorunum.com\/habercim\/wp-content\/uploads\/2026\/03\/pakistanli-general-destegini-acikca-ifade-etti-19674219-7527-amp-1774202079.webp"},"modified":"2026-03-25T22:33:53","modified_gmt":"2026-03-25T19:33:53","slug":"pakistanli-general-destegini-acikca-ifade-etti-19674219-7527-amp-1774202079","status":"inherit","type":"attachment","link":"https:\/\/kilosorunum.com\/habercim\/foto-galeri\/pakistanli-general\/attachment\/pakistanli-general-destegini-acikca-ifade-etti-19674219-7527-amp-1774202079\/","title":{"rendered":"Pakistanl\u0131 general"},"author":2,"comment_status":"open","ping_status":"closed","template":"","meta":[],"description":{"rendered":"<p class=\"attachment\"><a href='https:\/\/kilosorunum.com\/habercim\/wp-content\/uploads\/2026\/03\/pakistanli-general-destegini-acikca-ifade-etti-19674219-7527-amp-1774202079.webp'><img width=\"300\" height=\"169\" src=\"https:\/\/kilosorunum.com\/habercim\/wp-content\/uploads\/2026\/03\/pakistanli-general-destegini-acikca-ifade-etti-19674219-7527-amp-1774202079-300x169.webp\" class=\"attachment-medium size-medium\" alt=\"\" loading=\"lazy\" srcset=\"https:\/\/kilosorunum.com\/habercim\/wp-content\/uploads\/2026\/03\/pakistanli-general-destegini-acikca-ifade-etti-19674219-7527-amp-1774202079-300x169.webp 300w, https:\/\/kilosorunum.com\/habercim\/wp-content\/uploads\/2026\/03\/pakistanli-general-destegini-acikca-ifade-etti-19674219-7527-amp-1774202079-1024x576.webp 1024w, https:\/\/kilosorunum.com\/habercim\/wp-content\/uploads\/2026\/03\/pakistanli-general-destegini-acikca-ifade-etti-19674219-7527-amp-1774202079-768x432.webp 768w, https:\/\/kilosorunum.com\/habercim\/wp-content\/uploads\/2026\/03\/pakistanli-general-destegini-acikca-ifade-etti-19674219-7527-amp-1774202079.webp 1280w\" sizes=\"(max-width: 300px) 100vw, 300px\" \/><\/a><\/p>\n"},"caption":{"rendered":"<p>Pakistanl\u0131 general T\u00fcrkiye hakk\u0131nda a\u00e7\u0131klamalarda bulundu. S\u00f6zler d\u00fcnya genelinde g\u00fcndem oldu. Kimse bunu beklemiyordu&#8230;<\/p>\n<p>devam\u0131 sonraki sayfada&#8230; g\u00f6rsel \u00fczerinden do2&#8217;kununuz ge\u00e7ebilirsiniz&#8230;<\/p>\n"},"alt_text":"","media_type":"image","mime_type":"image\/webp","media_details":{"width":1280,"height":720,"file":"2026\/03\/pakistanli-general-destegini-acikca-ifade-etti-19674219-7527-amp-1774202079.webp","sizes":{"medium":{"file":"pakistanli-general-destegini-acikca-ifade-etti-19674219-7527-amp-1774202079-300x169.webp","width":300,"height":169,"mime_type":"image\/webp","source_url":"https:\/\/kilosorunum.com\/habercim\/wp-content\/uploads\/2026\/03\/pakistanli-general-destegini-acikca-ifade-etti-19674219-7527-amp-1774202079-300x169.webp"},"large":{"file":"pakistanli-general-destegini-acikca-ifade-etti-19674219-7527-amp-1774202079-1024x576.webp","width":1024,"height":576,"mime_type":"image\/webp","source_url":"https:\/\/kilosorunum.com\/habercim\/wp-content\/uploads\/2026\/03\/pakistanli-general-destegini-acikca-ifade-etti-19674219-7527-amp-1774202079-1024x576.webp"},"thumbnail":{"file":"pakistanli-general-destegini-acikca-ifade-etti-19674219-7527-amp-1774202079-150x150.webp","width":150,"height":150,"mime_type":"image\/webp","source_url":"https:\/\/kilosorunum.com\/habercim\/wp-content\/uploads\/2026\/03\/pakistanli-general-destegini-acikca-ifade-etti-19674219-7527-amp-1774202079-150x150.webp"},"medium_large":{"file":"pakistanli-general-destegini-acikca-ifade-etti-19674219-7527-amp-1774202079-768x432.webp","width":768,"height":432,"mime_type":"image\/webp","source_url":"https:\/\/kilosorunum.com\/habercim\/wp-content\/uploads\/2026\/03\/pakistanli-general-destegini-acikca-ifade-etti-19674219-7527-amp-1774202079-768x432.webp"},"kucukResim":{"file":"pakistanli-general-destegini-acikca-ifade-etti-19674219-7527-amp-1774202079-80x50.webp","width":80,"height":50,"mime_type":"image\/webp","source_url":"https:\/\/kilosorunum.com\/habercim\/wp-content\/uploads\/2026\/03\/pakistanli-general-destegini-acikca-ifade-etti-19674219-7527-amp-1774202079-80x50.webp"},"sliderResim":{"file":"pakistanli-general-destegini-acikca-ifade-etti-19674219-7527-amp-1774202079-670x330.webp","width":670,"height":330,"mime_type":"image\/webp","source_url":"https:\/\/kilosorunum.com\/habercim\/wp-content\/uploads\/2026\/03\/pakistanli-general-destegini-acikca-ifade-etti-19674219-7527-amp-1774202079-670x330.webp"},"resim1":{"file":"pakistanli-general-destegini-acikca-ifade-etti-19674219-7527-amp-1774202079-184x140.webp","width":184,"height":140,"mime_type":"image\/webp","source_url":"https:\/\/kilosorunum.com\/habercim\/wp-content\/uploads\/2026\/03\/pakistanli-general-destegini-acikca-ifade-etti-19674219-7527-amp-1774202079-184x140.webp"},"resim2":{"file":"pakistanli-general-destegini-acikca-ifade-etti-19674219-7527-amp-1774202079-216x103.webp","width":216,"height":103,"mime_type":"image\/webp","source_url":"https:\/\/kilosorunum.com\/habercim\/wp-content\/uploads\/2026\/03\/pakistanli-general-destegini-acikca-ifade-etti-19674219-7527-amp-1774202079-216x103.webp"},"resim3":{"file":"pakistanli-general-destegini-acikca-ifade-etti-19674219-7527-amp-1774202079-145x70.webp","width":145,"height":70,"mime_type":"image\/webp","source_url":"https:\/\/kilosorunum.com\/habercim\/wp-content\/uploads\/2026\/03\/pakistanli-general-destegini-acikca-ifade-etti-19674219-7527-amp-1774202079-145x70.webp"},"sagSlider":{"file":"pakistanli-general-destegini-acikca-ifade-etti-19674219-7527-amp-1774202079-300x150.webp","width":300,"height":150,"mime_type":"image\/webp","source_url":"https:\/\/kilosorunum.com\/habercim\/wp-content\/uploads\/2026\/03\/pakistanli-general-destegini-acikca-ifade-etti-19674219-7527-amp-1774202079-300x150.webp"},"yeniSlider":{"file":"pakistanli-general-destegini-acikca-ifade-etti-19674219-7527-amp-1774202079-500x290.webp","width":500,"height":290,"mime_type":"image\/webp","source_url":"https:\/\/kilosorunum.com\/habercim\/wp-content\/uploads\/2026\/03\/pakistanli-general-destegini-acikca-ifade-etti-19674219-7527-amp-1774202079-500x290.webp"},"full":{"file":"pakistanli-general-destegini-acikca-ifade-etti-19674219-7527-amp-1774202079.webp","width":1280,"height":720,"mime_type":"image\/webp","source_url":"https:\/\/kilosorunum.com\/habercim\/wp-content\/uploads\/2026\/03\/pakistanli-general-destegini-acikca-ifade-etti-19674219-7527-amp-1774202079.webp"}},"image_meta":{"aperture":"0","credit":"","camera":"","caption":"","created_timestamp":"0","copyright":"","focal_length":"0","iso":"0","shutter_speed":"0","title":"","orientation":"0","keywords":[]}},"post":45256,"source_url":"https:\/\/kilosorunum.com\/habercim\/wp-content\/uploads\/2026\/03\/pakistanli-general-destegini-acikca-ifade-etti-19674219-7527-amp-1774202079.webp","_links":{"self":[{"href":"https:\/\/kilosorunum.com\/habercim\/wp-json\/wp\/v2\/media\/45257"}],"collection":[{"href":"https:\/\/kilosorunum.com\/habercim\/wp-json\/wp\/v2\/media"}],"about":[{"href":"https:\/\/kilosorunum.com\/habercim\/wp-json\/wp\/v2\/types\/attachment"}],"author":[{"embeddable":true,"href":"https:\/\/kilosorunum.com\/habercim\/wp-json\/wp\/v2\/users\/2"}],"replies":[{"embeddable":true,"href":"https:\/\/kilosorunum.com\/habercim\/wp-json\/wp\/v2\/comments?post=45257"}]}}

Pakistanlı general

<p>Pakistanlı general Türkiye hakkında açıklamalarda bulundu. Sözler dünya genelinde gündem oldu. Kimse bunu beklemiyordu&#8230;</p>
<p>devamı sonraki sayfada&#8230; görsel üzerinden do2&#8217;kununuz geçebilirsiniz&#8230;</p>
