{"id":45638,"date":"2026-04-03T16:28:02","date_gmt":"2026-04-03T13:28:02","guid":{"rendered":"https:\/\/kilosorunum.com\/habercim\/wp-content\/uploads\/2026\/04\/1-10.jpg"},"modified":"2026-04-03T16:30:25","modified_gmt":"2026-04-03T13:30:25","slug":"1-5745","status":"inherit","type":"attachment","link":"https:\/\/kilosorunum.com\/habercim\/foto-galeri\/yargitay\/attachment\/1-5745\/","title":{"rendered":"Yarg\u0131tay"},"author":2,"comment_status":"open","ping_status":"closed","template":"","meta":[],"description":{"rendered":"<p class=\"attachment\"><a href='https:\/\/kilosorunum.com\/habercim\/wp-content\/uploads\/2026\/04\/1-10.jpg'><img width=\"300\" height=\"169\" src=\"https:\/\/kilosorunum.com\/habercim\/wp-content\/uploads\/2026\/04\/1-10-300x169.jpg\" class=\"attachment-medium size-medium\" alt=\"\" loading=\"lazy\" srcset=\"https:\/\/kilosorunum.com\/habercim\/wp-content\/uploads\/2026\/04\/1-10-300x169.jpg 300w, https:\/\/kilosorunum.com\/habercim\/wp-content\/uploads\/2026\/04\/1-10-1024x576.jpg 1024w, https:\/\/kilosorunum.com\/habercim\/wp-content\/uploads\/2026\/04\/1-10-768x432.jpg 768w, https:\/\/kilosorunum.com\/habercim\/wp-content\/uploads\/2026\/04\/1-10.jpg 1200w\" sizes=\"(max-width: 300px) 100vw, 300px\" \/><\/a><\/p>\n"},"caption":{"rendered":"<p>Emekli olduktan sonra \u00e7al\u0131\u015fan herkesi ilgilendiriyor. Yarg\u0131tay bu konuyla ilgili emsal karar verdi. Olayda, emekli olduktan sonra bir i\u015f yerinde 6 y\u0131l boyunca kesintisiz \u00e7al\u0131\u015fan bir boyac\u0131 ustas\u0131, sigorta primlerinin baz\u0131 aylarda sadece 10 g\u00fcn \u00fczerinden yat\u0131r\u0131ld\u0131\u011f\u0131n\u0131 fark etti.<br \/>\nGer\u00e7ek \u00e7al\u0131\u015fma s\u00fcrelerinin ve maa\u015f\u0131n\u0131n tespiti i\u00e7in dava a\u00e7an i\u015f\u00e7iye ilk derece mahkemesi hak verdi.<\/p>\n<p>\u0130ST\u0130NAFIN &#8216;YARARI YOK&#8217; KARARINI YARGITAY BOZDU<br \/>\nDava s\u00fcrecinde \u0130stinaf Mahkemesi, &#8220;\u0130\u015f\u00e7i zaten emekli, bu davan\u0131n sonucunda emekli maa\u015f\u0131 artmayacak, dolay\u0131s\u0131yla hukuki bir yarar\u0131 yoktur&#8221; diyerek davay\u0131 reddetmi\u015fti. Ancak dosya Yarg\u0131tay\u2019a ta\u015f\u0131n\u0131nca \u00fcst mahkemeden cevap geldi.<br \/>\nS\u0130GORTA SADECE EMEKL\u0130 MAA\u015eI DEMEK DE\u011e\u0130LD\u0130R<br \/>\nYarg\u0131tay, sigorta primlerinin tam yat\u0131r\u0131lmas\u0131n\u0131n sadece emekli maa\u015f\u0131yla s\u0131n\u0131rl\u0131 olmad\u0131\u011f\u0131n\u0131 vurgulad\u0131.<br \/>\nKararda \u015fu noktalar\u0131n alt\u0131 \u00e7izildi:<\/p>\n<p>\u0130\u015f kazas\u0131 ve meslek hastal\u0131\u011f\u0131: Olas\u0131 bir kazada sigortal\u0131 g\u00fcn say\u0131s\u0131 hayati \u00f6nem ta\u015f\u0131r.<\/p>\n<p>Tazminat hesaplamas\u0131: K\u0131dem ve ihbar tazminatlar\u0131 ile y\u0131ll\u0131k izin \u00fccretleri, SGK\u2019ya bildirilen ger\u00e7ek g\u00fcn ve maa\u015f \u00fczerinden hesaplan\u0131r.<\/p>\n<p>Kay\u0131t d\u0131\u015f\u0131 \u00e7al\u0131\u015fma: Yarg\u0131 yoluyla kay\u0131t d\u0131\u015f\u0131 \u00e7al\u0131\u015fmaya asla onay verilemez.<\/p>\n<p>TAZM\u0130NATINIZI YAKMAYIN!<br \/>\nBu karar ile emekli olup \u00e7al\u0131\u015fmaya devam edenlerin &#8220;g\u00fcncel bir yarar\u0131&#8221; oldu\u011fu tescillemi\u015f oldu. Sigortas\u0131 eksik g\u00f6sterilen emekli \u00e7al\u0131\u015fanlar art\u0131k tespit davas\u0131 a\u00e7arak hem eksik g\u00fcnlerini tamamlatabilecek hem de i\u015ften ayr\u0131l\u0131rken tazminatlar\u0131n\u0131 ger\u00e7ek \u00e7al\u0131\u015fma s\u00fcreleri \u00fczerinden tam olarak alabilecek.<\/p>\n<p>Kaynak : finans.mynet.com<\/p>\n"},"alt_text":"","media_type":"image","mime_type":"image\/jpeg","media_details":{"width":1200,"height":675,"file":"2026\/04\/1-10.jpg","sizes":{"medium":{"file":"1-10-300x169.jpg","width":300,"height":169,"mime_type":"image\/jpeg","source_url":"https:\/\/kilosorunum.com\/habercim\/wp-content\/uploads\/2026\/04\/1-10-300x169.jpg"},"large":{"file":"1-10-1024x576.jpg","width":1024,"height":576,"mime_type":"image\/jpeg","source_url":"https:\/\/kilosorunum.com\/habercim\/wp-content\/uploads\/2026\/04\/1-10-1024x576.jpg"},"thumbnail":{"file":"1-10-150x150.jpg","width":150,"height":150,"mime_type":"image\/jpeg","source_url":"https:\/\/kilosorunum.com\/habercim\/wp-content\/uploads\/2026\/04\/1-10-150x150.jpg"},"medium_large":{"file":"1-10-768x432.jpg","width":768,"height":432,"mime_type":"image\/jpeg","source_url":"https:\/\/kilosorunum.com\/habercim\/wp-content\/uploads\/2026\/04\/1-10-768x432.jpg"},"kucukResim":{"file":"1-10-80x50.jpg","width":80,"height":50,"mime_type":"image\/jpeg","source_url":"https:\/\/kilosorunum.com\/habercim\/wp-content\/uploads\/2026\/04\/1-10-80x50.jpg"},"sliderResim":{"file":"1-10-670x330.jpg","width":670,"height":330,"mime_type":"image\/jpeg","source_url":"https:\/\/kilosorunum.com\/habercim\/wp-content\/uploads\/2026\/04\/1-10-670x330.jpg"},"resim1":{"file":"1-10-184x140.jpg","width":184,"height":140,"mime_type":"image\/jpeg","source_url":"https:\/\/kilosorunum.com\/habercim\/wp-content\/uploads\/2026\/04\/1-10-184x140.jpg"},"resim2":{"file":"1-10-216x103.jpg","width":216,"height":103,"mime_type":"image\/jpeg","source_url":"https:\/\/kilosorunum.com\/habercim\/wp-content\/uploads\/2026\/04\/1-10-216x103.jpg"},"resim3":{"file":"1-10-145x70.jpg","width":145,"height":70,"mime_type":"image\/jpeg","source_url":"https:\/\/kilosorunum.com\/habercim\/wp-content\/uploads\/2026\/04\/1-10-145x70.jpg"},"sagSlider":{"file":"1-10-300x150.jpg","width":300,"height":150,"mime_type":"image\/jpeg","source_url":"https:\/\/kilosorunum.com\/habercim\/wp-content\/uploads\/2026\/04\/1-10-300x150.jpg"},"yeniSlider":{"file":"1-10-500x290.jpg","width":500,"height":290,"mime_type":"image\/jpeg","source_url":"https:\/\/kilosorunum.com\/habercim\/wp-content\/uploads\/2026\/04\/1-10-500x290.jpg"},"full":{"file":"1-10.jpg","width":1200,"height":675,"mime_type":"image\/jpeg","source_url":"https:\/\/kilosorunum.com\/habercim\/wp-content\/uploads\/2026\/04\/1-10.jpg"}},"image_meta":{"aperture":"0","credit":"","camera":"","caption":"","created_timestamp":"0","copyright":"","focal_length":"0","iso":"0","shutter_speed":"0","title":"","orientation":"0","keywords":[]}},"post":45636,"source_url":"https:\/\/kilosorunum.com\/habercim\/wp-content\/uploads\/2026\/04\/1-10.jpg","_links":{"self":[{"href":"https:\/\/kilosorunum.com\/habercim\/wp-json\/wp\/v2\/media\/45638"}],"collection":[{"href":"https:\/\/kilosorunum.com\/habercim\/wp-json\/wp\/v2\/media"}],"about":[{"href":"https:\/\/kilosorunum.com\/habercim\/wp-json\/wp\/v2\/types\/attachment"}],"author":[{"embeddable":true,"href":"https:\/\/kilosorunum.com\/habercim\/wp-json\/wp\/v2\/users\/2"}],"replies":[{"embeddable":true,"href":"https:\/\/kilosorunum.com\/habercim\/wp-json\/wp\/v2\/comments?post=45638"}]}}

Yargıtay

<p>Emekli olduktan sonra çalışan herkesi ilgilendiriyor. Yargıtay bu konuyla ilgili emsal karar verdi. Olayda, emekli olduktan sonra bir iş yerinde 6 yıl boyunca kesintisiz çalışan bir boyacı ustası, sigorta primlerinin bazı aylarda sadece 10 gün üzerinden yatırıldığını fark etti.<br />
Gerçek çalışma sürelerinin ve maaşının tespiti için dava açan işçiye ilk derece mahkemesi hak verdi.</p>
<p>İSTİNAFIN &#8216;YARARI YOK&#8217; KARARINI YARGITAY BOZDU<br />
Dava sürecinde İstinaf Mahkemesi, &#8220;İşçi zaten emekli, bu davanın sonucunda emekli maaşı artmayacak, dolayısıyla hukuki bir yararı yoktur&#8221; diyerek davayı reddetmişti. Ancak dosya Yargıtay’a taşınınca üst mahkemeden cevap geldi.<br />
SİGORTA SADECE EMEKLİ MAAŞI DEMEK DEĞİLDİR<br />
Yargıtay, sigorta primlerinin tam yatırılmasının sadece emekli maaşıyla sınırlı olmadığını vurguladı.<br />
Kararda şu noktaların altı çizildi:</p>
<p>İş kazası ve meslek hastalığı: Olası bir kazada sigortalı gün sayısı hayati önem taşır.</p>
<p>Tazminat hesaplaması: Kıdem ve ihbar tazminatları ile yıllık izin ücretleri, SGK’ya bildirilen gerçek gün ve maaş üzerinden hesaplanır.</p>
<p>Kayıt dışı çalışma: Yargı yoluyla kayıt dışı çalışmaya asla onay verilemez.</p>
<p>TAZMİNATINIZI YAKMAYIN!<br />
Bu karar ile emekli olup çalışmaya devam edenlerin &#8220;güncel bir yararı&#8221; olduğu tescillemiş oldu. Sigortası eksik gösterilen emekli çalışanlar artık tespit davası açarak hem eksik günlerini tamamlatabilecek hem de işten ayrılırken tazminatlarını gerçek çalışma süreleri üzerinden tam olarak alabilecek.</p>
<p>Kaynak : finans.mynet.com</p>
