{"id":45670,"date":"2026-04-04T01:03:48","date_gmt":"2026-04-03T22:03:48","guid":{"rendered":"https:\/\/kilosorunum.com\/habercim\/wp-content\/uploads\/2026\/04\/1-18.jpg"},"modified":"2026-04-04T01:06:30","modified_gmt":"2026-04-03T22:06:30","slug":"1-5753","status":"inherit","type":"attachment","link":"https:\/\/kilosorunum.com\/habercim\/foto-galeri\/anadoluya-ulasiyor\/attachment\/1-5753\/","title":{"rendered":"Anadolu\u2019ya ula\u015f\u0131yor"},"author":2,"comment_status":"open","ping_status":"closed","template":"","meta":[],"description":{"rendered":"<p class=\"attachment\"><a href='https:\/\/kilosorunum.com\/habercim\/wp-content\/uploads\/2026\/04\/1-18.jpg'><img width=\"300\" height=\"169\" src=\"https:\/\/kilosorunum.com\/habercim\/wp-content\/uploads\/2026\/04\/1-18-300x169.jpg\" class=\"attachment-medium size-medium\" alt=\"\" loading=\"lazy\" srcset=\"https:\/\/kilosorunum.com\/habercim\/wp-content\/uploads\/2026\/04\/1-18-300x169.jpg 300w, https:\/\/kilosorunum.com\/habercim\/wp-content\/uploads\/2026\/04\/1-18-1024x576.jpg 1024w, https:\/\/kilosorunum.com\/habercim\/wp-content\/uploads\/2026\/04\/1-18-768x432.jpg 768w, https:\/\/kilosorunum.com\/habercim\/wp-content\/uploads\/2026\/04\/1-18.jpg 1200w\" sizes=\"(max-width: 300px) 100vw, 300px\" \/><\/a><\/p>\n"},"caption":{"rendered":"<p>Girit Adas\u0131&#8217;nda g\u00f6ky\u00fcz\u00fcn\u00fc k\u0131z\u0131la boyayan \u00e7\u00f6l tozlar\u0131, T\u00fcrkiye&#8217;de de etkili olacak. Bug\u00fcn bir\u00e7ok \u015fehirde \u00e7amur ya\u011fmas\u0131 bekleniyor.<br \/>\nYunanistan&#8217;\u0131n Girit Adas\u0131&#8217;nda g\u00f6ky\u00fcz\u00fc, Afrika&#8217;dan gelen \u00e7\u00f6l tozlar\u0131n\u0131n etkisiyle k\u0131z\u0131la boyand\u0131.<\/p>\n<p>\u00c7\u00f6l tozlar\u0131n\u0131n bug\u00fcn T\u00fcrkiye&#8217;ye ula\u015fmas\u0131 bekleniyor.<\/p>\n<p>Meteoroloji Genel M\u00fcd\u00fcrl\u00fc\u011f\u00fc&#8217;n\u00fcn son tahminlerine g\u00f6re, iki b\u00f6lgedeki \u015fehirlerde \u00e7amur \u015feklinde ya\u011f\u0131\u015f g\u00f6r\u00fclecek. Sosyal medyada kullan\u0131c\u0131lar\u0131n payla\u015ft\u0131\u011f\u0131 g\u00f6r\u00fcnt\u00fclerde \u00f6zellikle Antalya ve Adana gibi g\u00fcney illerinde g\u00f6ky\u00fcz\u00fcn\u00fcn turuncuya boyand\u0131\u011f\u0131 g\u00f6r\u00fcl\u00fcyor.<\/p>\n<p>Bu olay, \u00f6zellikle Sahra \u00c7\u00f6l\u00fc ba\u015fta olmak \u00fczere Kuzey Afrika\u2019daki kurak b\u00f6lgelerden kalkan tozlar\u0131n binlerce kilometre ta\u015f\u0131narak Anadolu\u2019ya ula\u015fmas\u0131yla meydana geliyor.<\/p>\n<p>Bu toz ta\u015f\u0131n\u0131m\u0131 \u00f6zellikle ast\u0131m hastalar\u0131nda sa\u011fl\u0131k sorunlar\u0131na neden olup, kirli hava gibi alg\u0131lansa da, bu tozlar\u0131n hem do\u011fa hem de iklim sistemi a\u00e7\u0131s\u0131ndan \u00f6nemli i\u015flevleri var. <\/p>\n"},"alt_text":"","media_type":"image","mime_type":"image\/jpeg","media_details":{"width":1200,"height":675,"file":"2026\/04\/1-18.jpg","sizes":{"medium":{"file":"1-18-300x169.jpg","width":300,"height":169,"mime_type":"image\/jpeg","source_url":"https:\/\/kilosorunum.com\/habercim\/wp-content\/uploads\/2026\/04\/1-18-300x169.jpg"},"large":{"file":"1-18-1024x576.jpg","width":1024,"height":576,"mime_type":"image\/jpeg","source_url":"https:\/\/kilosorunum.com\/habercim\/wp-content\/uploads\/2026\/04\/1-18-1024x576.jpg"},"thumbnail":{"file":"1-18-150x150.jpg","width":150,"height":150,"mime_type":"image\/jpeg","source_url":"https:\/\/kilosorunum.com\/habercim\/wp-content\/uploads\/2026\/04\/1-18-150x150.jpg"},"medium_large":{"file":"1-18-768x432.jpg","width":768,"height":432,"mime_type":"image\/jpeg","source_url":"https:\/\/kilosorunum.com\/habercim\/wp-content\/uploads\/2026\/04\/1-18-768x432.jpg"},"kucukResim":{"file":"1-18-80x50.jpg","width":80,"height":50,"mime_type":"image\/jpeg","source_url":"https:\/\/kilosorunum.com\/habercim\/wp-content\/uploads\/2026\/04\/1-18-80x50.jpg"},"sliderResim":{"file":"1-18-670x330.jpg","width":670,"height":330,"mime_type":"image\/jpeg","source_url":"https:\/\/kilosorunum.com\/habercim\/wp-content\/uploads\/2026\/04\/1-18-670x330.jpg"},"resim1":{"file":"1-18-184x140.jpg","width":184,"height":140,"mime_type":"image\/jpeg","source_url":"https:\/\/kilosorunum.com\/habercim\/wp-content\/uploads\/2026\/04\/1-18-184x140.jpg"},"resim2":{"file":"1-18-216x103.jpg","width":216,"height":103,"mime_type":"image\/jpeg","source_url":"https:\/\/kilosorunum.com\/habercim\/wp-content\/uploads\/2026\/04\/1-18-216x103.jpg"},"resim3":{"file":"1-18-145x70.jpg","width":145,"height":70,"mime_type":"image\/jpeg","source_url":"https:\/\/kilosorunum.com\/habercim\/wp-content\/uploads\/2026\/04\/1-18-145x70.jpg"},"sagSlider":{"file":"1-18-300x150.jpg","width":300,"height":150,"mime_type":"image\/jpeg","source_url":"https:\/\/kilosorunum.com\/habercim\/wp-content\/uploads\/2026\/04\/1-18-300x150.jpg"},"yeniSlider":{"file":"1-18-500x290.jpg","width":500,"height":290,"mime_type":"image\/jpeg","source_url":"https:\/\/kilosorunum.com\/habercim\/wp-content\/uploads\/2026\/04\/1-18-500x290.jpg"},"full":{"file":"1-18.jpg","width":1200,"height":675,"mime_type":"image\/jpeg","source_url":"https:\/\/kilosorunum.com\/habercim\/wp-content\/uploads\/2026\/04\/1-18.jpg"}},"image_meta":{"aperture":"0","credit":"","camera":"","caption":"","created_timestamp":"0","copyright":"","focal_length":"0","iso":"0","shutter_speed":"0","title":"","orientation":"0","keywords":[]}},"post":45668,"source_url":"https:\/\/kilosorunum.com\/habercim\/wp-content\/uploads\/2026\/04\/1-18.jpg","_links":{"self":[{"href":"https:\/\/kilosorunum.com\/habercim\/wp-json\/wp\/v2\/media\/45670"}],"collection":[{"href":"https:\/\/kilosorunum.com\/habercim\/wp-json\/wp\/v2\/media"}],"about":[{"href":"https:\/\/kilosorunum.com\/habercim\/wp-json\/wp\/v2\/types\/attachment"}],"author":[{"embeddable":true,"href":"https:\/\/kilosorunum.com\/habercim\/wp-json\/wp\/v2\/users\/2"}],"replies":[{"embeddable":true,"href":"https:\/\/kilosorunum.com\/habercim\/wp-json\/wp\/v2\/comments?post=45670"}]}}

Anadolu’ya ulaşıyor

<p>Girit Adası&#8217;nda gökyüzünü kızıla boyayan çöl tozları, Türkiye&#8217;de de etkili olacak. Bugün birçok şehirde çamur yağması bekleniyor.<br />
Yunanistan&#8217;ın Girit Adası&#8217;nda gökyüzü, Afrika&#8217;dan gelen çöl tozlarının etkisiyle kızıla boyandı.</p>
<p>Çöl tozlarının bugün Türkiye&#8217;ye ulaşması bekleniyor.</p>
<p>Meteoroloji Genel Müdürlüğü&#8217;nün son tahminlerine göre, iki bölgedeki şehirlerde çamur şeklinde yağış görülecek. Sosyal medyada kullanıcıların paylaştığı görüntülerde özellikle Antalya ve Adana gibi güney illerinde gökyüzünün turuncuya boyandığı görülüyor.</p>
<p>Bu olay, özellikle Sahra Çölü başta olmak üzere Kuzey Afrika’daki kurak bölgelerden kalkan tozların binlerce kilometre taşınarak Anadolu’ya ulaşmasıyla meydana geliyor.</p>
<p>Bu toz taşınımı özellikle astım hastalarında sağlık sorunlarına neden olup, kirli hava gibi algılansa da, bu tozların hem doğa hem de iklim sistemi açısından önemli işlevleri var. </p>
